Resums mensuals i anuals

2019: Gen | Feb | Mar | Abr | Mai | Jun | Jul | Ago | Sep | Oct | Nov | Des 
2018: Gen | Feb | Mar | Abr | Mai | Jun | Jul | Ago | Sep | Oct | Nov | Des 
2017: Gen | Feb | Mar | Abr | Mai | Jun | Jul | Ago | Sep | Oct | Nov | Des 
2016: Gen | Feb | Mar | Abr | Mai | Jun | Jul | Ago | Sep | Oct | Nov | Des 
2015: Gen | Feb | Mar | Abr | Mai | Jun | Jul | Ago | Sep | Oct | Nov | Des 
2014: Gen | Feb | Mar | Abr | Mai | Jun | Jul | Ago | Sep | Oct | Nov | Des 
2013: Gen | Feb | Mar | Abr | Mai | Jun | Jul | Ago | Sep | Oct | Nov | Des 
2012: Gen | Feb | Mar | Abr | Mai | Jun | Jul | Ago | Sep | Oct | Nov | Des 
2011: Gen | Feb | Mar | Abr | Mai | Jun | Jul | Ago | Sep | Oct | Nov | Des 
2010: Gen | Feb | Mar | Abr | Mai | Jun | Jul | Ago | Sep | Oct | Nov | Des 

Resum pel 12 2016
MONTHLY CLIMATOLOGICAL SUMMARY for DEC. 2016 NAME: Vantage VUE CITY: Santpedor STATE: Bages ELEV: 325 m LAT: 41 47' 08" N LONG: 1 50' 24" E TEMPERATURE (C), RAIN (mm), WIND SPEED (km/hr) HEAT COOL AVG MEAN DEG DEG WIND DOM DAY TEMP HIGH TIME LOW TIME DAYS DAYS RAIN SPEED HIGH TIME DIR ------------------------------------------------------------------------------------ 1 3.9 10.7 15:05 -0.1 6:55 14.4 0.0 0.4 0.3 6.4 12:15 ESE 2 3.8 11.9 14:55 -1.5 6:05 14.5 0.0 0.2 0.8 9.7 17:25 ESE 3 4.4 12.2 15:10 -1.8 6:35 13.9 0.0 0.2 0.6 9.7 19:20 ESE 4 8.5 11.7 14:00 5.2 5:20 9.8 0.0 2.8 1.3 12.9 18:25 NNW 5 11.7 16.4 13:15 7.1 5:30 6.6 0.0 0.0 3.7 22.5 20:00 NNE 6 9.6 16.2 15:25 5.1 7:25 8.7 0.0 0.0 1.0 9.7 17:50 ESE 7 8.1 16.3 15:25 4.2 3:35 10.2 0.0 0.2 0.6 8.0 9:20 ESE 8 5.8 14.3 15:35 0.4 7:20 12.5 0.0 0.2 0.3 6.4 12:25 NW 9 6.6 15.0 13:50 0.7 5:50 11.8 0.0 0.0 1.0 17.7 14:25 ESE 10 7.0 15.1 14:05 1.4 6:40 11.3 0.0 0.0 0.6 9.7 16:55 ESE 11 5.4 13.0 14:50 1.1 7:25 12.9 0.0 0.2 1.0 11.3 16:15 ESE 12 5.4 13.4 14:45 0.6 6:55 12.9 0.0 0.2 0.3 4.8 11:20 ESE 13 5.7 14.1 15:15 -0.2 7:15 12.6 0.0 0.2 0.2 8.0 9:35 W 14 6.2 12.0 14:55 3.0 00:00 12.1 0.0 0.0 0.8 11.3 8:25 NW 15 4.6 7.7 14:30 0.7 8:10 13.8 0.0 0.2 0.3 6.4 7:05 ESE 16 8.0 11.6 15:40 4.4 6:25 10.3 0.0 2.2 2.1 17.7 17:25 NNW 17 9.9 13.4 13:40 3.3 23:45 8.4 0.0 0.0 5.5 32.2 10:50 NE 18 4.9 12.7 15:35 0.3 6:25 13.4 0.0 0.0 0.6 9.7 13:45 ESE 19 4.4 9.1 13:25 -0.7 5:20 13.9 0.0 5.8 1.6 16.1 21:30 NW 20 7.4 11.3 12:50 5.6 22:35 10.9 0.0 8.0 3.1 27.4 4:20 W 21 6.8 12.0 14:25 3.7 00:00 11.5 0.0 0.8 1.8 17.7 14:10 ESE 22 5.9 12.7 14:35 1.1 6:45 12.4 0.0 0.2 0.6 8.0 16:15 ESE 23 5.3 11.6 13:30 1.1 7:20 13.0 0.0 0.0 1.3 12.9 14:05 NW 24 5.3 10.7 15:20 3.2 22:35 13.0 0.0 0.0 1.0 8.0 5:15 ESE 25 4.1 9.4 14:50 0.1 7:15 14.3 0.0 0.2 1.0 9.7 15:50 NW 26 5.7 12.9 14:05 0.4 7:20 12.7 0.0 0.2 0.2 4.8 9:40 ESE 27 5.7 13.4 15:00 0.9 7:25 12.6 0.0 0.0 0.5 9.7 14:45 ESE 28 4.4 12.9 14:55 -0.4 7:00 13.9 0.0 0.2 0.5 6.4 10:55 WNW 29 2.8 9.7 15:20 -2.2 7:25 15.5 0.0 0.2 0.6 8.0 14:00 ESE 30 3.2 11.8 15:15 -2.0 7:00 15.1 0.0 0.0 0.5 6.4 11:10 ESE 31 3.6 11.3 15:30 -0.8 8:40 14.7 0.0 0.2 0.5 8.0 13:40 ESE ------------------------------------------------------------------------------------- 5.9 16.4 5 -2.2 29 383.3 0.0 22.8 1.1 32.2 17 ESE Max >= 32.0: 0 Max <= 0.0: 0 Min <= 0.0: 9 Min <= -18.0: 0 Max Rain: 8.00 ON 20/12/16 Days of Rain: 20 (> .2 mm) 4 (> 2 mm) 0 (> 20 mm) Heat Base: 18.3 Cool Base: 18.3 Method: Integration