Resums mensuals i anuals

2019: Gen | Feb | Mar | Abr | Mai | Jun | Jul | Ago | Sep | Oct | Nov | Des 
2018: Gen | Feb | Mar | Abr | Mai | Jun | Jul | Ago | Sep | Oct | Nov | Des 
2017: Gen | Feb | Mar | Abr | Mai | Jun | Jul | Ago | Sep | Oct | Nov | Des 
2016: Gen | Feb | Mar | Abr | Mai | Jun | Jul | Ago | Sep | Oct | Nov | Des 
2015: Gen | Feb | Mar | Abr | Mai | Jun | Jul | Ago | Sep | Oct | Nov | Des 
2014: Gen | Feb | Mar | Abr | Mai | Jun | Jul | Ago | Sep | Oct | Nov | Des 
2013: Gen | Feb | Mar | Abr | Mai | Jun | Jul | Ago | Sep | Oct | Nov | Des 
2012: Gen | Feb | Mar | Abr | Mai | Jun | Jul | Ago | Sep | Oct | Nov | Des 
2011: Gen | Feb | Mar | Abr | Mai | Jun | Jul | Ago | Sep | Oct | Nov | Des 
2010: Gen | Feb | Mar | Abr | Mai | Jun | Jul | Ago | Sep | Oct | Nov | Des 

Resum pel 11 2016
MONTHLY CLIMATOLOGICAL SUMMARY for NOV. 2016 NAME: Vantage VUE CITY: Santpedor STATE: Bages ELEV: 325 m LAT: 41 47' 08" N LONG: 1 50' 24" E TEMPERATURE (C), RAIN (mm), WIND SPEED (km/hr) HEAT COOL AVG MEAN DEG DEG WIND DOM DAY TEMP HIGH TIME LOW TIME DAYS DAYS RAIN SPEED HIGH TIME DIR ------------------------------------------------------------------------------------ 1 13.7 21.6 15:25 9.7 6:20 5.0 0.4 0.2 1.1 12.9 14:15 SE 2 12.9 20.2 14:40 8.6 23:50 5.6 0.2 0.0 1.8 12.9 7:20 WNW 3 12.1 21.0 14:20 5.8 7:10 6.4 0.3 0.2 0.8 11.3 16:05 SE 4 12.4 16.8 13:50 9.2 7:50 5.9 0.0 0.8 0.6 9.7 7:15 NE 5 14.4 20.1 15:45 10.7 00:00 4.0 0.1 2.2 2.3 25.7 17:00 W 6 10.4 14.2 15:15 6.8 00:00 7.9 0.0 0.0 3.2 27.4 4:20 WSW 7 7.2 12.1 15:10 2.8 23:25 11.2 0.0 0.0 1.9 17.7 15:55 WSW 8 6.3 13.6 14:40 0.6 4:55 11.9 0.0 0.0 3.9 33.8 13:00 W 9 9.9 17.1 14:45 3.1 2:00 8.4 0.0 0.0 5.0 32.2 13:40 W 10 8.7 15.6 15:05 3.2 5:25 9.6 0.0 0.0 1.8 20.9 13:20 NW 11 9.8 16.6 13:45 3.4 6:25 8.5 0.0 0.0 1.1 12.9 11:30 NW 12 10.1 15.1 14:25 6.2 23:40 8.2 0.0 0.0 1.3 12.9 13:45 ESE 13 10.0 16.2 14:15 5.3 3:40 8.3 0.0 0.0 0.6 8.0 16:10 ESE 14 9.9 17.1 14:00 5.2 3:50 8.4 0.0 0.0 1.8 16.1 7:15 SE 15 7.6 15.6 14:40 2.3 7:00 10.7 0.0 0.0 1.3 14.5 15:20 W 16 7.4 16.4 15:00 1.0 6:50 10.8 0.0 0.0 0.8 8.0 13:55 ESE 17 8.9 18.6 15:05 2.3 6:50 9.4 0.0 0.0 0.3 8.0 13:10 SE 18 9.8 16.7 13:40 3.2 6:25 8.4 0.0 0.0 0.5 8.0 11:00 ESE 19 10.3 15.3 14:40 5.2 6:35 8.0 0.0 0.0 1.3 12.9 17:10 ESE 20 12.2 17.2 14:20 7.6 5:05 6.1 0.0 0.0 1.1 12.9 17:25 ESE 21 13.8 15.2 13:25 11.3 2:55 4.5 0.0 7.6 1.9 22.5 10:35 SE 22 13.3 15.1 20:15 11.5 6:50 5.0 0.0 9.4 2.6 17.7 4:55 NNE 23 13.9 18.3 11:05 7.3 23:45 4.4 0.0 36.8 7.2 33.8 15:50 NE 24 7.5 12.8 13:25 3.5 00:00 10.8 0.0 0.0 1.4 12.9 0:50 W 25 5.7 10.3 14:40 2.8 23:50 12.6 0.0 0.0 1.8 14.5 11:50 ESE 26 7.1 13.0 14:10 2.7 0:15 11.2 0.0 48.0 2.9 35.4 20:35 NW 27 10.1 15.6 11:25 6.0 23:40 8.2 0.0 1.8 1.6 20.9 10:35 NW 28 7.7 14.1 14:00 2.7 8:00 10.6 0.0 0.2 0.5 6.4 15:45 ESE 29 8.7 13.5 12:45 4.3 6:45 9.6 0.0 0.8 0.8 11.3 13:55 NNW 30 8.1 13.3 14:35 3.4 23:55 10.2 0.0 0.0 0.6 9.7 12:30 SW ------------------------------------------------------------------------------------- 10.0 21.6 1 0.6 8 249.9 1.0 108.0 1.8 35.4 26 ESE Max >= 32.0: 0 Max <= 0.0: 0 Min <= 0.0: 0 Min <= -18.0: 0 Max Rain: 48.01 ON 26/11/16 Days of Rain: 11 (> .2 mm) 5 (> 2 mm) 2 (> 20 mm) Heat Base: 18.3 Cool Base: 18.3 Method: Integration