Resums mensuals i anuals

2019: Gen | Feb | Mar | Abr | Mai | Jun | Jul | Ago | Sep | Oct | Nov | Des 
2018: Gen | Feb | Mar | Abr | Mai | Jun | Jul | Ago | Sep | Oct | Nov | Des 
2017: Gen | Feb | Mar | Abr | Mai | Jun | Jul | Ago | Sep | Oct | Nov | Des 
2016: Gen | Feb | Mar | Abr | Mai | Jun | Jul | Ago | Sep | Oct | Nov | Des 
2015: Gen | Feb | Mar | Abr | Mai | Jun | Jul | Ago | Sep | Oct | Nov | Des 
2014: Gen | Feb | Mar | Abr | Mai | Jun | Jul | Ago | Sep | Oct | Nov | Des 
2013: Gen | Feb | Mar | Abr | Mai | Jun | Jul | Ago | Sep | Oct | Nov | Des 
2012: Gen | Feb | Mar | Abr | Mai | Jun | Jul | Ago | Sep | Oct | Nov | Des 
2011: Gen | Feb | Mar | Abr | Mai | Jun | Jul | Ago | Sep | Oct | Nov | Des 
2010: Gen | Feb | Mar | Abr | Mai | Jun | Jul | Ago | Sep | Oct | Nov | Des 

Resum pel 10 2016
MONTHLY CLIMATOLOGICAL SUMMARY for OCT. 2016 NAME: Vantage VUE CITY: Santpedor STATE: Bages ELEV: 325 m LAT: 41 47' 08" N LONG: 1 50' 24" E TEMPERATURE (C), RAIN (mm), WIND SPEED (km/hr) HEAT COOL AVG MEAN DEG DEG WIND DOM DAY TEMP HIGH TIME LOW TIME DAYS DAYS RAIN SPEED HIGH TIME DIR ------------------------------------------------------------------------------------ 1 19.2 26.5 14:55 13.4 5:40 1.4 2.3 0.0 3.2 27.4 16:50 ESE 2 19.3 23.3 15:25 15.3 6:30 0.7 1.6 7.2 2.4 20.9 13:50 ESE 3 20.4 24.8 14:05 17.9 4:30 0.1 2.1 0.0 2.9 22.5 14:15 SE 4 20.2 26.5 13:45 16.4 6:00 0.4 2.2 0.0 3.2 24.1 16:10 SE 5 19.6 25.2 12:50 14.8 23:50 0.6 1.9 0.0 2.9 25.7 15:15 SE 6 14.2 20.0 14:45 10.4 16:25 4.2 0.1 17.8 2.7 51.5 16:15 NW 7 16.1 24.2 14:20 9.7 6:20 3.3 1.1 0.0 1.9 22.5 16:00 SE 8 18.3 24.3 14:05 15.3 4:15 1.2 1.2 0.0 3.2 27.4 13:45 WSW 9 15.2 17.5 15:45 13.0 21:45 3.1 0.0 0.0 2.4 17.7 15:50 ESE 10 14.3 17.8 13:10 11.3 6:20 3.9 0.0 0.0 3.1 24.1 15:20 ESE 11 13.4 18.8 13:00 10.0 3:05 4.9 0.0 0.0 2.4 20.9 13:50 SSE 12 12.3 15.4 12:00 9.7 6:00 6.0 0.0 10.4 1.9 22.5 14:55 NNW 13 14.6 17.4 13:10 12.9 1:55 3.8 0.0 13.6 1.3 16.1 14:10 NE 14 14.8 19.8 12:00 11.1 00:00 3.6 0.1 1.6 1.4 17.7 1:50 WSW 15 14.1 22.2 14:25 9.1 6:50 4.9 0.7 0.2 1.4 19.3 13:55 WSW 16 14.9 22.2 13:30 7.8 6:20 4.1 0.7 0.0 1.6 17.7 14:25 SE 17 14.4 17.3 15:05 11.2 5:15 3.9 0.0 1.0 0.3 8.0 14:30 ESE 18 15.8 22.1 13:45 11.2 6:20 3.2 0.7 0.0 1.4 17.7 15:25 WSW 19 14.7 20.6 14:55 10.9 6:40 3.9 0.3 0.0 1.4 17.7 15:05 ESE 20 14.1 18.7 13:15 10.0 6:50 4.2 0.0 0.0 2.7 27.4 13:00 WSW 21 12.0 16.4 13:30 7.4 4:55 6.3 0.0 0.0 2.1 12.9 15:10 SE 22 13.1 17.1 14:40 10.1 5:05 5.2 0.0 2.6 1.3 12.9 5:00 NNW 23 16.7 22.5 14:45 12.3 0:05 2.4 0.7 0.0 1.8 14.5 15:00 ESE 24 18.0 24.9 13:55 13.6 6:40 1.7 1.5 0.4 1.1 12.9 15:15 ESE 25 16.8 20.5 15:30 14.9 4:20 1.7 0.3 1.2 1.9 24.1 1:05 NNW 26 16.4 22.1 15:00 12.9 7:10 2.4 0.5 0.2 0.5 8.0 15:45 NW 27 17.1 22.9 15:15 13.5 5:25 2.0 0.8 0.0 1.4 11.3 16:05 SE 28 16.7 23.7 15:30 11.1 00:00 2.5 0.9 0.0 1.3 9.7 3:05 NW 29 13.9 23.1 14:50 7.1 5:55 5.2 0.8 0.2 1.0 11.3 12:30 ESE 30 13.8 22.2 14:35 6.8 6:10 5.1 0.6 0.0 1.4 16.1 15:15 SE 31 14.4 19.8 14:55 10.4 00:00 4.1 0.1 0.0 1.3 14.5 16:15 SE ------------------------------------------------------------------------------------- 15.8 26.5 1 6.8 30 99.8 21.1 56.4 1.9 51.5 6 SE Max >= 32.0: 0 Max <= 0.0: 0 Min <= 0.0: 0 Min <= -18.0: 0 Max Rain: 17.81 ON 06/10/16 Days of Rain: 12 (> .2 mm) 5 (> 2 mm) 0 (> 20 mm) Heat Base: 18.3 Cool Base: 18.3 Method: Integration