Resums mensuals i anuals

2019: Gen | Feb | Mar | Abr | Mai | Jun | Jul | Ago | Sep | Oct | Nov | Des 
2018: Gen | Feb | Mar | Abr | Mai | Jun | Jul | Ago | Sep | Oct | Nov | Des 
2017: Gen | Feb | Mar | Abr | Mai | Jun | Jul | Ago | Sep | Oct | Nov | Des 
2016: Gen | Feb | Mar | Abr | Mai | Jun | Jul | Ago | Sep | Oct | Nov | Des 
2015: Gen | Feb | Mar | Abr | Mai | Jun | Jul | Ago | Sep | Oct | Nov | Des 
2014: Gen | Feb | Mar | Abr | Mai | Jun | Jul | Ago | Sep | Oct | Nov | Des 
2013: Gen | Feb | Mar | Abr | Mai | Jun | Jul | Ago | Sep | Oct | Nov | Des 
2012: Gen | Feb | Mar | Abr | Mai | Jun | Jul | Ago | Sep | Oct | Nov | Des 
2011: Gen | Feb | Mar | Abr | Mai | Jun | Jul | Ago | Sep | Oct | Nov | Des 
2010: Gen | Feb | Mar | Abr | Mai | Jun | Jul | Ago | Sep | Oct | Nov | Des 

Resum pel 09 2016
MONTHLY CLIMATOLOGICAL SUMMARY for SEP. 2016 NAME: Vantage VUE CITY: Santpedor STATE: Bages ELEV: 325 m LAT: 41 47' 08" N LONG: 1 50' 24" E TEMPERATURE (C), RAIN (mm), WIND SPEED (km/hr) HEAT COOL AVG MEAN DEG DEG WIND DOM DAY TEMP HIGH TIME LOW TIME DAYS DAYS RAIN SPEED HIGH TIME DIR ------------------------------------------------------------------------------------ 1 25.5 32.2 13:25 20.4 4:40 0.0 7.2 0.0 4.3 29.0 14:35 SE 2 25.1 33.4 13:35 17.1 5:25 0.1 6.9 0.0 3.7 24.1 13:20 SE 3 25.7 34.9 12:35 18.9 5:55 0.0 7.4 0.0 4.5 33.8 16:05 SE 4 27.0 38.2 14:25 17.3 5:25 0.0 8.7 0.0 2.9 25.7 15:45 SE 5 27.2 34.8 12:25 20.7 5:30 0.0 8.9 0.0 4.3 27.4 15:05 SE 6 25.5 34.1 13:10 18.4 5:35 0.0 7.2 0.0 4.7 30.6 13:45 SE 7 23.6 30.3 13:00 17.6 5:40 0.0 5.3 0.0 4.7 29.0 14:15 SE 8 23.3 30.2 13:45 16.9 5:35 0.1 5.1 0.0 3.9 24.1 14:40 SE 9 24.0 30.3 12:15 17.2 23:40 0.0 5.7 12.2 3.7 32.2 23:15 SE 10 21.6 29.3 13:45 16.6 6:20 0.4 3.7 1.0 3.4 32.2 18:00 SE 11 22.9 31.2 14:30 15.9 4:50 0.4 5.0 0.0 2.6 22.5 15:25 SE 12 23.1 30.2 13:35 16.7 5:50 0.1 4.9 0.0 3.7 25.7 14:25 SE 13 22.6 29.3 13:30 16.8 5:55 0.2 4.5 4.0 4.8 30.6 15:40 ESE 14 18.8 24.6 16:15 13.6 23:15 1.0 1.4 3.8 4.2 37.0 17:40 W 15 16.8 22.0 13:45 12.0 5:15 2.4 0.8 0.0 3.2 25.7 10:50 W 16 18.4 26.1 14:10 10.3 5:00 2.2 2.4 0.0 2.9 22.5 17:35 WSW 17 18.1 23.4 15:45 14.2 5:15 1.3 1.1 0.0 3.1 27.4 15:10 W 18 17.6 24.6 14:45 10.9 5:35 2.4 1.6 0.0 2.3 20.9 16:30 ESE 19 18.9 26.4 14:20 10.9 5:45 2.0 2.5 0.0 2.6 19.3 14:45 ESE 20 19.1 25.1 12:55 13.2 5:50 1.4 2.1 0.0 2.3 19.3 13:35 WSW 21 20.1 26.3 15:20 14.0 4:50 0.9 2.7 0.0 2.7 25.7 12:10 W 22 19.7 26.4 13:40 12.9 5:55 1.3 2.7 0.0 3.5 29.0 14:10 SE 23 19.2 26.2 12:30 14.8 00:00 1.2 2.1 24.2 3.2 32.2 17:55 SSE 24 18.4 25.5 14:00 13.3 6:25 1.8 1.9 0.0 3.1 20.9 15:50 SE 25 17.8 25.9 13:25 13.4 6:05 2.1 1.6 6.2 2.3 27.4 16:40 SE 26 17.6 24.7 14:50 11.4 5:00 2.3 1.5 0.2 1.8 22.5 15:30 ESE 27 19.1 25.3 13:55 14.8 4:40 1.1 1.9 1.2 2.4 19.3 14:15 SSW 28 19.1 26.9 13:50 13.7 5:30 1.5 2.3 0.2 2.3 24.1 15:40 SE 29 18.4 26.2 13:30 11.4 5:50 2.1 2.1 0.0 3.5 22.5 13:55 SE 30 18.4 25.8 13:50 12.9 4:25 1.8 2.0 0.0 2.7 27.4 15:30 SE ------------------------------------------------------------------------------------- 21.1 38.2 4 10.3 16 30.1 113.3 53.0 3.3 37.0 14 SE Max >= 32.0: 6 Max <= 0.0: 0 Min <= 0.0: 0 Min <= -18.0: 0 Max Rain: 24.21 ON 23/09/16 Days of Rain: 9 (> .2 mm) 5 (> 2 mm) 1 (> 20 mm) Heat Base: 18.3 Cool Base: 18.3 Method: Integration