Resums mensuals i anuals

2019: Gen | Feb | Mar | Abr | Mai | Jun | Jul | Ago | Sep | Oct | Nov | Des 
2018: Gen | Feb | Mar | Abr | Mai | Jun | Jul | Ago | Sep | Oct | Nov | Des 
2017: Gen | Feb | Mar | Abr | Mai | Jun | Jul | Ago | Sep | Oct | Nov | Des 
2016: Gen | Feb | Mar | Abr | Mai | Jun | Jul | Ago | Sep | Oct | Nov | Des 
2015: Gen | Feb | Mar | Abr | Mai | Jun | Jul | Ago | Sep | Oct | Nov | Des 
2014: Gen | Feb | Mar | Abr | Mai | Jun | Jul | Ago | Sep | Oct | Nov | Des 
2013: Gen | Feb | Mar | Abr | Mai | Jun | Jul | Ago | Sep | Oct | Nov | Des 
2012: Gen | Feb | Mar | Abr | Mai | Jun | Jul | Ago | Sep | Oct | Nov | Des 
2011: Gen | Feb | Mar | Abr | Mai | Jun | Jul | Ago | Sep | Oct | Nov | Des 
2010: Gen | Feb | Mar | Abr | Mai | Jun | Jul | Ago | Sep | Oct | Nov | Des 

Resum pel 07 2016
MONTHLY CLIMATOLOGICAL SUMMARY for JUL. 2016 NAME: Vantage VUE CITY: Santpedor STATE: Bages ELEV: 325 m LAT: 41 47' 08" N LONG: 1 50' 24" E TEMPERATURE (C), RAIN (mm), WIND SPEED (km/hr) HEAT COOL AVG MEAN DEG DEG WIND DOM DAY TEMP HIGH TIME LOW TIME DAYS DAYS RAIN SPEED HIGH TIME DIR ------------------------------------------------------------------------------------ 1 24.8 31.8 13:35 17.4 5:00 0.1 6.6 0.0 5.3 32.2 13:40 SE 2 24.2 31.7 12:25 17.4 4:30 0.0 5.9 0.0 6.3 33.8 14:40 SE 3 24.7 31.9 13:20 19.8 5:20 0.0 6.4 0.0 5.5 30.6 13:20 SE 4 25.3 32.7 12:20 17.6 4:20 0.0 7.0 0.0 4.5 38.6 13:40 SE 5 26.1 31.2 11:20 20.0 4:30 0.0 7.8 0.0 3.9 20.9 13:25 SE 6 26.0 33.9 11:45 18.4 4:50 0.0 7.7 0.0 5.8 33.8 12:55 ESE 7 26.3 34.3 11:45 18.6 4:25 0.0 8.1 0.0 5.3 33.8 12:30 SE 8 25.9 34.6 12:15 21.1 23:55 0.0 7.7 0.0 4.5 35.4 15:30 NNW 9 26.4 36.0 13:20 17.9 4:40 0.0 8.1 0.0 5.0 35.4 14:15 SE 10 28.2 36.7 13:45 19.6 4:50 0.0 9.8 0.0 5.0 33.8 15:10 SE 11 27.3 33.4 10:50 19.6 4:50 0.0 9.0 0.0 4.8 32.2 11:55 SE 12 24.6 29.9 13:20 19.7 4:20 0.0 6.3 0.0 5.8 29.0 13:45 SSE 13 21.9 28.4 15:25 17.8 6:45 0.0 3.6 0.0 7.6 37.0 17:25 WSW 14 20.6 27.4 15:35 15.4 4:55 0.6 2.9 0.0 5.1 33.8 16:20 WNW 15 21.2 29.9 15:50 12.9 4:40 1.0 4.0 0.0 4.3 29.0 16:35 SE 16 22.2 30.9 13:10 14.1 4:50 0.7 4.6 0.0 4.8 33.8 14:40 ESE 17 24.2 32.1 13:20 15.6 4:50 0.3 6.2 0.0 4.7 30.6 15:15 SE 18 23.8 32.4 12:10 14.8 4:45 0.4 5.9 0.0 4.8 27.4 13:50 SE 19 24.5 34.1 14:35 14.2 4:55 0.5 6.7 0.0 5.1 29.0 15:10 SE 20 26.4 37.2 13:40 15.9 5:00 0.3 8.4 0.0 3.5 53.1 14:30 W 21 26.9 32.1 13:15 22.1 5:45 0.0 8.6 0.0 5.5 32.2 13:10 SE 22 21.8 30.9 9:35 17.0 17:20 0.3 3.8 11.8 3.7 43.5 13:45 ESE 23 22.6 30.4 15:35 15.8 4:55 0.5 4.8 0.2 2.7 20.9 16:15 SE 24 24.0 32.1 15:25 15.4 4:20 0.4 6.1 0.0 3.9 29.0 17:20 SE 25 26.0 33.7 15:00 18.9 5:40 0.0 7.7 0.0 3.7 25.7 16:10 ESE 26 26.6 34.2 13:40 18.4 4:50 0.0 8.2 0.0 4.2 27.4 15:35 ESE 27 24.8 32.3 13:20 18.8 5:05 0.0 6.5 0.0 5.1 38.6 15:35 ESE 28 25.1 31.9 14:00 18.7 5:10 0.0 6.8 0.0 4.5 27.4 17:55 SE 29 25.9 33.6 14:10 18.3 4:55 0.0 7.6 0.0 5.1 29.0 14:10 SE 30 26.8 34.5 13:35 18.8 5:10 0.0 8.5 0.0 5.0 35.4 15:40 SE 31 26.1 33.9 17:00 19.2 4:30 0.0 7.8 0.0 5.8 37.0 14:10 WSW ------------------------------------------------------------------------------------- 24.9 37.2 20 12.9 15 5.0 209.0 12.0 4.9 53.1 20 SE Max >= 32.0: 19 Max <= 0.0: 0 Min <= 0.0: 0 Min <= -18.0: 0 Max Rain: 11.81 ON 22/07/16 Days of Rain: 2 (> .2 mm) 1 (> 2 mm) 0 (> 20 mm) Heat Base: 18.3 Cool Base: 18.3 Method: Integration