Resums mensuals i anuals

2019: Gen | Feb | Mar | Abr | Mai | Jun | Jul | Ago | Sep | Oct | Nov | Des 
2018: Gen | Feb | Mar | Abr | Mai | Jun | Jul | Ago | Sep | Oct | Nov | Des 
2017: Gen | Feb | Mar | Abr | Mai | Jun | Jul | Ago | Sep | Oct | Nov | Des 
2016: Gen | Feb | Mar | Abr | Mai | Jun | Jul | Ago | Sep | Oct | Nov | Des 
2015: Gen | Feb | Mar | Abr | Mai | Jun | Jul | Ago | Sep | Oct | Nov | Des 
2014: Gen | Feb | Mar | Abr | Mai | Jun | Jul | Ago | Sep | Oct | Nov | Des 
2013: Gen | Feb | Mar | Abr | Mai | Jun | Jul | Ago | Sep | Oct | Nov | Des 
2012: Gen | Feb | Mar | Abr | Mai | Jun | Jul | Ago | Sep | Oct | Nov | Des 
2011: Gen | Feb | Mar | Abr | Mai | Jun | Jul | Ago | Sep | Oct | Nov | Des 
2010: Gen | Feb | Mar | Abr | Mai | Jun | Jul | Ago | Sep | Oct | Nov | Des 

Resum pel 05 2016
MONTHLY CLIMATOLOGICAL SUMMARY for MAY. 2016 NAME: Vantage VUE CITY: Santpedor STATE: Bages ELEV: 325 m LAT: 41 47' 08" N LONG: 1 50' 24" E TEMPERATURE (C), RAIN (mm), WIND SPEED (km/hr) HEAT COOL AVG MEAN DEG DEG WIND DOM DAY TEMP HIGH TIME LOW TIME DAYS DAYS RAIN SPEED HIGH TIME DIR ------------------------------------------------------------------------------------ 1 11.5 18.7 14:35 2.9 5:05 6.8 0.0 0.0 5.0 38.6 16:05 W 2 13.1 21.2 16:25 3.8 4:25 5.8 0.5 0.0 4.2 33.8 13:25 W 3 15.0 24.1 13:50 5.4 4:50 4.4 1.1 0.0 3.9 27.4 14:30 SE 4 15.8 25.2 14:50 7.5 4:45 4.0 1.4 0.0 3.5 24.1 15:05 SE 5 15.6 24.4 13:20 7.6 4:25 4.0 1.3 0.0 4.2 29.0 14:40 SSE 6 14.8 19.7 13:50 11.5 3:15 3.6 0.1 0.4 3.2 24.1 14:00 ESE 7 14.9 18.8 14:55 12.1 4:55 3.4 0.0 0.0 2.9 17.7 13:20 NNW 8 14.0 16.7 15:30 11.6 0:25 4.3 0.0 0.8 2.3 19.3 12:45 ESE 9 14.5 16.7 15:45 10.7 00:00 3.8 0.0 15.8 2.4 27.4 20:40 ESE 10 12.2 16.6 13:10 8.8 2:15 6.1 0.0 6.2 1.8 19.3 20:10 NW 11 13.9 20.4 16:25 9.6 4:20 4.7 0.3 0.2 3.4 29.0 16:30 WSW 12 14.8 21.4 14:40 6.6 4:55 4.2 0.7 0.0 4.2 30.6 10:50 WSW 13 14.1 21.3 12:55 7.6 4:35 4.6 0.5 0.8 3.5 29.0 12:20 WSW 14 14.5 23.7 12:50 8.6 4:55 4.5 0.6 6.6 2.4 37.0 14:20 ESE 15 16.7 24.6 14:15 8.6 4:55 3.0 1.4 0.2 3.2 25.7 15:55 NW 16 16.7 24.0 15:00 10.7 4:30 2.8 1.1 0.0 3.7 27.4 16:25 SE 17 15.4 21.8 12:30 9.8 4:45 3.4 0.5 0.0 3.9 27.4 14:25 ESE 18 16.2 24.0 12:35 9.6 4:40 3.3 1.2 9.0 4.5 29.0 13:10 SE 19 17.4 24.1 14:05 13.2 4:50 2.1 1.2 0.0 4.3 29.0 16:05 SSE 20 17.9 24.9 13:00 11.2 4:50 2.1 1.7 0.0 4.2 29.0 16:15 SE 21 18.3 26.4 12:30 10.7 4:30 2.3 2.3 0.0 4.5 27.4 11:50 SE 22 16.3 23.6 13:10 10.8 4:50 2.8 0.8 6.8 3.4 27.4 14:50 ESE 23 15.5 22.5 14:45 6.7 4:45 3.9 1.1 0.0 4.3 27.4 14:40 WSW 24 16.0 23.3 14:05 8.8 4:20 3.4 1.1 0.0 4.5 24.1 16:05 SE 25 18.8 25.7 12:05 10.5 4:30 1.9 2.4 0.0 4.0 24.1 14:05 ESE 26 20.1 27.2 13:50 14.4 5:25 1.1 2.8 0.0 3.9 25.7 12:40 SSE 27 19.9 28.6 13:50 12.8 3:40 1.4 3.1 0.0 3.4 32.2 13:55 SE 28 19.4 28.4 12:55 12.9 4:35 1.8 2.9 2.2 4.7 43.5 20:40 SE 29 18.6 24.3 14:30 12.3 4:20 1.7 2.1 0.0 6.6 40.2 15:55 WSW 30 17.7 24.1 14:40 10.1 4:40 2.4 1.8 0.0 4.3 32.2 16:30 WSW 31 16.7 24.2 13:25 11.4 4:40 2.3 0.8 5.8 3.2 33.8 14:30 WSW ------------------------------------------------------------------------------------- 16.0 28.6 27 2.9 1 105.7 34.7 54.8 3.8 43.5 28 ESE Max >= 32.0: 0 Max <= 0.0: 0 Min <= 0.0: 0 Min <= -18.0: 0 Max Rain: 15.80 ON 09/05/16 Days of Rain: 12 (> .2 mm) 7 (> 2 mm) 0 (> 20 mm) Heat Base: 18.3 Cool Base: 18.3 Method: Integration