Resums mensuals i anuals

2019: Gen | Feb | Mar | Abr | Mai | Jun | Jul | Ago | Sep | Oct | Nov | Des 
2018: Gen | Feb | Mar | Abr | Mai | Jun | Jul | Ago | Sep | Oct | Nov | Des 
2017: Gen | Feb | Mar | Abr | Mai | Jun | Jul | Ago | Sep | Oct | Nov | Des 
2016: Gen | Feb | Mar | Abr | Mai | Jun | Jul | Ago | Sep | Oct | Nov | Des 
2015: Gen | Feb | Mar | Abr | Mai | Jun | Jul | Ago | Sep | Oct | Nov | Des 
2014: Gen | Feb | Mar | Abr | Mai | Jun | Jul | Ago | Sep | Oct | Nov | Des 
2013: Gen | Feb | Mar | Abr | Mai | Jun | Jul | Ago | Sep | Oct | Nov | Des 
2012: Gen | Feb | Mar | Abr | Mai | Jun | Jul | Ago | Sep | Oct | Nov | Des 
2011: Gen | Feb | Mar | Abr | Mai | Jun | Jul | Ago | Sep | Oct | Nov | Des 
2010: Gen | Feb | Mar | Abr | Mai | Jun | Jul | Ago | Sep | Oct | Nov | Des 

Resum pel 04 2016
MONTHLY CLIMATOLOGICAL SUMMARY for APR. 2016 NAME: Vantage VUE CITY: Santpedor STATE: Bages ELEV: 325 m LAT: 41 47' 08" N LONG: 1 50' 24" E TEMPERATURE (C), RAIN (mm), WIND SPEED (km/hr) HEAT COOL AVG MEAN DEG DEG WIND DOM DAY TEMP HIGH TIME LOW TIME DAYS DAYS RAIN SPEED HIGH TIME DIR ------------------------------------------------------------------------------------ 1 8.7 14.2 14:40 5.9 4:20 9.6 0.0 13.6 2.4 19.3 15:30 NW 2 10.8 17.3 16:35 7.3 00:00 7.5 0.0 0.0 1.3 11.3 15:00 WSW 3 10.9 17.8 13:15 4.2 6:00 7.4 0.0 0.0 3.4 25.7 14:15 ESE 4 10.8 15.1 16:25 7.8 7:00 7.5 0.0 6.0 1.6 14.5 17:45 ESE 5 11.3 12.4 11:45 10.1 1:30 7.0 0.0 16.0 4.2 22.5 15:05 NNE 6 12.9 18.7 16:10 6.8 6:00 5.4 0.0 0.2 2.4 19.3 12:10 W 7 12.8 19.1 15:20 7.5 5:35 5.6 0.0 0.0 5.0 24.1 16:35 WSW 8 10.1 16.1 12:45 5.0 23:40 8.2 0.0 0.0 4.5 25.7 14:45 ESE 9 11.4 19.1 14:55 3.5 5:25 6.9 0.1 0.0 4.7 30.6 14:30 WSW 10 12.4 19.9 12:30 5.3 5:35 6.0 0.1 0.0 5.3 30.6 16:40 SE 11 14.6 20.9 16:05 9.4 2:25 4.1 0.4 0.4 3.5 29.0 11:35 WSW 12 14.6 21.4 14:00 6.9 5:10 4.3 0.6 0.0 3.4 25.7 13:35 ESE 13 14.3 19.8 13:35 7.2 5:00 4.2 0.2 0.0 6.0 38.6 13:10 W 14 14.5 22.6 15:15 5.4 5:50 4.8 1.0 0.0 3.7 29.0 11:30 WSW 15 15.3 24.2 13:10 7.1 4:25 4.3 1.3 0.0 4.5 30.6 13:50 SE 16 16.5 24.7 14:05 7.5 5:25 3.4 1.6 0.0 5.1 30.6 11:30 WSW 17 16.8 21.4 15:45 11.9 5:25 2.3 0.9 0.0 4.8 38.6 14:30 WSW 18 13.8 22.0 12:25 6.9 5:15 4.9 0.4 0.0 4.8 35.4 14:15 SE 19 13.3 22.9 13:20 5.8 4:50 5.6 0.6 0.0 3.2 32.2 15:00 SSE 20 15.8 22.2 13:40 9.4 5:25 3.2 0.8 0.0 6.8 38.6 11:15 ESE 21 13.6 19.7 15:50 10.4 5:40 4.8 0.1 28.2 2.1 19.3 1:40 WSW 22 13.8 18.9 13:30 10.2 1:30 4.5 0.0 0.0 2.4 27.4 15:15 WSW 23 13.1 21.6 14:45 8.1 00:00 5.5 0.3 0.0 3.2 37.0 15:55 NW 24 13.5 21.5 15:10 5.3 4:35 5.3 0.6 0.0 4.5 32.2 16:20 W 25 12.1 19.2 16:45 5.7 5:05 6.2 0.1 0.0 4.2 27.4 14:30 W 26 12.9 21.5 15:05 4.7 5:00 5.8 0.4 0.0 4.3 30.6 14:30 ESE 27 12.3 16.4 11:20 9.3 4:50 6.0 0.0 1.8 4.3 27.4 12:30 SE 28 10.1 11.3 14:55 8.9 5:55 8.2 0.0 8.4 1.8 11.3 5:50 WSW 29 12.8 18.7 13:30 8.1 5:25 5.5 0.0 0.0 3.2 29.0 16:25 SE 30 11.9 19.0 15:00 6.7 00:00 6.4 0.0 0.6 4.2 30.6 14:15 ESE ------------------------------------------------------------------------------------- 12.9 24.7 16 3.5 9 170.6 9.3 75.2 3.8 38.6 13 WSW Max >= 32.0: 0 Max <= 0.0: 0 Min <= 0.0: 0 Min <= -18.0: 0 Max Rain: 28.19 ON 21/04/16 Days of Rain: 9 (> .2 mm) 5 (> 2 mm) 1 (> 20 mm) Heat Base: 18.3 Cool Base: 18.3 Method: Integration