Resums mensuals i anuals

2019: Gen | Feb | Mar | Abr | Mai | Jun | Jul | Ago | Sep | Oct | Nov | Des 
2018: Gen | Feb | Mar | Abr | Mai | Jun | Jul | Ago | Sep | Oct | Nov | Des 
2017: Gen | Feb | Mar | Abr | Mai | Jun | Jul | Ago | Sep | Oct | Nov | Des 
2016: Gen | Feb | Mar | Abr | Mai | Jun | Jul | Ago | Sep | Oct | Nov | Des 
2015: Gen | Feb | Mar | Abr | Mai | Jun | Jul | Ago | Sep | Oct | Nov | Des 
2014: Gen | Feb | Mar | Abr | Mai | Jun | Jul | Ago | Sep | Oct | Nov | Des 
2013: Gen | Feb | Mar | Abr | Mai | Jun | Jul | Ago | Sep | Oct | Nov | Des 
2012: Gen | Feb | Mar | Abr | Mai | Jun | Jul | Ago | Sep | Oct | Nov | Des 
2011: Gen | Feb | Mar | Abr | Mai | Jun | Jul | Ago | Sep | Oct | Nov | Des 
2010: Gen | Feb | Mar | Abr | Mai | Jun | Jul | Ago | Sep | Oct | Nov | Des 

Resum pel 03 2016
MONTHLY CLIMATOLOGICAL SUMMARY for MAR. 2016 NAME: Vantage VUE CITY: Santpedor STATE: Bages ELEV: 325 m LAT: 41 47' 08" N LONG: 1 50' 24" E TEMPERATURE (C), RAIN (mm), WIND SPEED (km/hr) HEAT COOL AVG MEAN DEG DEG WIND DOM DAY TEMP HIGH TIME LOW TIME DAYS DAYS RAIN SPEED HIGH TIME DIR ------------------------------------------------------------------------------------ 1 7.8 15.2 13:25 0.4 6:35 10.5 0.0 0.0 2.7 25.7 14:05 ESE 2 11.2 18.6 14:45 4.5 6:30 7.1 0.0 0.0 5.6 45.1 15:35 W 3 10.2 16.0 14:15 5.6 5:35 8.1 0.0 0.0 7.4 40.2 14:00 WSW 4 9.4 16.5 15:05 2.3 5:20 8.8 0.0 0.8 3.4 29.0 22:55 WSW 5 8.9 13.2 16:00 4.3 6:45 9.4 0.0 0.0 6.4 43.5 16:05 W 6 7.2 13.3 12:55 1.7 5:35 11.1 0.0 0.0 3.9 33.8 13:30 W 7 7.6 13.9 14:00 2.5 4:15 10.7 0.0 0.0 2.7 20.9 12:30 WSW 8 7.9 14.5 16:00 1.8 6:10 10.4 0.0 0.0 3.4 29.0 15:10 ESE 9 3.4 7.9 17:20 -1.2 5:25 14.9 0.0 0.6 1.6 22.5 14:20 NW 10 6.3 14.7 15:55 -1.8 6:15 12.0 0.0 0.2 2.1 19.3 16:05 ESE 11 7.6 15.7 15:20 -0.4 6:10 10.8 0.0 0.0 2.4 19.3 13:15 WSW 12 7.6 14.9 14:55 0.8 6:20 10.7 0.0 0.0 2.1 20.9 16:45 WSW 13 7.1 14.8 15:40 -0.4 5:50 11.2 0.0 0.0 2.6 27.4 16:05 ESE 14 7.6 12.7 13:55 2.6 6:10 10.8 0.0 0.4 2.3 25.7 14:50 ESE 15 7.8 14.7 14:10 3.3 6:10 10.5 0.0 0.2 1.6 19.3 14:05 WSW 16 7.4 13.3 13:35 3.6 23:55 10.9 0.0 10.4 3.7 22.5 15:35 WSW 17 7.2 11.7 12:55 3.5 0:40 11.1 0.0 0.4 3.1 20.9 0:40 NW 18 7.9 14.1 15:10 1.6 5:50 10.4 0.0 0.0 2.3 19.3 14:55 ESE 19 9.2 10.6 15:00 7.8 6:20 9.1 0.0 1.8 1.1 12.9 12:35 NW 20 10.8 17.4 14:20 7.6 4:50 7.5 0.0 12.6 2.7 20.9 16:45 NW 21 10.6 16.9 14:40 6.6 5:45 7.7 0.0 1.0 2.7 24.1 15:15 ESE 22 10.6 16.9 14:20 3.9 7:10 7.7 0.0 0.2 2.6 20.9 15:05 WSW 23 10.8 18.3 17:00 4.7 6:15 7.5 0.0 0.0 3.4 30.6 15:10 W 24 10.7 19.5 15:05 2.1 5:20 7.7 0.1 0.0 2.7 22.5 14:10 ESE 25 10.8 18.8 13:25 4.4 5:35 7.5 0.0 0.0 2.1 20.9 15:10 ESE 26 13.3 20.9 15:20 7.8 0:45 5.3 0.2 0.0 2.3 19.3 15:45 SE 27 12.4 18.2 14:10 7.5 5:55 5.9 0.0 0.0 4.8 35.4 14:00 WSW 28 11.4 17.3 12:05 5.6 5:40 6.9 0.0 0.0 2.9 29.0 12:15 W 29 13.6 21.4 13:45 6.1 4:20 5.4 0.6 0.0 3.7 33.8 15:00 WSW 30 14.4 23.1 13:20 6.9 5:40 4.8 0.9 0.0 4.0 29.0 15:05 SE 31 13.2 21.4 11:40 8.3 6:20 5.3 0.2 0.0 5.0 40.2 12:30 W ------------------------------------------------------------------------------------- 9.4 23.1 30 -1.8 10 277.4 2.1 28.6 3.2 45.1 2 WSW Max >= 32.0: 0 Max <= 0.0: 0 Min <= 0.0: 4 Min <= -18.0: 0 Max Rain: 12.60 ON 20/03/16 Days of Rain: 11 (> .2 mm) 2 (> 2 mm) 0 (> 20 mm) Heat Base: 18.3 Cool Base: 18.3 Method: Integration