Resums mensuals i anuals

2019: Gen | Feb | Mar | Abr | Mai | Jun | Jul | Ago | Sep | Oct | Nov | Des 
2018: Gen | Feb | Mar | Abr | Mai | Jun | Jul | Ago | Sep | Oct | Nov | Des 
2017: Gen | Feb | Mar | Abr | Mai | Jun | Jul | Ago | Sep | Oct | Nov | Des 
2016: Gen | Feb | Mar | Abr | Mai | Jun | Jul | Ago | Sep | Oct | Nov | Des 
2015: Gen | Feb | Mar | Abr | Mai | Jun | Jul | Ago | Sep | Oct | Nov | Des 
2014: Gen | Feb | Mar | Abr | Mai | Jun | Jul | Ago | Sep | Oct | Nov | Des 
2013: Gen | Feb | Mar | Abr | Mai | Jun | Jul | Ago | Sep | Oct | Nov | Des 
2012: Gen | Feb | Mar | Abr | Mai | Jun | Jul | Ago | Sep | Oct | Nov | Des 
2011: Gen | Feb | Mar | Abr | Mai | Jun | Jul | Ago | Sep | Oct | Nov | Des 
2010: Gen | Feb | Mar | Abr | Mai | Jun | Jul | Ago | Sep | Oct | Nov | Des 

Resum pel 02 2016
MONTHLY CLIMATOLOGICAL SUMMARY for FEB. 2016 NAME: Vantage VUE CITY: Santpedor STATE: Bages ELEV: 325 m LAT: 41 47' 08" N LONG: 1 50' 24" E TEMPERATURE (C), RAIN (mm), WIND SPEED (km/hr) HEAT COOL AVG MEAN DEG DEG WIND DOM DAY TEMP HIGH TIME LOW TIME DAYS DAYS RAIN SPEED HIGH TIME DIR ------------------------------------------------------------------------------------ 1 10.1 17.2 15:30 5.2 00:00 8.3 0.0 0.0 2.6 19.3 7:45 NNW 2 7.8 16.1 15:00 1.1 6:30 10.5 0.0 0.2 1.3 12.9 14:15 ESE 3 9.5 15.2 15:55 3.7 00:00 8.8 0.0 0.0 1.6 16.1 13:00 NW 4 5.6 12.8 15:05 -0.5 5:35 12.7 0.0 0.0 1.9 16.1 13:30 W 5 7.1 18.7 15:25 -1.7 6:55 11.2 0.0 0.0 1.0 12.9 15:55 ESE 6 5.0 8.4 16:25 1.6 5:30 13.3 0.0 0.2 0.5 8.0 10:05 ESE 7 9.6 15.7 13:55 4.7 23:30 8.7 0.0 2.0 4.5 37.0 14:15 W 8 8.7 15.7 15:20 0.8 7:05 9.6 0.0 0.0 3.1 29.0 16:25 W 9 12.4 15.9 19:00 6.7 1:25 5.8 0.0 0.4 9.2 62.8 21:25 W 10 10.8 14.2 11:20 7.2 6:50 7.5 0.0 0.0 4.2 49.9 0:50 WSW 11 9.6 12.8 15:10 7.1 23:25 8.8 0.0 0.4 2.3 22.5 15:00 SSE 12 11.1 14.7 13:35 7.4 0:05 7.2 0.0 0.4 3.2 45.1 12:50 W 13 13.8 20.0 14:10 10.1 6:30 4.6 0.1 5.8 4.3 38.6 14:00 WSW 14 10.7 14.8 13:10 7.7 23:50 7.6 0.0 3.0 4.3 30.6 13:20 WSW 15 7.8 15.1 13:50 1.0 23:55 10.5 0.0 0.0 3.2 32.2 15:15 WSW 16 5.1 12.8 15:05 -1.8 5:40 13.2 0.0 0.0 2.1 19.3 14:25 WSW 17 3.3 9.2 13:10 -1.7 6:45 15.0 0.0 0.0 2.6 22.5 13:25 WSW 18 3.6 9.9 15:20 -1.4 2:55 14.7 0.0 0.0 1.0 11.3 14:00 ESE 19 4.5 12.6 15:20 -2.2 6:00 13.8 0.0 0.0 1.8 22.5 15:25 W 20 6.1 15.7 15:35 -1.9 6:45 12.2 0.0 0.0 1.8 17.7 13:40 ESE 21 9.3 19.8 14:55 -0.6 5:45 9.1 0.1 0.0 1.4 11.3 12:50 SE 22 11.7 18.3 13:30 7.7 00:00 6.6 0.0 0.4 2.9 27.4 15:00 WSW 23 10.3 16.9 15:50 4.4 6:40 7.9 0.0 0.0 2.3 20.9 15:15 W 24 9.5 17.2 15:00 3.6 4:40 8.8 0.0 0.0 2.3 25.7 15:30 WSW 25 9.9 16.7 15:35 3.3 5:40 8.3 0.0 0.0 3.4 29.0 16:25 WSW 26 8.5 13.4 14:35 2.8 6:40 9.8 0.0 0.0 2.3 22.5 16:45 ESE 27 6.7 8.2 0:45 5.2 8:15 11.6 0.0 26.0 3.9 27.4 5:20 NE 28 7.2 13.3 13:10 4.0 23:55 11.1 0.0 4.4 2.7 29.0 12:00 NW 29 8.6 16.8 16:30 1.8 6:10 9.7 0.0 0.2 4.7 32.2 14:15 W ------------------------------------------------------------------------------------- 8.4 20.0 13 -2.2 19 287.0 0.2 43.4 2.8 62.8 9 W Max >= 32.0: 0 Max <= 0.0: 0 Min <= 0.0: 8 Min <= -18.0: 0 Max Rain: 26.01 ON 27/02/16 Days of Rain: 12 (> .2 mm) 5 (> 2 mm) 1 (> 20 mm) Heat Base: 18.3 Cool Base: 18.3 Method: Integration