Resums mensuals i anuals

2019: Gen | Feb | Mar | Abr | Mai | Jun | Jul | Ago | Sep | Oct | Nov | Des 
2018: Gen | Feb | Mar | Abr | Mai | Jun | Jul | Ago | Sep | Oct | Nov | Des 
2017: Gen | Feb | Mar | Abr | Mai | Jun | Jul | Ago | Sep | Oct | Nov | Des 
2016: Gen | Feb | Mar | Abr | Mai | Jun | Jul | Ago | Sep | Oct | Nov | Des 
2015: Gen | Feb | Mar | Abr | Mai | Jun | Jul | Ago | Sep | Oct | Nov | Des 
2014: Gen | Feb | Mar | Abr | Mai | Jun | Jul | Ago | Sep | Oct | Nov | Des 
2013: Gen | Feb | Mar | Abr | Mai | Jun | Jul | Ago | Sep | Oct | Nov | Des 
2012: Gen | Feb | Mar | Abr | Mai | Jun | Jul | Ago | Sep | Oct | Nov | Des 
2011: Gen | Feb | Mar | Abr | Mai | Jun | Jul | Ago | Sep | Oct | Nov | Des 
2010: Gen | Feb | Mar | Abr | Mai | Jun | Jul | Ago | Sep | Oct | Nov | Des 

Resum pel 11 2015
MONTHLY CLIMATOLOGICAL SUMMARY for NOV. 2015 NAME: Vantage VUE CITY: Santpedor STATE: Bages ELEV: 325 m LAT: 41 47' 08" N LONG: 1 50' 24" E TEMPERATURE (C), RAIN (mm), WIND SPEED (km/hr) HEAT COOL AVG MEAN DEG DEG WIND DOM DAY TEMP HIGH TIME LOW TIME DAYS DAYS RAIN SPEED HIGH TIME DIR ------------------------------------------------------------------------------------ 1 14.0 19.7 12:05 8.2 1:00 4.5 0.2 0.0 5.1 32.2 12:10 NNE 2 15.3 17.2 19:00 13.5 1:30 3.0 0.0 25.6 8.9 41.8 18:20 NE 3 14.7 18.9 13:30 12.5 00:00 3.6 0.0 0.4 1.4 16.1 12:50 SE 4 13.9 20.7 13:30 8.7 7:00 4.7 0.3 0.0 1.6 17.7 13:40 NNW 5 14.6 20.9 14:20 9.6 6:25 4.1 0.4 0.0 1.1 19.3 14:55 W 6 15.0 23.4 15:50 9.1 6:40 4.1 0.8 0.0 1.0 9.7 13:55 ESE 7 15.6 23.5 14:15 9.7 5:50 3.7 0.9 0.0 1.0 14.5 13:50 SE 8 14.0 20.3 13:35 10.1 6:55 4.5 0.2 0.2 1.4 17.7 14:10 SE 9 13.4 19.5 14:55 9.9 23:50 4.9 0.0 0.2 0.8 14.5 15:55 WSW 10 12.3 20.4 15:15 7.7 5:55 6.2 0.2 0.2 0.6 9.7 10:30 W 11 12.3 22.7 15:10 6.2 6:35 6.4 0.5 0.2 0.3 6.4 9:50 SE 12 12.4 20.3 14:50 6.0 6:25 6.1 0.2 0.2 1.1 11.3 14:40 SE 13 11.7 13.2 14:35 10.5 7:20 6.6 0.0 0.0 2.3 14.5 7:05 NW 14 10.3 14.7 14:20 5.9 00:00 8.0 0.0 0.0 2.4 16.1 14:30 NW 15 9.7 20.4 15:30 3.9 6:55 8.7 0.1 0.2 0.6 8.0 15:45 ESE 16 8.7 17.3 14:55 3.3 6:30 9.6 0.0 0.2 0.8 9.7 16:35 ESE 17 8.1 16.9 15:00 3.2 6:30 10.2 0.0 0.2 1.4 11.3 15:50 NW 18 8.8 18.4 13:50 2.7 7:00 9.4 0.0 0.0 0.8 11.3 15:40 ESE 19 10.3 19.8 15:10 3.6 6:20 8.1 0.1 0.0 0.6 11.3 17:30 ESE 20 9.9 15.4 12:25 5.7 2:20 8.3 0.0 0.0 1.6 17.7 13:45 ESE 21 11.3 16.5 11:25 4.7 23:20 7.0 0.0 0.0 6.3 59.5 15:45 W 22 5.0 10.4 14:20 0.2 23:45 13.3 0.0 0.0 2.1 20.9 13:10 NW 23 2.9 10.6 13:00 -2.8 7:05 15.4 0.0 0.0 1.9 20.9 14:10 W 24 2.4 9.3 13:00 -4.7 6:50 15.9 0.0 0.0 1.6 14.5 13:35 NW 25 7.2 14.2 15:15 1.8 0:35 11.1 0.0 0.0 2.1 17.7 10:20 NE 26 8.3 17.7 13:30 1.8 6:40 10.0 0.0 0.0 2.3 20.9 15:55 ESE 27 6.3 13.8 15:05 2.3 6:25 12.0 0.0 0.0 1.8 19.3 14:40 NW 28 6.6 14.6 15:10 0.6 4:50 11.8 0.0 0.0 1.1 11.3 13:25 WSW 29 5.3 11.8 15:35 0.4 7:10 13.0 0.0 0.0 1.4 11.3 11:35 NW 30 5.5 15.4 15:00 -1.0 7:00 12.8 0.0 0.2 1.3 14.5 17:20 ESE ------------------------------------------------------------------------------------- 10.2 23.5 7 -4.7 24 247.0 3.8 27.8 1.9 59.5 21 NW Max >= 32.0: 0 Max <= 0.0: 0 Min <= 0.0: 3 Min <= -18.0: 0 Max Rain: 25.60 ON 02/11/15 Days of Rain: 11 (> .2 mm) 1 (> 2 mm) 1 (> 20 mm) Heat Base: 18.3 Cool Base: 18.3 Method: Integration