Resums mensuals i anuals

2019: Gen | Feb | Mar | Abr | Mai | Jun | Jul | Ago | Sep | Oct | Nov | Des 
2018: Gen | Feb | Mar | Abr | Mai | Jun | Jul | Ago | Sep | Oct | Nov | Des 
2017: Gen | Feb | Mar | Abr | Mai | Jun | Jul | Ago | Sep | Oct | Nov | Des 
2016: Gen | Feb | Mar | Abr | Mai | Jun | Jul | Ago | Sep | Oct | Nov | Des 
2015: Gen | Feb | Mar | Abr | Mai | Jun | Jul | Ago | Sep | Oct | Nov | Des 
2014: Gen | Feb | Mar | Abr | Mai | Jun | Jul | Ago | Sep | Oct | Nov | Des 
2013: Gen | Feb | Mar | Abr | Mai | Jun | Jul | Ago | Sep | Oct | Nov | Des 
2012: Gen | Feb | Mar | Abr | Mai | Jun | Jul | Ago | Sep | Oct | Nov | Des 
2011: Gen | Feb | Mar | Abr | Mai | Jun | Jul | Ago | Sep | Oct | Nov | Des 
2010: Gen | Feb | Mar | Abr | Mai | Jun | Jul | Ago | Sep | Oct | Nov | Des 

Resum pel 10 2015
MONTHLY CLIMATOLOGICAL SUMMARY for OCT. 2015 NAME: Vantage VUE CITY: Santpedor STATE: Bages ELEV: 325 m LAT: 41 47' 08" N LONG: 1 50' 24" E TEMPERATURE (C), RAIN (mm), WIND SPEED (km/hr) HEAT COOL AVG MEAN DEG DEG WIND DOM DAY TEMP HIGH TIME LOW TIME DAYS DAYS RAIN SPEED HIGH TIME DIR ------------------------------------------------------------------------------------ 1 14.6 20.2 12:50 11.3 4:15 3.9 0.2 3.8 2.9 22.5 15:45 ESE 2 16.6 22.4 13:30 11.6 2:55 2.7 0.9 0.0 2.7 17.7 13:50 SE 3 17.4 22.9 10:50 12.4 22:45 1.9 1.0 0.0 2.9 27.4 12:00 WSW 4 16.1 22.6 14:55 9.6 5:20 3.1 0.9 0.0 1.1 11.3 14:10 ESE 5 20.2 27.8 12:45 14.9 5:50 1.0 2.9 0.0 2.9 45.1 13:25 W 6 20.6 26.0 13:55 14.9 4:55 0.7 3.0 0.0 5.6 43.5 12:15 W 7 17.1 23.1 12:35 11.4 5:55 2.3 1.1 0.0 2.7 25.7 12:50 WSW 8 15.9 22.1 14:00 10.2 6:15 3.0 0.7 0.0 1.9 19.3 16:40 ESE 9 15.6 22.4 16:00 10.6 3:50 3.3 0.6 0.0 1.8 20.9 17:05 SE 10 15.3 23.8 13:50 7.9 6:10 4.1 1.1 0.0 1.6 19.3 14:40 ESE 11 17.0 25.9 14:05 8.7 5:50 3.0 1.6 0.0 1.9 22.5 15:35 SE 12 19.6 25.2 14:20 15.7 7:05 0.7 1.9 0.0 3.1 20.9 13:25 SE 13 16.0 18.1 10:40 13.1 6:10 2.3 0.0 0.2 1.6 17.7 0:20 WSW 14 12.6 16.6 15:35 8.9 23:00 5.7 0.0 3.8 2.7 22.5 12:00 WNW 15 10.6 17.3 14:25 4.3 6:10 7.7 0.0 0.0 2.1 19.3 15:55 ESE 16 11.4 18.7 13:55 4.5 6:05 6.9 0.0 0.0 1.8 19.3 16:30 ESE 17 13.8 20.8 14:20 8.7 5:45 4.7 0.2 0.0 2.4 20.9 15:45 SE 18 15.8 21.9 16:00 11.4 5:35 3.1 0.6 0.0 1.8 12.9 12:20 SE 19 17.5 20.3 11:25 15.5 1:20 1.3 0.5 0.0 1.4 14.5 12:25 SE 20 16.1 18.6 14:20 13.7 23:35 2.2 0.0 0.0 2.1 14.5 15:30 SE 21 13.1 17.6 15:00 8.6 6:25 5.3 0.0 0.0 2.6 17.7 16:10 ESE 22 11.9 18.7 16:05 5.0 6:30 6.4 0.0 0.0 2.4 22.5 12:35 W 23 13.6 22.1 13:45 6.7 4:25 5.2 0.6 0.0 2.1 24.1 12:25 SE 24 12.5 17.9 14:40 8.4 6:00 5.8 0.0 0.0 0.8 8.0 13:00 ESE 25 14.4 20.6 13:50 9.9 6:40 4.1 0.1 0.0 1.3 14.5 15:30 ESE 26 13.9 15.4 14:20 12.8 5:55 4.3 0.0 3.8 1.0 12.9 13:00 NW 27 15.8 20.7 14:50 13.4 7:00 2.7 0.2 4.0 1.0 16.1 17:40 SE 28 14.1 18.5 13:50 7.9 00:00 4.2 0.0 0.8 4.7 35.4 14:20 W 29 12.0 20.6 15:50 4.8 6:15 6.5 0.2 0.0 1.1 9.7 14:00 ESE 30 13.8 21.5 15:20 6.9 6:10 5.0 0.4 0.0 1.3 14.5 16:05 SE 31 14.2 21.7 14:30 9.3 6:15 4.6 0.5 0.0 1.4 14.5 15:10 ESE ------------------------------------------------------------------------------------- 15.1 27.8 5 4.3 15 117.7 19.3 16.4 2.2 45.1 5 SE Max >= 32.0: 0 Max <= 0.0: 0 Min <= 0.0: 0 Min <= -18.0: 0 Max Rain: 3.99 ON 27/10/15 Days of Rain: 6 (> .2 mm) 4 (> 2 mm) 0 (> 20 mm) Heat Base: 18.3 Cool Base: 18.3 Method: Integration