Resums mensuals i anuals

2019: Gen | Feb | Mar | Abr | Mai | Jun | Jul | Ago | Sep | Oct | Nov | Des 
2018: Gen | Feb | Mar | Abr | Mai | Jun | Jul | Ago | Sep | Oct | Nov | Des 
2017: Gen | Feb | Mar | Abr | Mai | Jun | Jul | Ago | Sep | Oct | Nov | Des 
2016: Gen | Feb | Mar | Abr | Mai | Jun | Jul | Ago | Sep | Oct | Nov | Des 
2015: Gen | Feb | Mar | Abr | Mai | Jun | Jul | Ago | Sep | Oct | Nov | Des 
2014: Gen | Feb | Mar | Abr | Mai | Jun | Jul | Ago | Sep | Oct | Nov | Des 
2013: Gen | Feb | Mar | Abr | Mai | Jun | Jul | Ago | Sep | Oct | Nov | Des 
2012: Gen | Feb | Mar | Abr | Mai | Jun | Jul | Ago | Sep | Oct | Nov | Des 
2011: Gen | Feb | Mar | Abr | Mai | Jun | Jul | Ago | Sep | Oct | Nov | Des 
2010: Gen | Feb | Mar | Abr | Mai | Jun | Jul | Ago | Sep | Oct | Nov | Des 

Resum pel 09 2015
MONTHLY CLIMATOLOGICAL SUMMARY for SEP. 2015 NAME: Vantage VUE CITY: Santpedor STATE: Bages ELEV: 325 m LAT: 41 47' 08" N LONG: 1 50' 24" E TEMPERATURE (C), RAIN (mm), WIND SPEED (km/hr) HEAT COOL AVG MEAN DEG DEG WIND DOM DAY TEMP HIGH TIME LOW TIME DAYS DAYS RAIN SPEED HIGH TIME DIR ------------------------------------------------------------------------------------ 1 23.2 30.2 14:45 18.1 5:25 0.0 4.9 0.0 4.7 30.6 16:55 SSE 2 20.8 25.1 15:30 17.4 7:50 0.1 2.6 12.4 3.5 22.5 6:30 ESE 3 19.8 24.7 14:30 15.3 3:20 0.6 2.1 8.6 3.5 45.1 2:05 NNW 4 17.8 19.7 12:10 15.9 00:00 0.6 0.1 0.6 2.1 16.1 9:15 W 5 18.3 23.2 16:15 14.9 2:25 1.3 1.3 0.0 2.3 19.3 11:45 W 6 19.0 25.4 16:10 13.8 5:50 1.4 2.1 0.0 3.4 27.4 14:15 W 7 18.9 26.7 13:55 13.6 4:40 1.4 1.9 0.0 3.2 29.0 16:00 SE 8 19.2 25.2 12:55 15.1 5:40 1.0 1.9 0.0 2.4 19.3 16:55 ESE 9 19.4 27.2 13:25 12.2 5:40 1.6 2.7 0.0 3.2 27.4 14:40 SE 10 16.8 20.6 16:30 14.9 3:10 1.7 0.3 8.2 1.6 17.7 9:35 SE 11 19.4 23.6 13:40 15.1 4:10 0.9 2.0 0.0 2.3 17.7 15:55 SE 12 21.5 27.9 13:45 16.7 00:00 0.1 3.4 0.0 3.1 25.7 14:15 ESE 13 19.9 28.4 12:50 14.1 5:50 1.2 2.8 0.0 1.4 27.4 13:40 NW 14 18.2 24.7 13:55 12.8 4:10 1.7 1.6 0.0 3.4 29.0 14:20 ESE 15 19.7 25.7 13:00 13.8 5:00 1.3 2.6 0.0 3.4 30.6 13:20 SSE 16 22.1 29.0 11:45 15.3 6:00 0.5 4.3 0.0 4.3 35.4 11:25 SE 17 20.4 24.9 14:45 14.2 23:55 0.4 2.5 0.0 5.0 33.8 8:35 WSW 18 17.7 25.0 15:45 10.6 5:45 2.2 1.6 0.0 2.9 24.1 16:35 SE 19 18.4 25.6 15:10 11.4 5:55 2.0 2.1 0.0 3.7 30.6 12:15 ESE 20 19.8 26.9 14:25 14.3 00:00 1.0 2.6 0.0 2.7 19.3 14:30 W 21 19.7 27.6 14:40 13.5 1:00 1.4 2.9 0.0 2.3 20.9 14:05 WSW 22 18.8 26.4 14:00 11.2 5:10 1.9 2.4 0.0 4.0 32.2 15:30 WSW 23 18.4 24.8 15:25 13.9 00:00 1.4 1.6 0.0 4.3 29.0 13:00 WSW 24 16.8 25.1 14:45 9.1 5:15 3.0 1.6 0.0 2.3 22.5 15:40 W 25 17.9 27.4 13:55 9.5 6:05 2.6 2.3 0.0 3.4 22.5 14:45 SE 26 18.2 25.7 13:25 13.9 23:55 1.7 1.6 7.6 3.9 30.6 14:30 ESE 27 16.1 21.4 15:40 12.9 2:00 2.6 0.4 0.0 1.3 16.1 13:00 ESE 28 17.1 24.4 14:40 10.5 5:40 2.7 1.5 0.0 2.4 22.5 15:55 SE 29 15.2 19.1 11:55 12.8 6:05 3.2 0.0 0.6 2.6 25.7 12:25 NNE 30 15.6 17.9 9:15 13.2 4:35 2.7 0.0 1.2 4.2 29.0 11:50 NNW ------------------------------------------------------------------------------------- 18.8 30.2 1 9.1 24 44.1 59.6 39.2 3.1 45.1 3 SE Max >= 32.0: 0 Max <= 0.0: 0 Min <= 0.0: 0 Min <= -18.0: 0 Max Rain: 12.40 ON 02/09/15 Days of Rain: 7 (> .2 mm) 4 (> 2 mm) 0 (> 20 mm) Heat Base: 18.3 Cool Base: 18.3 Method: Integration