Resums mensuals i anuals

2019: Gen | Feb | Mar | Abr | Mai | Jun | Jul | Ago | Sep | Oct | Nov | Des 
2018: Gen | Feb | Mar | Abr | Mai | Jun | Jul | Ago | Sep | Oct | Nov | Des 
2017: Gen | Feb | Mar | Abr | Mai | Jun | Jul | Ago | Sep | Oct | Nov | Des 
2016: Gen | Feb | Mar | Abr | Mai | Jun | Jul | Ago | Sep | Oct | Nov | Des 
2015: Gen | Feb | Mar | Abr | Mai | Jun | Jul | Ago | Sep | Oct | Nov | Des 
2014: Gen | Feb | Mar | Abr | Mai | Jun | Jul | Ago | Sep | Oct | Nov | Des 
2013: Gen | Feb | Mar | Abr | Mai | Jun | Jul | Ago | Sep | Oct | Nov | Des 
2012: Gen | Feb | Mar | Abr | Mai | Jun | Jul | Ago | Sep | Oct | Nov | Des 
2011: Gen | Feb | Mar | Abr | Mai | Jun | Jul | Ago | Sep | Oct | Nov | Des 
2010: Gen | Feb | Mar | Abr | Mai | Jun | Jul | Ago | Sep | Oct | Nov | Des 

Resum pel 08 2015
MONTHLY CLIMATOLOGICAL SUMMARY for AUG. 2015 NAME: Vantage VUE CITY: Santpedor STATE: Bages ELEV: 325 m LAT: 41 47' 08" N LONG: 1 50' 24" E TEMPERATURE (C), RAIN (mm), WIND SPEED (km/hr) HEAT COOL AVG MEAN DEG DEG WIND DOM DAY TEMP HIGH TIME LOW TIME DAYS DAYS RAIN SPEED HIGH TIME DIR ------------------------------------------------------------------------------------ 1 20.4 27.2 16:10 15.9 1:05 0.6 2.8 3.8 3.4 24.1 18:05 SE 2 24.2 31.9 13:40 17.3 5:25 0.1 5.9 0.0 4.0 25.7 15:10 SE 3 26.2 35.4 13:00 19.2 3:40 0.0 7.9 0.0 4.0 29.0 15:00 SE 4 27.3 33.4 12:40 22.0 23:50 0.0 9.0 0.0 5.1 30.6 14:30 SE 5 26.6 34.2 14:50 19.3 5:15 0.0 8.3 0.0 3.9 24.1 14:10 SE 6 26.7 35.1 13:35 18.3 5:15 0.0 8.4 0.0 4.5 27.4 14:25 SE 7 28.2 36.9 13:00 20.3 5:35 0.0 9.9 0.0 4.3 29.0 16:30 SE 8 22.7 30.0 12:30 17.9 23:55 0.0 4.4 2.6 3.1 40.2 14:45 W 9 22.1 27.4 16:30 17.8 6:20 0.0 3.8 0.0 4.2 29.0 14:50 W 10 23.5 31.5 15:30 16.1 5:05 0.2 5.4 0.0 3.7 32.2 16:00 SE 11 24.6 32.6 13:40 16.8 4:35 0.1 6.4 0.0 4.2 27.4 15:40 SE 12 25.6 31.7 15:00 19.4 5:05 0.0 7.3 0.0 4.5 29.0 15:15 SE 13 25.6 32.3 13:50 19.5 23:55 0.0 7.3 2.4 4.5 33.8 10:55 W 14 23.0 28.0 16:00 17.1 3:05 0.1 4.8 0.0 5.8 33.8 10:55 W 15 19.3 25.6 15:05 14.1 23:50 0.8 1.8 1.6 3.1 33.8 13:25 W 16 19.9 27.9 14:30 12.1 5:35 1.6 3.2 0.0 3.7 27.4 16:20 ESE 17 21.6 26.3 13:05 17.0 4:15 0.2 3.5 0.0 5.1 30.6 14:50 SSE 18 19.0 23.4 17:00 16.1 5:30 0.6 1.3 10.2 2.4 22.5 2:50 NNW 19 20.9 28.7 15:20 14.9 5:35 0.8 3.5 4.4 2.9 22.5 14:45 SE 20 23.0 30.7 14:00 15.7 5:20 0.5 5.2 0.0 3.4 24.1 14:50 SE 21 24.2 31.8 13:55 19.7 3:25 0.0 5.9 0.0 4.3 33.8 15:35 SE 22 23.6 30.0 13:55 19.3 5:15 0.0 5.3 0.0 4.0 25.7 13:05 SE 23 23.7 30.9 14:50 17.3 3:55 0.1 5.5 0.0 3.1 35.4 15:40 ESE 24 22.5 28.3 13:05 16.4 5:15 0.2 4.4 0.0 5.1 37.0 13:35 W 25 21.7 29.6 16:00 13.8 5:25 0.8 4.3 0.0 4.2 29.0 12:50 SE 26 23.2 30.4 13:40 16.1 5:15 0.3 5.2 0.0 3.9 27.4 13:10 SE 27 24.2 31.3 14:10 18.2 5:30 0.0 5.9 0.0 4.5 30.6 14:30 SE 28 24.4 32.4 13:40 17.4 5:15 0.0 6.2 0.0 4.0 29.0 15:15 SE 29 24.4 32.1 14:30 17.0 5:30 0.1 6.2 0.0 3.5 29.0 12:40 SSE 30 24.2 32.3 14:20 15.6 5:15 0.3 6.2 0.0 3.4 29.0 16:10 SE 31 24.9 32.9 14:00 17.9 6:00 0.0 6.7 0.0 4.3 29.0 23:45 SE ------------------------------------------------------------------------------------- 23.6 36.9 7 12.1 16 7.4 171.9 25.0 4.0 40.2 8 SE Max >= 32.0: 11 Max <= 0.0: 0 Min <= 0.0: 0 Min <= -18.0: 0 Max Rain: 10.21 ON 18/08/15 Days of Rain: 6 (> .2 mm) 5 (> 2 mm) 0 (> 20 mm) Heat Base: 18.3 Cool Base: 18.3 Method: Integration