Resums mensuals i anuals

2019: Gen | Feb | Mar | Abr | Mai | Jun | Jul | Ago | Sep | Oct | Nov | Des 
2018: Gen | Feb | Mar | Abr | Mai | Jun | Jul | Ago | Sep | Oct | Nov | Des 
2017: Gen | Feb | Mar | Abr | Mai | Jun | Jul | Ago | Sep | Oct | Nov | Des 
2016: Gen | Feb | Mar | Abr | Mai | Jun | Jul | Ago | Sep | Oct | Nov | Des 
2015: Gen | Feb | Mar | Abr | Mai | Jun | Jul | Ago | Sep | Oct | Nov | Des 
2014: Gen | Feb | Mar | Abr | Mai | Jun | Jul | Ago | Sep | Oct | Nov | Des 
2013: Gen | Feb | Mar | Abr | Mai | Jun | Jul | Ago | Sep | Oct | Nov | Des 
2012: Gen | Feb | Mar | Abr | Mai | Jun | Jul | Ago | Sep | Oct | Nov | Des 
2011: Gen | Feb | Mar | Abr | Mai | Jun | Jul | Ago | Sep | Oct | Nov | Des 
2010: Gen | Feb | Mar | Abr | Mai | Jun | Jul | Ago | Sep | Oct | Nov | Des 

Resum pel 07 2015
MONTHLY CLIMATOLOGICAL SUMMARY for JUL. 2015 NAME: Vantage VUE CITY: Santpedor STATE: Bages ELEV: 325 m LAT: 41 47' 08" N LONG: 1 50' 24" E TEMPERATURE (C), RAIN (mm), WIND SPEED (km/hr) HEAT COOL AVG MEAN DEG DEG WIND DOM DAY TEMP HIGH TIME LOW TIME DAYS DAYS RAIN SPEED HIGH TIME DIR ------------------------------------------------------------------------------------ 1 26.7 35.5 12:55 17.8 5:05 0.0 8.4 0.0 4.5 30.6 14:10 SE 2 26.3 32.6 12:00 18.7 4:35 0.0 8.0 0.0 3.4 30.6 13:40 SE 3 26.9 35.2 12:10 18.6 4:30 0.0 8.6 0.0 4.3 29.0 13:45 SE 4 28.2 37.8 13:20 18.4 4:35 0.0 9.9 0.0 3.7 30.6 14:20 SSE 5 28.7 39.5 14:10 18.6 4:25 0.0 10.4 0.0 4.0 32.2 13:30 SE 6 29.2 38.3 14:35 18.8 4:15 0.0 10.9 0.0 4.7 30.6 16:40 SE 7 29.9 40.2 14:55 19.8 4:55 0.0 11.6 0.0 4.2 27.4 15:50 SE 8 27.2 33.8 12:30 22.4 23:55 0.0 8.9 0.0 6.4 35.4 16:00 SE 9 25.3 33.4 16:25 18.6 4:50 0.0 7.0 0.0 4.3 24.1 16:55 W 10 26.1 33.7 14:20 17.7 4:35 0.0 7.8 0.0 5.1 27.4 15:45 SSE 11 26.2 32.6 13:10 19.6 4:50 0.0 7.8 0.0 5.5 29.0 13:35 SE 12 26.8 34.7 14:25 21.1 2:10 0.0 8.5 0.0 4.7 32.2 15:40 ESE 13 27.3 35.5 13:20 20.6 4:55 0.0 9.1 0.0 4.7 32.2 15:20 SE 14 27.4 34.2 12:45 20.2 4:40 0.0 9.1 0.0 5.1 30.6 14:15 SE 15 27.8 34.8 13:00 20.9 5:30 0.0 9.5 0.0 5.0 30.6 13:35 SE 16 27.7 35.2 13:25 19.9 4:50 0.0 9.4 0.0 5.1 32.2 15:10 SE 17 27.6 36.0 13:20 20.1 4:35 0.0 9.2 0.0 4.8 30.6 14:10 ESE 18 27.2 36.4 13:40 20.8 4:40 0.0 8.9 0.0 4.8 35.4 18:15 SE 19 26.6 34.4 13:20 18.8 3:35 0.0 8.3 0.0 5.8 33.8 15:25 SE 20 25.8 34.6 12:55 20.7 4:45 0.0 7.5 0.2 3.9 35.4 13:20 SE 21 27.7 34.8 13:40 21.6 4:55 0.0 9.4 0.0 5.0 30.6 15:15 SE 22 26.7 35.1 14:30 19.2 20:45 0.0 8.4 0.8 5.5 40.2 19:15 SE 23 26.2 34.2 14:05 18.6 4:40 0.0 7.8 0.0 4.2 27.4 15:50 ESE 24 26.3 34.6 13:45 20.5 21:05 0.0 8.0 0.8 5.0 30.6 13:50 NNW 25 24.0 31.3 13:35 19.6 5:30 0.0 5.7 0.4 5.5 37.0 13:45 SE 26 25.7 33.1 16:20 16.9 4:55 0.1 7.4 0.0 4.7 30.6 13:10 W 27 24.6 30.4 12:55 19.3 5:10 0.0 6.2 0.0 6.3 37.0 15:20 SSE 28 25.7 31.2 12:10 21.6 5:25 0.0 7.4 0.0 6.8 33.8 13:40 W 29 26.3 32.4 16:00 21.5 6:05 0.0 8.0 1.2 5.8 32.2 17:40 SE 30 24.3 28.6 14:35 20.2 23:55 0.0 6.0 0.0 4.7 35.4 16:50 SE 31 22.1 28.1 12:40 15.8 23:15 0.3 4.1 23.2 4.7 41.8 19:15 SSE ------------------------------------------------------------------------------------- 26.6 40.2 7 15.8 31 0.4 257.3 26.6 4.9 41.8 31 SE Max >= 32.0: 26 Max <= 0.0: 0 Min <= 0.0: 0 Min <= -18.0: 0 Max Rain: 23.19 ON 31/07/15 Days of Rain: 6 (> .2 mm) 1 (> 2 mm) 1 (> 20 mm) Heat Base: 18.3 Cool Base: 18.3 Method: Integration