Resums mensuals i anuals

2019: Gen | Feb | Mar | Abr | Mai | Jun | Jul | Ago | Sep | Oct | Nov | Des 
2018: Gen | Feb | Mar | Abr | Mai | Jun | Jul | Ago | Sep | Oct | Nov | Des 
2017: Gen | Feb | Mar | Abr | Mai | Jun | Jul | Ago | Sep | Oct | Nov | Des 
2016: Gen | Feb | Mar | Abr | Mai | Jun | Jul | Ago | Sep | Oct | Nov | Des 
2015: Gen | Feb | Mar | Abr | Mai | Jun | Jul | Ago | Sep | Oct | Nov | Des 
2014: Gen | Feb | Mar | Abr | Mai | Jun | Jul | Ago | Sep | Oct | Nov | Des 
2013: Gen | Feb | Mar | Abr | Mai | Jun | Jul | Ago | Sep | Oct | Nov | Des 
2012: Gen | Feb | Mar | Abr | Mai | Jun | Jul | Ago | Sep | Oct | Nov | Des 
2011: Gen | Feb | Mar | Abr | Mai | Jun | Jul | Ago | Sep | Oct | Nov | Des 
2010: Gen | Feb | Mar | Abr | Mai | Jun | Jul | Ago | Sep | Oct | Nov | Des 

Resum pel 06 2015
MONTHLY CLIMATOLOGICAL SUMMARY for JUN. 2015 NAME: Vantage VUE CITY: Santpedor STATE: Bages ELEV: 325 m LAT: 41 47' 08" N LONG: 1 50' 24" E TEMPERATURE (C), RAIN (mm), WIND SPEED (km/hr) HEAT COOL AVG MEAN DEG DEG WIND DOM DAY TEMP HIGH TIME LOW TIME DAYS DAYS RAIN SPEED HIGH TIME DIR ------------------------------------------------------------------------------------ 1 20.8 28.6 12:30 14.0 4:40 1.2 3.8 0.2 4.2 27.4 13:35 SE 2 21.5 29.1 14:20 12.4 4:45 1.2 4.4 0.0 4.7 29.0 14:00 SE 3 23.1 31.1 13:05 16.7 2:05 0.3 5.1 0.0 3.4 29.0 14:35 ESE 4 23.9 32.0 13:40 15.3 4:05 0.4 6.0 0.0 4.0 29.0 14:55 SE 5 23.1 32.4 14:15 12.8 4:35 0.9 5.7 0.0 3.7 29.0 16:05 ESE 6 23.2 30.7 13:30 13.8 4:35 0.7 5.6 0.0 4.3 30.6 12:30 SE 7 22.1 31.8 12:20 14.9 4:35 0.5 4.2 3.2 3.7 33.8 16:20 ESE 8 20.2 30.2 11:10 14.6 4:20 0.8 2.6 22.8 2.4 32.2 12:30 ESE 9 19.9 28.2 12:20 16.3 16:25 0.6 2.2 5.8 3.7 35.4 14:55 ESE 10 21.1 27.1 14:40 16.0 5:40 0.5 3.3 0.2 3.2 30.6 15:05 ESE 11 20.9 28.5 12:55 15.3 4:30 0.8 3.4 3.0 5.3 35.4 13:05 ESE 12 20.9 27.4 15:35 14.6 5:45 1.0 3.6 0.2 4.0 25.7 17:20 ESE 13 21.6 27.3 15:20 16.8 5:40 0.2 3.4 0.4 4.2 30.6 16:35 SE 14 20.4 26.2 11:50 14.8 5:00 0.7 2.8 0.0 3.7 32.2 13:05 SSE 15 18.7 23.5 10:00 14.9 23:25 0.9 1.3 0.2 3.7 22.5 15:20 NW 16 16.5 25.1 11:15 13.6 4:20 2.4 0.6 6.2 1.9 29.0 11:20 ESE 17 20.3 28.0 15:55 13.1 5:00 1.3 3.3 0.2 3.4 25.7 8:10 ESE 18 22.3 30.5 15:00 13.9 4:35 0.8 4.8 0.0 3.1 19.3 12:55 SE 19 22.5 29.9 13:40 14.8 4:40 0.5 4.7 0.0 4.2 41.8 13:45 SE 20 22.9 30.8 13:45 16.1 3:25 0.3 5.0 0.0 4.3 27.4 14:30 SE 21 23.1 29.9 12:25 15.3 4:30 0.4 5.2 0.0 4.8 29.0 14:25 SE 22 23.7 30.7 13:30 15.6 4:40 0.3 5.7 0.0 6.1 33.8 20:40 ESE 23 21.5 26.9 9:20 16.3 23:45 0.3 3.5 3.4 3.7 29.0 19:25 NNW 24 21.3 29.9 14:35 14.3 4:40 0.9 3.9 0.0 4.0 29.0 16:25 SE 25 23.4 31.2 13:55 15.7 4:20 0.3 5.4 0.0 4.5 30.6 14:20 SE 26 25.1 34.8 14:00 15.9 4:20 0.2 7.0 0.0 4.5 32.2 14:35 ESE 27 26.6 36.6 13:20 18.1 4:30 0.0 8.3 0.0 4.3 29.0 12:30 ESE 28 26.2 32.9 12:45 18.7 4:30 0.0 7.8 0.0 5.0 33.8 13:00 SE 29 26.9 34.4 12:50 18.6 4:15 0.0 8.6 0.0 4.3 27.4 13:25 SE 30 27.2 35.2 12:45 19.1 3:45 0.0 8.9 0.0 5.0 32.2 14:35 SE ------------------------------------------------------------------------------------- 22.4 36.6 27 12.4 2 18.4 140.2 45.8 4.1 41.8 19 ESE Max >= 32.0: 7 Max <= 0.0: 0 Min <= 0.0: 0 Min <= -18.0: 0 Max Rain: 22.81 ON 08/06/15 Days of Rain: 12 (> .2 mm) 6 (> 2 mm) 1 (> 20 mm) Heat Base: 18.3 Cool Base: 18.3 Method: Integration