Resums mensuals i anuals

2019: Gen | Feb | Mar | Abr | Mai | Jun | Jul | Ago | Sep | Oct | Nov | Des 
2018: Gen | Feb | Mar | Abr | Mai | Jun | Jul | Ago | Sep | Oct | Nov | Des 
2017: Gen | Feb | Mar | Abr | Mai | Jun | Jul | Ago | Sep | Oct | Nov | Des 
2016: Gen | Feb | Mar | Abr | Mai | Jun | Jul | Ago | Sep | Oct | Nov | Des 
2015: Gen | Feb | Mar | Abr | Mai | Jun | Jul | Ago | Sep | Oct | Nov | Des 
2014: Gen | Feb | Mar | Abr | Mai | Jun | Jul | Ago | Sep | Oct | Nov | Des 
2013: Gen | Feb | Mar | Abr | Mai | Jun | Jul | Ago | Sep | Oct | Nov | Des 
2012: Gen | Feb | Mar | Abr | Mai | Jun | Jul | Ago | Sep | Oct | Nov | Des 
2011: Gen | Feb | Mar | Abr | Mai | Jun | Jul | Ago | Sep | Oct | Nov | Des 
2010: Gen | Feb | Mar | Abr | Mai | Jun | Jul | Ago | Sep | Oct | Nov | Des 

Resum pel 03 2015
MONTHLY CLIMATOLOGICAL SUMMARY for MAR. 2015 NAME: Vantage VUE CITY: Santpedor STATE: Bages ELEV: 325 m LAT: 41 47' 08" N LONG: 1 50' 24" E TEMPERATURE (C), RAIN (mm), WIND SPEED (km/hr) HEAT COOL AVG MEAN DEG DEG WIND DOM DAY TEMP HIGH TIME LOW TIME DAYS DAYS RAIN SPEED HIGH TIME DIR ------------------------------------------------------------------------------------ 1 12.3 19.5 14:25 6.5 6:45 6.1 0.1 0.0 1.6 17.7 14:30 ESE 2 15.2 21.8 15:30 9.9 6:25 3.8 0.7 0.0 3.7 32.2 13:20 W 3 12.6 19.0 14:20 7.5 00:00 5.8 0.0 0.0 2.9 24.1 15:30 SE 4 7.5 12.0 11:55 4.2 22:20 10.8 0.0 3.2 3.4 38.6 12:45 NW 5 10.3 18.0 16:00 3.8 2:20 8.0 0.0 0.0 7.1 49.9 7:55 NW 6 7.6 17.6 15:15 -0.7 6:30 10.7 0.0 0.0 1.9 17.7 16:40 ESE 7 9.5 20.2 14:25 1.7 6:05 8.9 0.1 0.0 1.8 20.9 15:05 ESE 8 9.4 17.7 14:20 2.2 6:35 8.9 0.0 0.0 2.4 20.9 16:35 SE 9 10.9 19.0 15:10 4.3 3:50 7.4 0.0 0.0 1.9 16.1 13:05 ESE 10 12.3 20.6 13:50 5.9 5:55 6.2 0.2 0.0 2.1 17.7 13:15 ESE 11 12.7 23.6 15:30 5.2 4:10 6.4 0.8 0.0 1.3 12.9 15:35 ESE 12 12.1 20.8 12:25 5.4 6:10 6.4 0.3 0.0 3.2 25.7 14:55 SSE 13 11.1 17.4 13:55 5.5 6:10 7.2 0.0 0.0 3.2 22.5 18:25 ESE 14 6.8 13.9 14:05 1.1 00:00 11.5 0.0 0.0 3.2 27.4 14:25 W 15 6.1 14.2 14:25 -1.2 6:05 12.2 0.0 0.0 2.4 19.3 14:40 ESE 16 6.8 12.9 12:30 0.9 5:55 11.5 0.0 0.0 2.1 16.1 12:35 ESE 17 8.4 16.2 14:25 1.3 2:10 9.9 0.0 0.0 2.6 22.5 15:30 ESE 18 11.3 15.8 13:00 6.0 5:55 7.0 0.0 0.0 4.7 24.1 17:00 NE 19 13.1 18.6 13:25 7.5 5:05 5.2 0.0 0.0 4.3 27.4 22:45 NE 20 13.4 17.5 11:40 9.8 5:10 4.8 0.0 0.0 9.0 38.6 21:50 NE 21 11.3 13.8 15:40 9.7 22:35 7.0 0.0 7.2 8.2 35.4 1:10 NE 22 10.3 17.6 12:30 7.6 6:30 8.0 0.0 4.6 2.7 24.1 13:15 NNW 23 11.4 15.8 12:25 8.2 0:35 6.9 0.0 0.0 3.2 20.9 15:00 NE 24 11.1 14.7 12:30 8.8 5:45 7.2 0.0 3.2 6.0 32.2 12:20 NE 25 10.1 15.9 16:00 3.5 00:00 8.2 0.0 0.4 3.4 24.1 16:00 WSW 26 9.1 15.8 16:15 0.5 5:45 9.2 0.0 0.0 2.9 24.1 14:10 WSW 27 13.7 21.7 16:00 7.3 4:10 5.1 0.5 0.0 3.4 22.5 14:50 W 28 15.2 22.4 16:15 9.2 5:50 4.0 0.9 0.0 3.7 29.0 12:25 W 29 12.8 18.4 12:40 8.1 5:30 5.5 0.0 0.0 1.6 14.5 13:35 NNW 30 15.2 24.1 13:50 8.8 6:05 4.1 0.9 0.0 4.2 41.8 14:10 W 31 16.6 25.3 15:00 9.3 4:15 3.4 1.7 0.0 3.7 24.1 15:45 WSW ------------------------------------------------------------------------------------- 11.2 25.3 31 -1.2 15 227.3 6.2 18.6 3.5 49.9 5 ESE Max >= 32.0: 0 Max <= 0.0: 0 Min <= 0.0: 2 Min <= -18.0: 0 Max Rain: 7.19 ON 21/03/15 Days of Rain: 5 (> .2 mm) 4 (> 2 mm) 0 (> 20 mm) Heat Base: 18.3 Cool Base: 18.3 Method: Integration