Resums mensuals i anuals

2019: Gen | Feb | Mar | Abr | Mai | Jun | Jul | Ago | Sep | Oct | Nov | Des 
2018: Gen | Feb | Mar | Abr | Mai | Jun | Jul | Ago | Sep | Oct | Nov | Des 
2017: Gen | Feb | Mar | Abr | Mai | Jun | Jul | Ago | Sep | Oct | Nov | Des 
2016: Gen | Feb | Mar | Abr | Mai | Jun | Jul | Ago | Sep | Oct | Nov | Des 
2015: Gen | Feb | Mar | Abr | Mai | Jun | Jul | Ago | Sep | Oct | Nov | Des 
2014: Gen | Feb | Mar | Abr | Mai | Jun | Jul | Ago | Sep | Oct | Nov | Des 
2013: Gen | Feb | Mar | Abr | Mai | Jun | Jul | Ago | Sep | Oct | Nov | Des 
2012: Gen | Feb | Mar | Abr | Mai | Jun | Jul | Ago | Sep | Oct | Nov | Des 
2011: Gen | Feb | Mar | Abr | Mai | Jun | Jul | Ago | Sep | Oct | Nov | Des 
2010: Gen | Feb | Mar | Abr | Mai | Jun | Jul | Ago | Sep | Oct | Nov | Des 

Resum pel 02 2015
MONTHLY CLIMATOLOGICAL SUMMARY for FEB. 2015 NAME: Vantage VUE CITY: Santpedor STATE: Bages ELEV: 325 m LAT: 41 47' 08" N LONG: 1 50' 24" E TEMPERATURE (C), RAIN (mm), WIND SPEED (km/hr) HEAT COOL AVG MEAN DEG DEG WIND DOM DAY TEMP HIGH TIME LOW TIME DAYS DAYS RAIN SPEED HIGH TIME DIR ------------------------------------------------------------------------------------ 1 4.3 8.9 15:30 0.2 23:40 14.0 0.0 0.0 4.7 37.0 14:25 W 2 1.2 5.4 15:50 -3.2 7:10 17.1 0.0 0.0 1.6 11.3 19:45 NNW 3 2.7 5.4 16:10 1.2 6:15 15.6 0.0 5.2 1.8 20.9 12:35 ESE 4 2.2 3.4 12:30 0.8 9:25 16.2 0.0 7.0 3.7 24.1 15:05 WNW 5 3.4 10.1 14:10 -1.4 23:00 14.9 0.0 0.0 2.7 30.6 15:10 NW 6 0.9 5.6 15:25 -4.8 6:35 17.4 0.0 0.0 2.1 24.1 14:10 W 7 3.4 9.8 13:35 -1.9 7:10 14.9 0.0 0.0 2.4 22.5 18:00 NW 8 2.5 8.1 16:10 -1.8 6:30 15.8 0.0 0.0 2.6 25.7 14:15 WNW 9 3.4 11.9 14:30 -2.9 6:35 14.9 0.0 0.0 1.4 19.3 14:40 ESE 10 5.0 16.3 15:20 -2.6 6:30 13.3 0.0 0.0 1.1 14.5 15:25 ESE 11 4.9 13.1 14:00 -2.4 7:05 13.4 0.0 0.0 0.6 6.4 10:05 NNW 12 6.0 12.7 15:35 0.2 7:15 12.3 0.0 0.0 0.6 9.7 13:25 ESE 13 8.1 14.6 13:10 2.8 7:25 10.2 0.0 0.0 2.7 29.0 13:25 WSW 14 7.2 13.5 15:35 1.6 3:55 11.2 0.0 0.0 2.3 30.6 15:40 W 15 7.3 12.7 16:15 3.9 5:10 11.0 0.0 0.0 1.8 12.9 6:55 ESE 16 7.2 14.7 14:10 -0.2 5:45 11.1 0.0 0.0 2.1 16.1 5:50 W 17 7.2 11.5 16:45 4.0 00:00 11.1 0.0 0.0 1.1 9.7 4:25 ESE 18 7.8 14.7 15:20 2.7 1:10 10.5 0.0 0.0 1.4 14.5 11:05 ESE 19 6.2 14.2 14:55 -0.6 6:40 12.1 0.0 0.0 1.4 16.1 16:10 ESE 20 6.7 14.0 14:55 2.1 1:10 11.6 0.0 0.0 1.8 19.3 15:45 ESE 21 6.4 11.0 14:45 3.0 00:00 11.9 0.0 0.0 2.3 25.7 21:55 NW 22 7.4 13.8 15:55 2.1 23:35 10.8 0.0 0.0 6.6 40.2 12:00 NW 23 8.8 17.9 15:05 1.1 1:05 9.4 0.0 2.2 3.9 37.0 20:50 ESE 24 7.9 12.3 12:40 2.8 6:45 10.4 0.0 0.0 6.3 40.2 11:45 W 25 10.5 17.0 16:25 4.9 2:40 7.8 0.0 0.0 5.0 32.2 1:25 WNW 26 8.6 15.8 14:25 2.4 5:25 9.7 0.0 0.0 1.9 17.7 14:15 ESE 27 9.2 15.1 13:25 2.5 00:00 9.1 0.0 0.0 4.0 37.0 13:10 NNW 28 6.7 14.2 15:10 -1.0 6:05 11.6 0.0 0.0 2.4 25.7 15:15 WSW ------------------------------------------------------------------------------------- 5.8 17.9 23 -4.8 6 349.4 0.0 14.4 2.6 40.2 22 ESE Max >= 32.0: 0 Max <= 0.0: 0 Min <= 0.0: 11 Min <= -18.0: 0 Max Rain: 7.01 ON 04/02/15 Days of Rain: 3 (> .2 mm) 3 (> 2 mm) 0 (> 20 mm) Heat Base: 18.3 Cool Base: 18.3 Method: Integration