Resums mensuals i anuals

2019: Gen | Feb | Mar | Abr | Mai | Jun | Jul | Ago | Sep | Oct | Nov | Des 
2018: Gen | Feb | Mar | Abr | Mai | Jun | Jul | Ago | Sep | Oct | Nov | Des 
2017: Gen | Feb | Mar | Abr | Mai | Jun | Jul | Ago | Sep | Oct | Nov | Des 
2016: Gen | Feb | Mar | Abr | Mai | Jun | Jul | Ago | Sep | Oct | Nov | Des 
2015: Gen | Feb | Mar | Abr | Mai | Jun | Jul | Ago | Sep | Oct | Nov | Des 
2014: Gen | Feb | Mar | Abr | Mai | Jun | Jul | Ago | Sep | Oct | Nov | Des 
2013: Gen | Feb | Mar | Abr | Mai | Jun | Jul | Ago | Sep | Oct | Nov | Des 
2012: Gen | Feb | Mar | Abr | Mai | Jun | Jul | Ago | Sep | Oct | Nov | Des 
2011: Gen | Feb | Mar | Abr | Mai | Jun | Jul | Ago | Sep | Oct | Nov | Des 
2010: Gen | Feb | Mar | Abr | Mai | Jun | Jul | Ago | Sep | Oct | Nov | Des 

Resum pel 01 2015
MONTHLY CLIMATOLOGICAL SUMMARY for JAN. 2015 NAME: Vantage VUE CITY: Santpedor STATE: Bages ELEV: 325 m LAT: 41 47' 08" N LONG: 1 50' 24" E TEMPERATURE (C), RAIN (mm), WIND SPEED (km/hr) HEAT COOL AVG MEAN DEG DEG WIND DOM DAY TEMP HIGH TIME LOW TIME DAYS DAYS RAIN SPEED HIGH TIME DIR ------------------------------------------------------------------------------------ 1 2.7 11.7 15:05 -2.7 7:35 15.6 0.0 0.0 1.0 16.1 17:45 ESE 2 4.2 13.3 15:35 -2.5 6:50 14.1 0.0 0.0 0.6 8.0 17:35 ESE 3 5.3 13.7 14:55 -0.3 4:20 13.0 0.0 0.0 1.3 17.7 16:30 WNW 4 5.2 12.7 14:00 -0.2 6:15 13.1 0.0 0.0 1.0 12.9 15:05 ESE 5 4.6 13.1 15:20 -0.9 7:00 13.7 0.0 0.0 0.5 4.8 9:30 ESE 6 3.5 9.3 13:30 0.3 3:25 14.8 0.0 0.2 1.0 14.5 13:50 WNW 7 3.9 10.2 14:25 0.7 6:40 14.4 0.0 0.0 0.5 8.0 12:30 ESE 8 2.3 7.6 13:30 -0.4 7:45 16.0 0.0 0.2 2.3 17.7 13:40 NW 9 3.1 8.8 14:50 -1.3 7:35 15.2 0.0 0.0 2.1 16.1 16:05 NNW 10 6.2 15.8 15:55 0.4 4:20 12.1 0.0 0.0 1.1 11.3 13:05 ESE 11 4.4 9.5 14:50 0.9 6:40 13.8 0.0 0.2 1.8 16.1 8:25 NW 12 4.6 13.7 15:25 1.1 1:30 13.8 0.0 0.2 1.0 9.7 23:20 NW 13 6.1 14.9 15:10 0.7 1:45 12.2 0.0 0.0 1.1 20.9 15:35 WSW 14 6.8 14.0 14:35 1.8 7:25 11.5 0.0 0.0 1.4 19.3 13:45 ESE 15 6.4 16.2 15:05 -0.9 7:30 11.8 0.0 0.0 0.8 14.5 15:25 ESE 16 4.9 9.0 16:00 2.4 23:30 13.4 0.0 3.0 1.3 24.1 16:25 W 17 3.4 7.4 13:35 -0.6 23:55 14.9 0.0 0.0 2.1 17.7 6:55 WNW 18 2.4 7.8 15:25 -2.3 7:40 15.8 0.0 1.2 1.0 12.9 20:15 ESE 19 4.4 5.8 13:00 3.3 7:05 13.9 0.0 11.6 1.0 12.9 15:55 W 20 3.6 5.9 15:20 2.1 7:35 14.7 0.0 1.0 1.9 19.3 17:55 W 21 2.7 5.8 15:05 -0.6 23:55 15.6 0.0 0.0 1.4 12.9 8:15 W 22 2.1 9.1 14:35 -2.3 7:15 16.2 0.0 0.0 1.6 16.1 15:05 NNW 23 3.6 11.0 14:50 -2.3 6:20 14.8 0.0 0.2 1.9 24.1 16:05 ESE 24 3.9 9.5 15:30 -1.4 5:10 14.4 0.0 0.0 2.1 16.1 11:00 ESE 25 9.8 15.1 13:20 2.9 00:00 8.5 0.0 0.0 10.9 53.1 9:25 NNW 26 4.1 10.6 14:20 -1.4 7:05 14.2 0.0 0.0 1.8 17.7 15:05 ESE 27 4.0 8.5 13:00 0.4 6:40 14.3 0.0 0.0 1.4 12.9 12:35 NE 28 4.5 11.4 15:35 -0.7 5:10 13.8 0.0 0.0 1.8 22.5 12:10 NNW 29 8.1 13.6 14:05 1.1 1:45 10.2 0.0 0.0 6.9 46.7 20:35 W 30 9.7 12.6 2:00 6.0 00:00 8.6 0.0 0.0 6.8 45.1 2:20 W 31 6.9 12.2 15:30 2.2 22:55 11.4 0.0 0.8 4.2 37.0 14:40 W ------------------------------------------------------------------------------------- 4.8 16.2 15 -2.7 1 419.6 0.0 18.6 2.1 53.1 25 W Max >= 32.0: 0 Max <= 0.0: 0 Min <= 0.0: 16 Min <= -18.0: 0 Max Rain: 11.61 ON 19/01/15 Days of Rain: 10 (> .2 mm) 2 (> 2 mm) 0 (> 20 mm) Heat Base: 18.3 Cool Base: 18.3 Method: Integration