Resums mensuals i anuals

2020: Gen | Feb | Mar | Abr | Mai | Jun | Jul | Ago | Sep | Oct | Nov | Des 
2019: Gen | Feb | Mar | Abr | Mai | Jun | Jul | Ago | Sep | Oct | Nov | Des 
2018: Gen | Feb | Mar | Abr | Mai | Jun | Jul | Ago | Sep | Oct | Nov | Des 
2017: Gen | Feb | Mar | Abr | Mai | Jun | Jul | Ago | Sep | Oct | Nov | Des 
2016: Gen | Feb | Mar | Abr | Mai | Jun | Jul | Ago | Sep | Oct | Nov | Des 
2015: Gen | Feb | Mar | Abr | Mai | Jun | Jul | Ago | Sep | Oct | Nov | Des 
2014: Gen | Feb | Mar | Abr | Mai | Jun | Jul | Ago | Sep | Oct | Nov | Des 
2013: Gen | Feb | Mar | Abr | Mai | Jun | Jul | Ago | Sep | Oct | Nov | Des 
2012: Gen | Feb | Mar | Abr | Mai | Jun | Jul | Ago | Sep | Oct | Nov | Des 
2011: Gen | Feb | Mar | Abr | Mai | Jun | Jul | Ago | Sep | Oct | Nov | Des 
2010: Gen | Feb | Mar | Abr | Mai | Jun | Jul | Ago | Sep | Oct | Nov | Des 

Resum pel 2015
ANNUAL CLIMATOLOGICAL SUMMARY NAME: Vantage VUE CITY: Santpedor STATE: Bages ELEV: 325 m LAT: 41° 47' 08" N LONG: 1° 50' 24" E TEMPERATURE (°C), HEAT BASE 18.3, COOL BASE 18.3 DEP. HEAT COOL MEAN MEAN FROM DEG DEG MAX MAX MIN MIN YR MO MAX MIN MEAN NORM DAYS DAYS HI DATE LOW DATE >=32 <=0 <=0 <=-18 ------------------------------------------------------------------------------------ 15 1 11.0 0.2 4.8 -1.5 420 0 16.2 15 -2.7 1 0 0 16 0 15 2 12.1 0.6 5.8 -1.8 349 0 17.9 23 -4.8 6 0 0 11 0 15 3 18.1 5.4 11.2 0.7 227 6 25.3 31 -1.2 15 0 0 2 0 15 4 21.7 7.1 13.6 -0.1 159 17 26.1 24 0.3 8 0 0 0 0 15 5 26.9 11.1 18.9 1.2 66 85 34.1 14 6.6 22 2 0 0 0 15 6 30.0 15.4 22.4 0.4 18 140 36.6 27 12.4 2 7 0 0 0 15 7 34.3 19.6 26.6 1.7 0 257 40.2 7 15.8 31 26 0 0 0 15 8 30.7 17.3 23.6 -0.7 7 172 36.9 7 12.1 16 11 0 0 0 15 9 25.0 13.7 18.8 -3.7 44 60 30.2 1 9.1 24 0 0 0 0 15 10 21.0 10.1 15.1 -2.2 118 19 27.8 5 4.3 15 0 0 0 0 15 11 17.3 5.1 10.2 0.2 247 4 23.5 7 -4.7 24 0 0 3 0 15 12 13.8 2.7 7.3 1.2 341 0 16.7 18 -1.3 3 0 0 5 0 ------------------------------------------------------------------------------------ 21.9 9.1 14.9 -0.4 1998 760 40.2 JUL -4.8 FEB 46 0 37 0 PRECIPITATION (mm) DEP. MAX DAYS OF RAIN FROM OBS. OVER YR MO TOTAL NORM DAY DATE .2 2 20 --------------------------------------------- 15 1 18.6 -9.2 11.6 19 10 2 0 15 2 14.4 -2.6 7.0 4 3 3 0 15 3 18.6 -6.4 7.2 21 5 4 0 15 4 28.2 -22.0 16.0 26 7 4 0 15 5 11.8 -50.6 11.0 19 3 1 0 15 6 45.8 4.6 22.8 8 12 6 1 15 7 26.6 -3.9 23.2 31 6 1 1 15 8 25.0 -26.1 10.2 18 6 5 0 15 9 39.2 -17.9 12.4 2 7 4 0 15 10 16.4 -53.1 4.0 27 6 4 0 15 11 27.8 -12.0 25.6 2 11 1 1 15 12 2.4 -33.2 0.6 7 10 0 0 --------------------------------------------- 274.9-232.3 25.6 NOV 86 35 3 WIND SPEED (km/hr) DOM YR MO AVG. HI DATE DIR --------------------------------- 15 1 2.1 53.1 25 W 15 2 2.6 40.2 22 ESE 15 3 3.5 49.9 5 ESE 15 4 3.3 37.0 5 ESE 15 5 4.3 54.7 15 ESE 15 6 4.1 41.8 19 ESE 15 7 4.9 41.8 31 SE 15 8 4.0 40.2 8 SE 15 9 3.1 45.1 3 SE 15 10 2.2 45.1 5 SE 15 11 1.9 59.5 21 NW 15 12 0.7 22.5 9 ESE --------------------------------- 3.1 59.5 NOV ESE