Resums mensuals i anuals

2019: Gen | Feb | Mar | Abr | Mai | Jun | Jul | Ago | Sep | Oct | Nov | Des 
2018: Gen | Feb | Mar | Abr | Mai | Jun | Jul | Ago | Sep | Oct | Nov | Des 
2017: Gen | Feb | Mar | Abr | Mai | Jun | Jul | Ago | Sep | Oct | Nov | Des 
2016: Gen | Feb | Mar | Abr | Mai | Jun | Jul | Ago | Sep | Oct | Nov | Des 
2015: Gen | Feb | Mar | Abr | Mai | Jun | Jul | Ago | Sep | Oct | Nov | Des 
2014: Gen | Feb | Mar | Abr | Mai | Jun | Jul | Ago | Sep | Oct | Nov | Des 
2013: Gen | Feb | Mar | Abr | Mai | Jun | Jul | Ago | Sep | Oct | Nov | Des 
2012: Gen | Feb | Mar | Abr | Mai | Jun | Jul | Ago | Sep | Oct | Nov | Des 
2011: Gen | Feb | Mar | Abr | Mai | Jun | Jul | Ago | Sep | Oct | Nov | Des 
2010: Gen | Feb | Mar | Abr | Mai | Jun | Jul | Ago | Sep | Oct | Nov | Des 

Resum pel 10 2014
MONTHLY CLIMATOLOGICAL SUMMARY for OCT. 2014 NAME: Vantage VUE CITY: Santpedor STATE: Bages ELEV: 325 m LAT: 41 47' 08" N LONG: 1 50' 24" E TEMPERATURE (C), RAIN (mm), WIND SPEED (km/hr) HEAT COOL AVG MEAN DEG DEG WIND DOM DAY TEMP HIGH TIME LOW TIME DAYS DAYS RAIN SPEED HIGH TIME DIR ------------------------------------------------------------------------------------ 1 18.2 23.4 15:00 15.2 23:55 1.2 1.1 0.2 1.4 12.9 16:50 W 2 18.6 25.7 13:40 13.3 5:55 1.7 2.0 0.0 1.4 16.1 14:15 SE 3 18.2 25.4 15:10 13.1 6:15 1.8 1.7 0.0 1.6 24.1 16:10 SE 4 18.3 26.9 14:30 12.4 6:05 2.1 2.0 18.2 2.4 32.2 18:10 ESE 5 17.2 21.7 12:35 14.4 7:20 1.6 0.5 12.0 3.1 25.7 15:00 SSE 6 18.4 24.2 15:15 14.5 1:05 1.4 1.5 0.0 1.3 14.5 14:35 SE 7 18.6 25.7 14:55 13.2 5:35 1.7 2.0 0.0 2.1 20.9 12:30 NW 8 18.8 27.0 14:50 12.1 6:05 1.9 2.4 0.0 1.8 20.9 13:20 W 9 19.4 27.7 14:00 12.5 6:10 1.5 2.6 0.0 1.8 14.5 15:30 ESE 10 18.4 25.1 13:35 13.7 6:20 1.5 1.6 0.8 2.4 19.3 15:40 NNW 11 18.3 24.6 14:40 14.6 5:25 1.4 1.4 0.0 2.1 16.1 14:20 ESE 12 19.0 24.5 14:00 15.3 6:10 0.9 1.6 1.8 3.1 22.5 14:30 SSE 13 17.0 23.3 12:45 12.9 7:05 2.4 1.1 0.0 2.1 22.5 13:40 W 14 14.3 20.5 13:45 10.9 5:55 4.1 0.1 0.0 1.3 14.5 14:50 NNW 15 14.6 21.4 12:35 9.2 5:20 4.0 0.4 0.0 2.1 27.4 12:55 W 16 18.0 25.6 14:05 11.3 4:50 2.4 2.1 0.0 2.7 27.4 12:00 W 17 18.6 26.5 14:40 13.1 5:35 1.8 2.1 0.0 1.9 17.7 15:55 ESE 18 18.5 29.1 15:10 10.4 6:05 2.5 2.7 0.0 1.0 11.3 16:00 ESE 19 18.6 27.4 15:05 11.2 5:45 2.2 2.5 0.0 1.0 11.3 16:00 SE 20 18.7 29.4 15:00 11.7 6:35 2.2 2.5 0.0 0.8 14.5 15:10 ESE 21 19.0 27.8 15:15 11.6 6:35 2.0 2.7 0.0 1.4 16.1 16:50 ESE 22 16.4 22.9 15:00 11.1 00:00 2.9 1.0 0.0 2.4 22.5 11:15 NNW 23 14.3 22.7 14:05 8.7 6:25 4.7 0.7 0.0 1.8 16.1 13:05 W 24 15.4 25.8 15:25 7.6 5:20 4.3 1.4 0.0 1.3 9.7 14:15 ESE 25 16.9 27.2 14:50 9.3 6:15 3.3 1.9 0.0 0.8 12.9 15:10 ESE 26 16.1 23.4 14:20 10.2 6:15 3.2 1.0 0.0 1.8 19.3 16:20 ESE 27 16.3 20.3 11:40 13.4 5:55 2.3 0.3 0.0 2.1 17.7 14:45 SE 28 16.1 20.3 14:50 12.7 7:20 2.5 0.3 0.0 1.6 14.5 13:55 SSE 29 15.9 21.9 13:55 11.1 6:35 3.0 0.6 0.0 1.0 9.7 10:45 SE 30 16.4 21.7 15:45 11.7 6:25 2.6 0.7 0.0 1.1 16.1 13:35 ESE 31 15.8 21.4 15:10 12.6 5:55 2.9 0.3 0.0 1.4 14.5 16:15 SE ------------------------------------------------------------------------------------- 17.4 29.4 20 7.6 24 73.9 44.7 33.0 1.7 32.2 4 ESE Max >= 32.0: 0 Max <= 0.0: 0 Min <= 0.0: 0 Min <= -18.0: 0 Max Rain: 18.21 ON 04/10/14 Days of Rain: 5 (> .2 mm) 2 (> 2 mm) 0 (> 20 mm) Heat Base: 18.3 Cool Base: 18.3 Method: Integration