Resums mensuals i anuals

2019: Gen | Feb | Mar | Abr | Mai | Jun | Jul | Ago | Sep | Oct | Nov | Des 
2018: Gen | Feb | Mar | Abr | Mai | Jun | Jul | Ago | Sep | Oct | Nov | Des 
2017: Gen | Feb | Mar | Abr | Mai | Jun | Jul | Ago | Sep | Oct | Nov | Des 
2016: Gen | Feb | Mar | Abr | Mai | Jun | Jul | Ago | Sep | Oct | Nov | Des 
2015: Gen | Feb | Mar | Abr | Mai | Jun | Jul | Ago | Sep | Oct | Nov | Des 
2014: Gen | Feb | Mar | Abr | Mai | Jun | Jul | Ago | Sep | Oct | Nov | Des 
2013: Gen | Feb | Mar | Abr | Mai | Jun | Jul | Ago | Sep | Oct | Nov | Des 
2012: Gen | Feb | Mar | Abr | Mai | Jun | Jul | Ago | Sep | Oct | Nov | Des 
2011: Gen | Feb | Mar | Abr | Mai | Jun | Jul | Ago | Sep | Oct | Nov | Des 
2010: Gen | Feb | Mar | Abr | Mai | Jun | Jul | Ago | Sep | Oct | Nov | Des 

Resum pel 09 2014
MONTHLY CLIMATOLOGICAL SUMMARY for SEP. 2014 NAME: Vantage VUE CITY: Santpedor STATE: Bages ELEV: 325 m LAT: 41 47' 08" N LONG: 1 50' 24" E TEMPERATURE (C), RAIN (mm), WIND SPEED (km/hr) HEAT COOL AVG MEAN DEG DEG WIND DOM DAY TEMP HIGH TIME LOW TIME DAYS DAYS RAIN SPEED HIGH TIME DIR ------------------------------------------------------------------------------------ 1 23.8 31.9 14:00 19.1 5:50 0.0 5.5 0.0 3.5 30.6 15:55 SE 2 22.8 30.0 15:00 17.2 4:35 0.1 4.7 0.0 3.1 25.7 17:05 SE 3 22.6 28.4 13:35 18.4 6:10 0.0 4.3 0.0 4.0 27.4 14:40 ESE 4 22.2 26.6 14:05 19.2 3:25 0.0 3.9 2.2 3.7 22.5 13:25 ESE 5 22.1 29.1 12:55 17.6 23:55 0.0 3.8 0.2 3.7 33.8 14:40 SSE 6 22.3 29.4 15:15 16.3 6:15 0.4 4.4 0.0 3.9 24.1 15:25 ESE 7 23.0 29.8 13:45 16.4 4:40 0.3 5.0 0.0 3.5 22.5 13:50 SE 8 23.8 31.1 13:30 19.6 3:50 0.0 5.5 0.0 3.1 27.4 14:00 SSE 9 22.1 29.7 13:00 16.3 00:00 0.1 3.9 0.0 3.4 45.1 16:35 ESE 10 22.1 30.6 13:55 14.1 5:45 0.9 4.7 0.0 3.4 25.7 15:55 ESE 11 22.5 31.4 13:05 17.6 17:40 0.0 4.2 15.2 4.0 56.3 17:30 ESE 12 21.7 27.5 15:15 17.6 6:00 0.1 3.5 0.0 3.4 24.1 15:35 ESE 13 22.3 28.3 12:30 17.3 5:55 0.1 4.2 0.0 4.0 29.0 15:10 ESE 14 20.1 25.9 11:30 15.6 21:50 0.3 2.1 20.0 2.6 53.1 21:50 NNW 15 20.6 28.2 14:45 13.9 4:50 1.1 3.4 0.2 2.3 17.7 15:15 SE 16 21.9 28.2 13:00 16.3 6:15 0.2 3.8 0.0 3.4 29.0 15:20 SSE 17 21.1 27.1 15:30 17.7 5:10 0.0 2.8 28.4 2.4 27.4 17:05 NW 18 21.6 28.3 13:45 17.7 2:00 0.1 3.4 0.0 2.7 22.5 14:30 ESE 19 22.3 29.1 13:20 17.3 5:25 0.1 4.1 0.0 3.1 27.4 15:15 SE 20 22.6 30.0 15:50 17.0 4:40 0.2 4.5 0.0 1.6 17.7 17:20 ESE 21 20.6 27.7 14:00 15.4 5:20 0.6 3.0 0.0 1.9 17.7 17:25 SE 22 18.7 22.7 12:45 15.6 23:55 0.6 0.9 12.6 1.4 12.9 14:00 ESE 23 17.3 21.7 12:40 14.9 23:55 1.6 0.6 4.6 2.4 22.5 15:15 SSE 24 17.5 22.7 16:05 13.9 6:55 1.7 0.9 0.0 2.1 20.9 13:40 WSW 25 17.7 23.9 14:40 13.2 00:00 1.8 1.2 0.0 2.9 20.9 13:45 ESE 26 16.8 24.6 15:10 10.8 5:40 2.8 1.3 0.0 1.8 17.7 17:15 SE 27 18.7 25.0 14:20 14.7 23:55 1.4 1.8 0.0 2.4 17.7 15:25 NNW 28 16.4 21.3 9:55 14.1 4:50 2.0 0.2 49.0 1.8 22.5 13:10 NNW 29 19.1 25.5 13:35 15.2 6:50 0.9 1.7 0.0 1.6 14.5 16:40 ESE 30 18.5 23.4 13:00 16.3 5:30 0.8 1.0 2.6 1.1 16.1 13:45 ESE ------------------------------------------------------------------------------------- 20.8 31.9 1 10.8 26 18.2 94.2 135.0 2.8 56.3 11 ESE Max >= 32.0: 0 Max <= 0.0: 0 Min <= 0.0: 0 Min <= -18.0: 0 Max Rain: 49.00 ON 28/09/14 Days of Rain: 10 (> .2 mm) 8 (> 2 mm) 2 (> 20 mm) Heat Base: 18.3 Cool Base: 18.3 Method: Integration