Resums mensuals i anuals

2019: Gen | Feb | Mar | Abr | Mai | Jun | Jul | Ago | Sep | Oct | Nov | Des 
2018: Gen | Feb | Mar | Abr | Mai | Jun | Jul | Ago | Sep | Oct | Nov | Des 
2017: Gen | Feb | Mar | Abr | Mai | Jun | Jul | Ago | Sep | Oct | Nov | Des 
2016: Gen | Feb | Mar | Abr | Mai | Jun | Jul | Ago | Sep | Oct | Nov | Des 
2015: Gen | Feb | Mar | Abr | Mai | Jun | Jul | Ago | Sep | Oct | Nov | Des 
2014: Gen | Feb | Mar | Abr | Mai | Jun | Jul | Ago | Sep | Oct | Nov | Des 
2013: Gen | Feb | Mar | Abr | Mai | Jun | Jul | Ago | Sep | Oct | Nov | Des 
2012: Gen | Feb | Mar | Abr | Mai | Jun | Jul | Ago | Sep | Oct | Nov | Des 
2011: Gen | Feb | Mar | Abr | Mai | Jun | Jul | Ago | Sep | Oct | Nov | Des 
2010: Gen | Feb | Mar | Abr | Mai | Jun | Jul | Ago | Sep | Oct | Nov | Des 

Resum pel 08 2014
MONTHLY CLIMATOLOGICAL SUMMARY for AUG. 2014 NAME: Vantage VUE CITY: Santpedor STATE: Bages ELEV: 325 m LAT: 41 47' 08" N LONG: 1 50' 24" E TEMPERATURE (C), RAIN (mm), WIND SPEED (km/hr) HEAT COOL AVG MEAN DEG DEG WIND DOM DAY TEMP HIGH TIME LOW TIME DAYS DAYS RAIN SPEED HIGH TIME DIR ------------------------------------------------------------------------------------ 1 22.2 30.8 12:55 18.6 5:30 0.0 3.9 5.8 4.0 29.0 14:25 ESE 2 20.6 26.9 10:40 16.9 00:00 0.1 2.4 0.4 2.7 27.4 14:55 ESE 3 22.4 29.4 12:05 14.8 5:10 0.6 4.7 0.0 4.5 27.4 14:30 SE 4 23.0 30.6 13:35 17.4 5:30 0.0 4.7 1.8 3.7 29.0 14:50 ESE 5 23.1 28.7 12:15 18.4 2:55 0.0 4.7 0.6 4.7 30.6 14:50 SE 6 23.8 32.7 12:45 16.8 5:00 0.2 5.6 0.0 5.3 29.0 12:45 ESE 7 25.0 31.3 13:10 20.7 4:05 0.0 6.7 0.0 4.5 29.0 17:00 ESE 8 24.5 31.4 14:45 18.9 5:15 0.0 6.2 1.2 4.0 27.4 15:55 SE 9 24.6 30.9 15:45 18.4 4:35 0.0 6.3 0.0 3.5 22.5 13:35 ESE 10 26.8 35.7 14:30 17.4 5:00 0.0 8.5 0.0 3.9 30.6 14:30 ESE 11 25.5 32.1 12:30 20.6 23:55 0.0 7.2 0.0 4.8 30.6 15:55 SE 12 23.4 28.2 15:15 19.4 1:45 0.0 5.2 0.0 4.8 27.4 12:15 SSE 13 23.8 29.2 13:50 19.8 23:55 0.0 5.5 0.0 6.9 38.6 11:30 SSE 14 21.2 27.4 16:35 14.9 5:00 0.5 3.4 0.0 5.1 32.2 12:00 W 15 21.2 28.7 14:10 14.4 5:05 0.6 3.5 0.0 5.3 33.8 14:30 SSE 16 20.7 25.6 15:30 16.9 4:15 0.1 2.6 0.0 5.3 30.6 12:25 SE 17 22.1 29.9 15:35 15.4 5:25 0.4 4.2 0.0 4.5 29.0 15:50 ESE 18 23.1 30.3 12:55 17.4 5:30 0.0 4.8 0.0 4.5 33.8 13:55 ESE 19 22.7 29.0 12:25 17.0 5:15 0.1 4.4 0.0 5.8 33.8 13:45 SE 20 21.0 25.3 16:35 17.0 9:05 0.1 2.8 18.2 3.7 37.0 8:15 SSE 21 19.4 24.4 16:35 17.0 8:55 0.4 1.5 8.0 1.8 14.5 18:05 NE 22 18.4 21.9 12:00 15.6 23:40 0.6 0.8 24.4 2.1 32.2 13:30 NNW 23 19.8 26.1 15:45 15.5 1:05 0.9 2.4 0.4 3.1 20.9 18:10 SE 24 22.2 27.7 13:25 17.5 5:45 0.1 3.9 0.0 3.9 27.4 14:20 SE 25 23.6 30.1 14:55 18.6 4:50 0.0 5.3 0.0 4.0 24.1 13:00 SE 26 25.2 33.6 15:45 18.4 5:25 0.0 6.9 0.0 3.5 29.0 13:50 WSW 27 24.2 30.6 13:00 19.3 5:20 0.0 5.9 0.0 4.7 30.6 14:20 SE 28 24.3 31.5 13:40 17.6 5:10 0.0 6.1 0.0 4.0 25.7 14:30 SE 29 23.3 29.3 14:25 19.1 5:05 0.0 5.0 0.0 3.1 22.5 14:40 SSE 30 22.7 29.6 14:30 17.6 5:00 0.0 4.5 0.0 3.1 24.1 17:00 ESE 31 23.4 30.1 13:50 18.3 5:25 0.0 5.1 0.0 3.9 25.7 15:50 ESE ------------------------------------------------------------------------------------- 22.8 35.7 10 14.4 15 4.8 144.6 60.8 4.2 38.6 13 SE Max >= 32.0: 4 Max <= 0.0: 0 Min <= 0.0: 0 Min <= -18.0: 0 Max Rain: 24.41 ON 22/08/14 Days of Rain: 9 (> .2 mm) 4 (> 2 mm) 1 (> 20 mm) Heat Base: 18.3 Cool Base: 18.3 Method: Integration