Resums mensuals i anuals

2019: Gen | Feb | Mar | Abr | Mai | Jun | Jul | Ago | Sep | Oct | Nov | Des 
2018: Gen | Feb | Mar | Abr | Mai | Jun | Jul | Ago | Sep | Oct | Nov | Des 
2017: Gen | Feb | Mar | Abr | Mai | Jun | Jul | Ago | Sep | Oct | Nov | Des 
2016: Gen | Feb | Mar | Abr | Mai | Jun | Jul | Ago | Sep | Oct | Nov | Des 
2015: Gen | Feb | Mar | Abr | Mai | Jun | Jul | Ago | Sep | Oct | Nov | Des 
2014: Gen | Feb | Mar | Abr | Mai | Jun | Jul | Ago | Sep | Oct | Nov | Des 
2013: Gen | Feb | Mar | Abr | Mai | Jun | Jul | Ago | Sep | Oct | Nov | Des 
2012: Gen | Feb | Mar | Abr | Mai | Jun | Jul | Ago | Sep | Oct | Nov | Des 
2011: Gen | Feb | Mar | Abr | Mai | Jun | Jul | Ago | Sep | Oct | Nov | Des 
2010: Gen | Feb | Mar | Abr | Mai | Jun | Jul | Ago | Sep | Oct | Nov | Des 

Resum pel 06 2014
MONTHLY CLIMATOLOGICAL SUMMARY for JUN. 2014 NAME: Vantage VUE CITY: Santpedor STATE: Bages ELEV: 325 m LAT: 41 47' 08" N LONG: 1 50' 24" E TEMPERATURE (C), RAIN (mm), WIND SPEED (km/hr) HEAT COOL AVG MEAN DEG DEG WIND DOM DAY TEMP HIGH TIME LOW TIME DAYS DAYS RAIN SPEED HIGH TIME DIR ------------------------------------------------------------------------------------ 1 17.8 25.7 13:50 9.4 2:25 2.5 2.0 0.0 3.9 27.4 17:05 SE 2 18.3 25.0 14:20 11.4 4:45 1.6 1.5 0.0 4.5 32.2 14:50 ESE 3 19.2 26.3 13:35 13.8 4:15 1.4 2.2 0.0 4.7 29.0 16:20 SSE 4 19.0 28.7 13:20 11.1 4:15 1.7 2.4 1.0 4.7 35.4 15:55 SSE 5 20.0 26.6 15:20 14.2 2:25 1.1 2.8 0.0 4.3 25.7 12:15 SSE 6 20.1 28.4 15:10 13.1 5:45 1.4 3.3 0.0 3.7 27.4 13:30 SSE 7 23.2 30.7 11:35 14.2 3:50 0.7 5.6 0.0 3.5 25.7 14:45 ESE 8 24.6 32.7 12:10 15.1 4:25 0.4 6.7 0.0 3.9 27.4 13:00 ESE 9 25.7 32.8 13:10 18.7 5:15 0.0 7.4 0.0 3.4 24.1 13:35 ESE 10 24.6 32.7 12:50 15.1 4:40 0.3 6.6 0.0 4.3 29.0 13:30 SSE 11 24.3 32.5 13:40 15.4 4:05 0.3 6.4 0.0 4.3 30.6 14:30 ESE 12 24.2 33.4 11:35 17.5 4:20 0.0 5.9 0.0 2.6 33.8 12:30 ESE 13 23.2 33.6 12:50 16.2 4:25 0.2 5.1 7.2 2.7 38.6 15:15 ESE 14 22.4 32.1 13:35 15.9 19:15 0.5 4.6 10.6 5.0 32.2 15:50 W 15 19.8 27.3 11:25 15.5 5:40 0.7 2.2 0.6 3.7 32.2 13:50 ESE 16 20.3 25.8 15:00 14.5 5:05 0.9 2.9 0.2 3.7 27.4 11:15 ESE 17 17.8 25.8 11:30 13.4 23:45 1.8 1.3 29.8 3.9 30.6 12:15 ESE 18 18.2 24.7 14:55 12.3 5:05 2.1 2.0 4.2 5.1 30.6 16:05 ESE 19 19.4 28.0 14:25 11.4 4:45 1.9 3.1 0.0 3.7 25.7 16:40 ESE 20 22.7 30.8 13:55 14.6 4:55 0.7 5.1 0.0 4.0 32.2 15:45 SE 21 23.4 32.0 12:10 14.9 4:20 0.5 5.6 0.0 4.3 30.6 15:30 SE 22 21.9 28.2 14:55 14.7 4:15 0.6 4.2 0.0 3.9 27.4 16:50 SSE 23 23.8 29.7 11:50 18.1 1:45 0.0 5.5 0.0 4.0 29.0 13:50 SSE 24 19.4 25.6 9:15 15.7 00:00 0.3 1.5 1.4 2.3 32.2 10:40 ESE 25 19.1 24.7 14:55 14.4 3:05 0.9 1.7 0.2 2.3 20.9 16:35 NW 26 20.9 28.6 14:15 15.6 4:35 0.6 3.1 0.2 3.4 32.2 15:15 W 27 21.7 29.3 12:35 13.2 4:40 0.9 4.3 0.0 5.1 37.0 13:20 SSE 28 23.7 31.8 13:55 15.8 4:55 0.4 5.8 0.0 5.1 38.6 14:20 SE 29 21.1 27.7 15:20 15.6 23:10 0.4 3.2 0.0 6.6 35.4 14:35 WSW 30 20.6 27.8 13:15 13.6 5:20 1.0 3.3 0.0 5.5 32.2 13:30 SE ------------------------------------------------------------------------------------- 21.3 33.6 13 9.4 1 25.9 117.1 55.4 4.1 38.6 13 ESE Max >= 32.0: 8 Max <= 0.0: 0 Min <= 0.0: 0 Min <= -18.0: 0 Max Rain: 29.79 ON 17/06/14 Days of Rain: 10 (> .2 mm) 4 (> 2 mm) 1 (> 20 mm) Heat Base: 18.3 Cool Base: 18.3 Method: Integration