Resums mensuals i anuals

2019: Gen | Feb | Mar | Abr | Mai | Jun | Jul | Ago | Sep | Oct | Nov | Des 
2018: Gen | Feb | Mar | Abr | Mai | Jun | Jul | Ago | Sep | Oct | Nov | Des 
2017: Gen | Feb | Mar | Abr | Mai | Jun | Jul | Ago | Sep | Oct | Nov | Des 
2016: Gen | Feb | Mar | Abr | Mai | Jun | Jul | Ago | Sep | Oct | Nov | Des 
2015: Gen | Feb | Mar | Abr | Mai | Jun | Jul | Ago | Sep | Oct | Nov | Des 
2014: Gen | Feb | Mar | Abr | Mai | Jun | Jul | Ago | Sep | Oct | Nov | Des 
2013: Gen | Feb | Mar | Abr | Mai | Jun | Jul | Ago | Sep | Oct | Nov | Des 
2012: Gen | Feb | Mar | Abr | Mai | Jun | Jul | Ago | Sep | Oct | Nov | Des 
2011: Gen | Feb | Mar | Abr | Mai | Jun | Jul | Ago | Sep | Oct | Nov | Des 
2010: Gen | Feb | Mar | Abr | Mai | Jun | Jul | Ago | Sep | Oct | Nov | Des 

Resum pel 04 2014
MONTHLY CLIMATOLOGICAL SUMMARY for APR. 2014 NAME: Vantage VUE CITY: Santpedor STATE: Bages ELEV: 325 m LAT: 41 47' 08" N LONG: 1 50' 24" E TEMPERATURE (C), RAIN (mm), WIND SPEED (km/hr) HEAT COOL AVG MEAN DEG DEG WIND DOM DAY TEMP HIGH TIME LOW TIME DAYS DAYS RAIN SPEED HIGH TIME DIR ------------------------------------------------------------------------------------ 1 12.9 19.2 12:20 8.9 6:10 5.5 0.0 0.0 3.1 22.5 14:25 ESE 2 12.8 18.4 14:15 6.4 6:20 5.5 0.0 0.0 2.6 24.1 14:35 ESE 3 12.4 16.2 11:20 9.4 21:35 5.9 0.0 8.8 5.1 35.4 11:30 NNW 4 13.3 20.2 15:15 8.9 4:45 5.1 0.1 0.2 3.7 32.2 13:00 W 5 14.3 23.6 16:40 4.7 5:10 5.3 1.3 0.0 3.1 24.1 14:50 W 6 14.9 23.1 14:10 6.8 5:30 4.4 1.0 0.0 3.2 25.7 14:50 SE 7 16.1 25.4 12:50 7.7 5:30 3.8 1.6 0.0 3.2 25.7 14:25 ESE 8 15.8 22.8 12:50 9.3 5:10 3.3 0.8 0.0 3.9 29.0 15:30 SSE 9 16.3 24.9 13:45 9.9 5:50 3.2 1.2 0.0 2.9 20.9 14:10 ESE 10 16.3 24.6 13:05 9.6 5:25 3.4 1.4 0.0 4.0 29.0 15:10 SSE 11 16.6 25.1 14:10 11.3 6:00 3.1 1.4 6.6 4.0 29.0 14:20 ESE 12 15.3 24.2 13:05 9.0 5:55 3.9 0.9 0.2 2.1 20.9 14:25 ESE 13 17.1 24.3 14:45 9.9 4:50 2.8 1.5 0.2 2.6 22.5 17:15 WSW 14 16.8 24.3 15:15 10.4 5:45 2.9 1.5 0.0 3.2 27.4 14:45 ESE 15 18.2 26.4 14:55 11.5 4:20 2.2 2.1 0.0 3.1 25.7 15:55 ESE 16 16.2 24.3 13:20 10.2 5:30 3.2 1.1 0.0 4.2 29.0 16:05 SE 17 14.9 22.8 14:35 6.8 5:15 4.3 0.9 0.0 3.7 25.7 13:50 SE 18 17.1 25.9 13:15 8.3 5:15 3.4 2.2 0.0 2.9 24.1 14:40 SW 19 13.9 19.2 12:35 8.1 5:20 4.4 0.1 0.0 6.0 30.6 13:25 SSE 20 11.8 15.1 15:45 9.5 3:15 6.5 0.0 5.0 2.3 17.7 19:30 NE 21 12.8 16.5 12:45 11.5 7:30 5.5 0.0 6.4 1.4 14.5 12:45 ESE 22 13.9 21.6 14:50 10.7 22:45 4.6 0.2 0.4 2.7 27.4 15:20 NNW 23 16.4 22.7 13:55 10.3 2:05 3.1 1.2 0.0 3.7 30.6 15:35 W 24 16.0 22.2 12:30 10.6 4:50 3.1 0.8 1.0 4.8 33.8 14:10 ESE 25 14.5 20.9 14:05 10.1 00:00 4.1 0.4 0.2 5.1 40.2 15:55 W 26 14.2 21.0 16:25 5.2 5:15 4.6 0.5 1.2 4.3 35.4 17:05 W 27 14.9 20.6 13:35 8.2 5:10 3.8 0.3 0.0 6.3 38.6 14:30 W 28 14.0 21.4 14:05 5.5 5:00 4.9 0.6 0.0 4.7 37.0 14:10 W 29 14.7 22.9 14:25 6.7 5:40 4.3 0.7 0.0 4.7 29.0 12:15 ESE 30 15.3 23.1 13:35 8.7 5:25 3.7 0.7 0.0 4.3 29.0 15:25 SE ------------------------------------------------------------------------------------- 15.0 26.4 15 4.7 5 123.7 24.4 30.2 3.7 40.2 25 ESE Max >= 32.0: 0 Max <= 0.0: 0 Min <= 0.0: 0 Min <= -18.0: 0 Max Rain: 8.79 ON 03/04/14 Days of Rain: 11 (> .2 mm) 4 (> 2 mm) 0 (> 20 mm) Heat Base: 18.3 Cool Base: 18.3 Method: Integration