Resums mensuals i anuals

2019: Gen | Feb | Mar | Abr | Mai | Jun | Jul | Ago | Sep | Oct | Nov | Des 
2018: Gen | Feb | Mar | Abr | Mai | Jun | Jul | Ago | Sep | Oct | Nov | Des 
2017: Gen | Feb | Mar | Abr | Mai | Jun | Jul | Ago | Sep | Oct | Nov | Des 
2016: Gen | Feb | Mar | Abr | Mai | Jun | Jul | Ago | Sep | Oct | Nov | Des 
2015: Gen | Feb | Mar | Abr | Mai | Jun | Jul | Ago | Sep | Oct | Nov | Des 
2014: Gen | Feb | Mar | Abr | Mai | Jun | Jul | Ago | Sep | Oct | Nov | Des 
2013: Gen | Feb | Mar | Abr | Mai | Jun | Jul | Ago | Sep | Oct | Nov | Des 
2012: Gen | Feb | Mar | Abr | Mai | Jun | Jul | Ago | Sep | Oct | Nov | Des 
2011: Gen | Feb | Mar | Abr | Mai | Jun | Jul | Ago | Sep | Oct | Nov | Des 
2010: Gen | Feb | Mar | Abr | Mai | Jun | Jul | Ago | Sep | Oct | Nov | Des 

Resum pel 01 2014
MONTHLY CLIMATOLOGICAL SUMMARY for JAN. 2014 NAME: Vantage VUE CITY: Santpedor STATE: Bages ELEV: 325 m LAT: 41 47' 08" N LONG: 1 50' 24" E TEMPERATURE (C), RAIN (mm), WIND SPEED (km/hr) HEAT COOL AVG MEAN DEG DEG WIND DOM DAY TEMP HIGH TIME LOW TIME DAYS DAYS RAIN SPEED HIGH TIME DIR ------------------------------------------------------------------------------------ 1 5.2 12.5 13:55 -0.8 5:55 13.1 0.0 0.0 1.1 20.9 14:55 ESE 2 9.1 15.4 13:20 5.4 6:30 9.2 0.0 0.0 1.4 24.1 13:50 NNW 3 11.2 17.5 14:55 5.8 7:20 7.1 0.0 0.0 1.6 29.0 13:05 W 4 9.7 15.8 12:40 6.6 23:20 8.6 0.0 5.6 2.4 41.8 21:30 W 5 7.3 11.1 14:55 3.4 8:10 11.0 0.0 0.0 3.4 37.0 4:10 W 6 8.3 14.9 15:20 2.9 7:30 10.0 0.0 0.0 1.4 11.3 15:30 NNW 7 8.2 15.3 14:40 3.3 7:25 10.1 0.0 0.0 0.6 8.0 13:45 ESE 8 6.5 14.2 15:15 2.4 8:35 11.8 0.0 0.2 0.5 4.8 1:00 ESE 9 5.4 12.3 14:10 0.4 5:55 12.8 0.0 0.2 0.3 6.4 10:45 ESE 10 4.6 10.2 14:30 0.5 6:25 13.7 0.0 0.0 0.6 8.0 13:30 ESE 11 8.2 12.2 14:45 4.2 0:05 10.1 0.0 0.0 0.6 9.7 1:40 ESE 12 8.9 12.6 14:10 6.3 20:35 9.3 0.0 0.0 1.1 12.9 14:05 W 13 7.7 9.4 12:50 4.5 23:50 10.6 0.0 1.6 1.1 17.7 19:35 ESE 14 4.9 10.8 15:10 0.8 6:25 13.4 0.0 0.2 1.3 16.1 17:10 ESE 15 5.1 8.7 15:00 2.1 5:35 13.2 0.0 0.0 0.8 11.3 4:45 ESE 16 7.2 11.3 14:05 4.1 7:20 11.1 0.0 1.0 0.6 8.0 16:10 ESE 17 6.4 12.2 14:55 1.8 23:45 11.8 0.0 0.2 1.9 22.5 11:55 NNW 18 4.4 9.0 17:30 0.4 4:50 13.8 0.0 24.6 1.6 17.7 17:50 ESE 19 6.8 10.9 15:00 4.1 7:35 11.5 0.0 0.4 1.4 19.3 15:30 W 20 6.0 12.2 15:25 1.8 00:00 12.3 0.0 0.0 1.8 16.1 15:30 ESE 21 4.2 10.9 15:35 -0.4 7:15 14.1 0.0 0.0 1.9 22.5 13:55 NNW 22 2.6 5.3 15:55 -0.6 4:25 15.7 0.0 1.6 0.6 6.4 4:05 ESE 23 4.3 8.3 15:40 1.7 22:30 14.0 0.0 0.2 1.4 14.5 15:30 ESE 24 7.8 14.3 15:55 2.5 7:40 10.5 0.0 0.0 4.0 33.8 15:15 W 25 7.6 12.2 15:45 4.5 5:40 10.7 0.0 0.0 1.6 14.5 0:10 NNW 26 9.2 16.0 15:50 3.5 5:30 9.1 0.0 0.2 1.8 16.1 15:20 ESE 27 9.0 14.7 13:30 5.6 23:55 9.3 0.0 0.0 5.5 38.6 13:50 W 28 5.8 9.6 15:20 2.4 6:10 12.5 0.0 0.0 3.5 27.4 0:20 W 29 5.5 10.8 14:35 1.4 7:45 12.8 0.0 5.6 2.4 19.3 21:05 ESE 30 5.4 10.0 14:55 2.1 23:55 12.9 0.0 1.6 1.9 17.7 11:30 ESE 31 4.6 11.4 15:10 0.1 7:15 13.7 0.0 0.0 1.3 12.9 15:10 W ------------------------------------------------------------------------------------- 6.7 17.5 3 -0.8 1 359.9 0.0 43.2 1.7 41.8 4 ESE Max >= 32.0: 0 Max <= 0.0: 0 Min <= 0.0: 3 Min <= -18.0: 0 Max Rain: 24.61 ON 18/01/14 Days of Rain: 14 (> .2 mm) 3 (> 2 mm) 1 (> 20 mm) Heat Base: 18.3 Cool Base: 18.3 Method: Integration