Resums mensuals i anuals

2020: Gen | Feb | Mar | Abr | Mai | Jun | Jul | Ago | Sep | Oct | Nov | Des 
2019: Gen | Feb | Mar | Abr | Mai | Jun | Jul | Ago | Sep | Oct | Nov | Des 
2018: Gen | Feb | Mar | Abr | Mai | Jun | Jul | Ago | Sep | Oct | Nov | Des 
2017: Gen | Feb | Mar | Abr | Mai | Jun | Jul | Ago | Sep | Oct | Nov | Des 
2016: Gen | Feb | Mar | Abr | Mai | Jun | Jul | Ago | Sep | Oct | Nov | Des 
2015: Gen | Feb | Mar | Abr | Mai | Jun | Jul | Ago | Sep | Oct | Nov | Des 
2014: Gen | Feb | Mar | Abr | Mai | Jun | Jul | Ago | Sep | Oct | Nov | Des 
2013: Gen | Feb | Mar | Abr | Mai | Jun | Jul | Ago | Sep | Oct | Nov | Des 
2012: Gen | Feb | Mar | Abr | Mai | Jun | Jul | Ago | Sep | Oct | Nov | Des 
2011: Gen | Feb | Mar | Abr | Mai | Jun | Jul | Ago | Sep | Oct | Nov | Des 
2010: Gen | Feb | Mar | Abr | Mai | Jun | Jul | Ago | Sep | Oct | Nov | Des 

Resum pel 2014
ANNUAL CLIMATOLOGICAL SUMMARY NAME: Vantage VUE CITY: Santpedor STATE: Bages ELEV: 325 m LAT: 41° 47' 08" N LONG: 1° 50' 24" E TEMPERATURE (°C), HEAT BASE 18.3, COOL BASE 18.3 DEP. HEAT COOL MEAN MEAN FROM DEG DEG MAX MAX MIN MIN YR MO MAX MIN MEAN NORM DAYS DAYS HI DATE LOW DATE >=32 <=0 <=0 <=-18 ------------------------------------------------------------------------------------ 14 1 12.0 2.7 6.7 0.4 360 0 17.5 3 -0.8 1 0 0 3 0 14 2 13.4 2.4 7.5 -0.1 304 0 20.3 14 -1.4 3 0 0 6 0 14 3 17.7 4.0 10.6 0.1 244 4 26.3 17 -0.2 24 0 0 1 0 14 4 22.1 8.8 15.0 1.3 124 24 26.4 15 4.7 5 0 0 0 0 14 5 23.3 9.9 16.2 -1.5 99 34 30.6 10 6.5 24 0 0 0 0 14 6 29.0 14.5 21.3 -0.7 26 117 33.6 13 9.4 1 8 0 0 0 14 7 29.9 16.4 22.8 -2.1 11 151 33.6 17 12.3 8 10 0 0 0 14 8 29.3 17.6 22.8 -1.5 5 145 35.7 10 14.4 15 4 0 0 0 14 9 27.3 16.2 20.8 -1.7 18 94 31.9 1 10.8 26 0 0 0 0 14 10 24.5 12.1 17.4 0.1 74 45 29.4 20 7.6 24 0 0 0 0 14 11 15.8 7.2 11.1 1.1 217 1 20.7 2 2.0 6 0 0 0 0 14 12 10.4 1.7 5.4 -0.7 400 0 15.2 1 -3.4 31 0 0 12 0 ------------------------------------------------------------------------------------ 21.3 9.5 14.8 -0.4 1881 615 35.7 AUG -3.4 DEC 22 0 22 0 PRECIPITATION (mm) DEP. MAX DAYS OF RAIN FROM OBS. OVER YR MO TOTAL NORM DAY DATE .2 2 20 --------------------------------------------- 14 1 43.2 15.4 24.6 18 14 3 1 14 2 27.4 10.4 9.2 16 6 5 0 14 3 6.8 -18.2 6.8 30 1 1 0 14 4 30.2 -20.0 8.8 3 11 4 0 14 5 44.4 -18.0 21.4 30 8 4 1 14 6 55.4 14.2 29.8 17 10 4 1 14 7 43.0 12.5 25.6 7 6 5 1 14 8 60.8 9.7 24.4 22 9 4 1 14 9 135.0 77.9 49.0 28 10 8 2 14 10 33.0 -36.5 18.2 4 5 2 0 14 11 142.0 102.2 42.8 29 16 9 3 14 12 19.0 -16.6 8.6 15 7 4 0 --------------------------------------------- 640.2 133.0 49.0 SEP 103 53 10 WIND SPEED (km/hr) DOM YR MO AVG. HI DATE DIR --------------------------------- 14 1 1.7 41.8 4 ESE 14 2 2.7 46.7 28 W 14 3 3.4 54.7 25 ESE 14 4 3.7 40.2 25 ESE 14 5 4.3 45.1 30 ESE 14 6 4.1 38.6 13 ESE 14 7 4.3 41.8 3 ESE 14 8 4.2 38.6 13 SE 14 9 2.8 56.3 11 ESE 14 10 1.7 32.2 4 ESE 14 11 1.8 41.8 15 W 14 12 1.9 54.7 9 W --------------------------------- 3.1 56.3 SEP ESE