Resums mensuals i anuals

2019: Gen | Feb | Mar | Abr | Mai | Jun | Jul | Ago | Sep | Oct | Nov | Des 
2018: Gen | Feb | Mar | Abr | Mai | Jun | Jul | Ago | Sep | Oct | Nov | Des 
2017: Gen | Feb | Mar | Abr | Mai | Jun | Jul | Ago | Sep | Oct | Nov | Des 
2016: Gen | Feb | Mar | Abr | Mai | Jun | Jul | Ago | Sep | Oct | Nov | Des 
2015: Gen | Feb | Mar | Abr | Mai | Jun | Jul | Ago | Sep | Oct | Nov | Des 
2014: Gen | Feb | Mar | Abr | Mai | Jun | Jul | Ago | Sep | Oct | Nov | Des 
2013: Gen | Feb | Mar | Abr | Mai | Jun | Jul | Ago | Sep | Oct | Nov | Des 
2012: Gen | Feb | Mar | Abr | Mai | Jun | Jul | Ago | Sep | Oct | Nov | Des 
2011: Gen | Feb | Mar | Abr | Mai | Jun | Jul | Ago | Sep | Oct | Nov | Des 
2010: Gen | Feb | Mar | Abr | Mai | Jun | Jul | Ago | Sep | Oct | Nov | Des 

Resum pel 11 2013
MONTHLY CLIMATOLOGICAL SUMMARY for NOV. 2013 NAME: Vantage VUE CITY: Santpedor STATE: Bages ELEV: 325 m LAT: 41 47' 08" N LONG: 1 50' 24" E TEMPERATURE (C), RAIN (mm), WIND SPEED (km/hr) HEAT COOL AVG MEAN DEG DEG WIND DOM DAY TEMP HIGH TIME LOW TIME DAYS DAYS RAIN SPEED HIGH TIME DIR ------------------------------------------------------------------------------------ 1 11.7 19.8 13:15 4.6 4:45 6.8 0.1 0.0 1.8 22.5 13:40 W 2 15.3 23.0 14:00 9.6 6:35 3.7 0.7 0.0 2.4 19.3 15:10 NNW 3 14.6 22.2 14:10 9.2 4:55 4.2 0.5 0.0 4.0 32.2 14:50 SSE 4 13.4 17.3 15:00 10.3 4:50 4.8 0.0 0.0 5.1 33.8 13:50 W 5 15.9 23.7 15:15 8.1 7:10 3.7 1.3 0.0 4.0 38.6 13:50 W 6 17.7 24.8 14:35 12.3 00:00 2.2 1.6 0.0 2.3 20.9 13:50 NNW 7 15.7 24.5 14:50 9.1 6:40 3.6 1.1 0.0 1.3 19.3 14:40 SW 8 14.8 20.4 12:05 10.3 6:20 3.7 0.2 0.0 1.9 17.7 12:20 W 9 12.7 16.0 14:25 9.2 7:05 5.6 0.0 0.0 3.7 24.1 18:50 W 10 12.2 17.4 14:30 6.6 6:50 6.1 0.0 0.0 1.8 14.5 12:30 NE 11 13.1 21.5 13:50 6.7 6:35 5.5 0.4 0.0 1.9 24.1 15:00 ESE 12 12.4 20.7 14:35 5.3 6:35 6.2 0.2 0.0 1.6 14.5 15:45 ESE 13 13.0 19.4 15:10 8.8 5:40 5.4 0.1 0.0 1.1 12.9 8:10 ESE 14 11.7 18.2 15:45 6.8 7:05 6.6 0.0 0.0 3.4 27.4 14:00 W 15 7.4 14.1 13:25 1.9 6:55 10.9 0.0 0.0 2.7 25.7 11:55 ESE 16 9.7 13.7 10:25 2.7 0:20 8.6 0.0 11.0 7.4 53.1 10:00 NE 17 10.8 13.1 11:15 9.6 8:05 7.5 0.0 41.8 5.8 37.0 20:15 NNE 18 10.7 12.3 14:05 9.7 23:55 7.7 0.0 24.8 5.5 29.0 13:50 NNE 19 10.2 13.1 12:30 6.6 23:40 8.1 0.0 0.0 1.6 24.1 4:45 ESE 20 6.8 10.5 14:45 2.3 22:20 11.5 0.0 0.0 5.1 51.5 10:45 WNW 21 6.6 10.9 15:45 2.3 1:30 11.7 0.0 0.0 4.5 27.4 17:55 W 22 6.3 10.8 11:10 1.8 00:00 11.9 0.0 0.0 5.0 35.4 13:10 W 23 4.7 11.7 13:20 -0.2 5:00 13.6 0.0 0.0 2.7 29.0 13:55 ESE 24 3.7 9.6 12:45 -0.1 6:50 14.6 0.0 0.0 1.1 9.7 9:50 ESE 25 3.4 10.1 14:00 -1.4 6:10 14.9 0.0 0.0 1.4 19.3 14:30 ESE 26 2.7 9.1 14:45 -1.4 6:25 15.6 0.0 0.0 1.6 14.5 13:45 ESE 27 2.3 7.8 15:00 -3.2 6:55 15.9 0.0 0.2 1.9 16.1 20:00 ESE 28 2.9 10.2 14:35 -2.1 7:10 15.4 0.0 0.0 1.3 12.9 13:50 ESE 29 1.7 9.0 14:35 -3.2 6:10 16.6 0.0 0.0 1.3 12.9 14:40 ESE 30 2.2 7.2 13:40 -1.1 00:00 16.1 0.0 0.0 1.6 19.3 17:25 NE ------------------------------------------------------------------------------------- 9.5 24.8 6 -3.2 27 268.8 6.2 77.8 2.9 53.1 16 W Max >= 32.0: 0 Max <= 0.0: 0 Min <= 0.0: 8 Min <= -18.0: 0 Max Rain: 41.81 ON 17/11/13 Days of Rain: 4 (> .2 mm) 3 (> 2 mm) 2 (> 20 mm) Heat Base: 18.3 Cool Base: 18.3 Method: Integration