Resums mensuals i anuals

2019: Gen | Feb | Mar | Abr | Mai | Jun | Jul | Ago | Sep | Oct | Nov | Des 
2018: Gen | Feb | Mar | Abr | Mai | Jun | Jul | Ago | Sep | Oct | Nov | Des 
2017: Gen | Feb | Mar | Abr | Mai | Jun | Jul | Ago | Sep | Oct | Nov | Des 
2016: Gen | Feb | Mar | Abr | Mai | Jun | Jul | Ago | Sep | Oct | Nov | Des 
2015: Gen | Feb | Mar | Abr | Mai | Jun | Jul | Ago | Sep | Oct | Nov | Des 
2014: Gen | Feb | Mar | Abr | Mai | Jun | Jul | Ago | Sep | Oct | Nov | Des 
2013: Gen | Feb | Mar | Abr | Mai | Jun | Jul | Ago | Sep | Oct | Nov | Des 
2012: Gen | Feb | Mar | Abr | Mai | Jun | Jul | Ago | Sep | Oct | Nov | Des 
2011: Gen | Feb | Mar | Abr | Mai | Jun | Jul | Ago | Sep | Oct | Nov | Des 
2010: Gen | Feb | Mar | Abr | Mai | Jun | Jul | Ago | Sep | Oct | Nov | Des 

Resum pel 10 2013
MONTHLY CLIMATOLOGICAL SUMMARY for OCT. 2013 NAME: Vantage VUE CITY: Santpedor STATE: Bages ELEV: 325 m LAT: 41 47' 08" N LONG: 1 50' 24" E TEMPERATURE (C), RAIN (mm), WIND SPEED (km/hr) HEAT COOL AVG MEAN DEG DEG WIND DOM DAY TEMP HIGH TIME LOW TIME DAYS DAYS RAIN SPEED HIGH TIME DIR ------------------------------------------------------------------------------------ 1 22.7 29.7 13:30 15.1 6:00 0.6 5.0 0.0 3.4 30.6 15:15 WSW 2 22.6 30.1 15:20 16.4 5:50 0.2 4.5 0.0 2.4 17.7 15:55 SSE 3 21.6 24.3 13:15 18.6 2:40 0.0 3.3 0.2 3.7 20.9 15:45 NNW 4 19.7 24.8 13:35 14.6 23:00 0.8 2.2 15.4 2.7 46.7 15:55 NNW 5 18.2 23.6 13:25 14.4 1:10 1.5 1.3 0.4 1.9 14.5 14:40 NNW 6 18.3 24.4 15:50 14.2 4:40 1.4 1.4 0.0 2.4 20.9 17:05 WSW 7 17.9 23.4 14:20 14.3 5:50 1.6 1.2 0.0 1.8 17.7 18:10 SSE 8 17.4 23.9 14:05 11.9 5:55 2.1 1.2 0.0 2.3 22.5 15:50 SE 9 16.7 22.2 13:55 13.1 23:40 2.3 0.7 0.0 2.3 17.7 8:20 ESE 10 16.3 21.3 12:50 10.7 6:45 2.7 0.6 0.0 3.1 22.5 13:05 W 11 13.1 15.5 12:30 11.3 19:15 5.2 0.0 0.0 5.5 30.6 12:35 SSE 12 13.6 19.3 14:00 7.7 5:40 4.8 0.1 0.0 3.2 29.0 13:10 W 13 14.8 23.2 14:35 6.2 5:55 4.4 0.8 0.0 1.6 20.9 15:15 ESE 14 16.7 23.8 15:00 10.5 6:15 2.9 1.3 0.0 1.9 20.9 13:20 ESE 15 17.6 23.2 13:05 12.6 6:20 2.0 1.3 0.0 3.5 33.8 15:00 W 16 19.7 27.4 15:45 12.9 6:15 1.3 2.7 0.0 3.1 22.5 15:55 ESE 17 17.5 23.9 13:45 12.4 6:25 2.0 1.1 0.0 1.8 19.3 13:55 ESE 18 19.3 26.3 14:30 15.5 4:40 1.0 2.0 0.0 2.7 22.5 13:30 SE 19 19.3 24.1 14:15 15.2 2:05 0.8 1.8 0.0 1.8 16.1 14:15 SE 20 19.3 25.1 14:05 15.1 00:00 0.6 1.7 0.0 1.6 19.3 13:55 ESE 21 19.1 25.2 15:30 14.6 2:45 1.2 1.9 0.0 2.4 27.4 14:55 SE 22 18.4 25.6 13:40 12.6 7:00 1.6 1.7 1.2 2.4 27.4 13:55 SSE 23 18.4 24.1 12:50 13.3 00:00 1.3 1.4 0.4 3.1 25.7 14:45 W 24 16.8 24.7 14:10 9.8 6:00 2.8 1.4 0.0 2.3 25.7 15:35 ESE 25 18.8 24.8 13:50 15.0 5:35 1.1 1.6 0.0 1.6 16.1 22:10 NNW 26 18.0 25.2 13:05 12.1 6:40 1.9 1.7 0.0 2.1 25.7 14:00 ESE 27 18.3 25.2 13:25 12.4 00:00 2.0 2.0 0.2 3.1 27.4 14:00 W 28 17.4 27.2 12:30 9.3 5:55 3.2 2.4 0.0 2.1 29.0 13:00 W 29 13.9 17.1 13:40 10.0 22:25 4.4 0.0 0.0 1.6 12.9 9:10 W 30 11.7 16.4 13:45 7.6 6:45 6.6 0.0 0.0 1.6 11.3 5:15 ESE 31 12.5 19.5 14:25 7.4 7:00 5.9 0.1 0.0 1.8 17.7 15:25 ESE ------------------------------------------------------------------------------------- 17.6 30.1 2 6.2 13 70.4 48.3 17.8 2.5 46.7 4 ESE Max >= 32.0: 0 Max <= 0.0: 0 Min <= 0.0: 0 Min <= -18.0: 0 Max Rain: 15.39 ON 04/10/13 Days of Rain: 6 (> .2 mm) 1 (> 2 mm) 0 (> 20 mm) Heat Base: 18.3 Cool Base: 18.3 Method: Integration