Resums mensuals i anuals

2019: Gen | Feb | Mar | Abr | Mai | Jun | Jul | Ago | Sep | Oct | Nov | Des 
2018: Gen | Feb | Mar | Abr | Mai | Jun | Jul | Ago | Sep | Oct | Nov | Des 
2017: Gen | Feb | Mar | Abr | Mai | Jun | Jul | Ago | Sep | Oct | Nov | Des 
2016: Gen | Feb | Mar | Abr | Mai | Jun | Jul | Ago | Sep | Oct | Nov | Des 
2015: Gen | Feb | Mar | Abr | Mai | Jun | Jul | Ago | Sep | Oct | Nov | Des 
2014: Gen | Feb | Mar | Abr | Mai | Jun | Jul | Ago | Sep | Oct | Nov | Des 
2013: Gen | Feb | Mar | Abr | Mai | Jun | Jul | Ago | Sep | Oct | Nov | Des 
2012: Gen | Feb | Mar | Abr | Mai | Jun | Jul | Ago | Sep | Oct | Nov | Des 
2011: Gen | Feb | Mar | Abr | Mai | Jun | Jul | Ago | Sep | Oct | Nov | Des 
2010: Gen | Feb | Mar | Abr | Mai | Jun | Jul | Ago | Sep | Oct | Nov | Des 

Resum pel 07 2013
MONTHLY CLIMATOLOGICAL SUMMARY for JUL. 2013 NAME: Vantage VUE CITY: Santpedor STATE: Bages ELEV: 325 m LAT: 41 47' 08" N LONG: 1 50' 24" E TEMPERATURE (C), RAIN (mm), WIND SPEED (km/hr) HEAT COOL AVG MEAN DEG DEG WIND DOM DAY TEMP HIGH TIME LOW TIME DAYS DAYS RAIN SPEED HIGH TIME DIR ------------------------------------------------------------------------------------ 1 23.3 29.1 12:50 17.7 23:50 0.0 5.0 0.4 5.0 29.0 15:35 ESE 2 22.2 29.2 12:45 16.3 4:25 0.2 4.1 0.0 5.1 32.2 15:15 SSE 3 22.6 29.6 12:55 16.8 2:05 0.2 4.5 0.0 5.5 32.2 14:15 SSE 4 23.7 30.4 12:40 18.8 3:35 0.0 5.4 0.0 5.0 29.0 14:55 SSE 5 24.2 32.2 12:20 17.0 3:20 0.2 6.0 0.0 5.0 30.6 13:50 SSE 6 25.6 32.5 13:45 18.6 4:10 0.0 7.3 0.0 4.8 30.6 14:10 ESE 7 25.7 32.4 13:20 17.4 4:50 0.0 7.4 0.0 5.3 32.2 13:00 SE 8 25.6 33.1 12:15 19.9 4:25 0.0 7.2 0.0 3.9 30.6 14:20 ESE 9 24.8 31.8 12:45 16.6 4:55 0.1 6.6 0.0 5.0 30.6 16:05 ESE 10 23.8 31.8 14:00 16.9 4:45 0.1 5.6 1.2 4.8 29.0 14:20 ESE 11 21.7 29.8 11:45 17.1 4:40 0.1 3.5 0.0 2.9 33.8 12:30 ESE 12 24.7 32.8 14:00 15.8 4:45 0.4 6.8 0.0 4.7 32.2 16:25 SE 13 23.9 32.2 14:00 18.6 4:35 0.0 5.6 0.6 4.2 33.8 15:50 SSE 14 23.2 32.1 13:20 17.2 5:00 0.1 5.0 1.2 5.1 40.2 16:35 SSE 15 24.2 32.3 13:40 15.4 3:55 0.5 6.3 0.0 3.9 29.0 15:30 ESE 16 25.8 33.6 15:55 18.2 5:25 0.0 7.5 0.0 4.3 27.4 13:30 ESE 17 24.4 32.0 14:40 19.0 4:35 0.0 6.1 0.0 4.7 27.4 15:05 ESE 18 22.4 29.3 14:40 17.1 4:35 0.1 4.3 12.8 4.5 30.6 3:50 ESE 19 23.3 30.8 14:05 16.4 4:40 0.2 5.2 0.0 5.1 29.0 17:15 ESE 20 22.7 32.7 12:55 17.9 3:40 0.0 4.4 6.2 4.5 30.6 17:10 NNW 21 23.8 32.4 13:05 16.5 4:30 0.2 5.7 0.0 4.0 32.2 14:45 ESE 22 25.1 32.3 12:20 18.4 4:40 0.0 6.8 0.0 3.7 27.4 13:30 ESE 23 24.2 33.4 13:55 17.8 5:10 0.0 5.9 0.0 4.2 35.4 17:30 SE 24 25.9 33.4 12:35 18.6 4:20 0.0 7.6 0.0 4.7 25.7 14:25 SE 25 26.3 34.1 14:30 18.3 4:55 0.0 8.0 0.0 4.3 30.6 14:10 ESE 26 26.4 34.8 12:35 17.2 4:55 0.1 8.2 0.0 4.3 29.0 14:40 ESE 27 26.8 34.4 14:50 19.2 5:00 0.0 8.5 0.0 5.3 35.4 16:55 SSE 28 26.3 33.1 15:05 17.2 00:00 0.0 8.0 9.6 4.5 35.4 23:00 W 29 23.2 30.3 15:20 16.1 4:45 0.4 5.2 0.0 4.8 24.1 11:05 W 30 24.1 32.3 14:20 16.3 4:30 0.2 6.0 0.0 3.9 29.0 13:15 ESE 31 25.7 34.2 13:00 17.6 4:45 0.0 7.4 0.0 4.2 30.6 15:05 ESE ------------------------------------------------------------------------------------- 24.4 34.8 26 15.4 15 3.2 191.4 32.0 4.6 40.2 14 ESE Max >= 32.0: 21 Max <= 0.0: 0 Min <= 0.0: 0 Min <= -18.0: 0 Max Rain: 12.80 ON 18/07/13 Days of Rain: 7 (> .2 mm) 3 (> 2 mm) 0 (> 20 mm) Heat Base: 18.3 Cool Base: 18.3 Method: Integration