Resums mensuals i anuals

2019: Gen | Feb | Mar | Abr | Mai | Jun | Jul | Ago | Sep | Oct | Nov | Des 
2018: Gen | Feb | Mar | Abr | Mai | Jun | Jul | Ago | Sep | Oct | Nov | Des 
2017: Gen | Feb | Mar | Abr | Mai | Jun | Jul | Ago | Sep | Oct | Nov | Des 
2016: Gen | Feb | Mar | Abr | Mai | Jun | Jul | Ago | Sep | Oct | Nov | Des 
2015: Gen | Feb | Mar | Abr | Mai | Jun | Jul | Ago | Sep | Oct | Nov | Des 
2014: Gen | Feb | Mar | Abr | Mai | Jun | Jul | Ago | Sep | Oct | Nov | Des 
2013: Gen | Feb | Mar | Abr | Mai | Jun | Jul | Ago | Sep | Oct | Nov | Des 
2012: Gen | Feb | Mar | Abr | Mai | Jun | Jul | Ago | Sep | Oct | Nov | Des 
2011: Gen | Feb | Mar | Abr | Mai | Jun | Jul | Ago | Sep | Oct | Nov | Des 
2010: Gen | Feb | Mar | Abr | Mai | Jun | Jul | Ago | Sep | Oct | Nov | Des 

Resum pel 06 2013
MONTHLY CLIMATOLOGICAL SUMMARY for JUN. 2013 NAME: Vantage VUE CITY: Santpedor STATE: Bages ELEV: 325 m LAT: 41 47' 08" N LONG: 1 50' 24" E TEMPERATURE (C), RAIN (mm), WIND SPEED (km/hr) HEAT COOL AVG MEAN DEG DEG WIND DOM DAY TEMP HIGH TIME LOW TIME DAYS DAYS RAIN SPEED HIGH TIME DIR ------------------------------------------------------------------------------------ 1 18.6 26.8 14:40 10.8 3:30 2.2 2.5 0.0 6.1 32.2 12:10 W 2 17.9 26.0 13:50 10.2 5:25 2.4 2.1 0.0 3.4 24.1 12:25 W 3 17.1 25.5 14:25 9.7 4:30 2.7 1.6 0.0 4.2 27.4 16:40 SE 4 17.8 25.7 12:00 10.8 4:15 2.5 2.0 0.0 4.8 33.8 15:15 SE 5 17.6 25.2 13:55 9.7 4:30 2.4 1.7 1.0 4.0 27.4 14:05 SE 6 18.6 25.7 13:55 10.2 3:55 2.1 2.4 0.0 4.0 27.4 14:00 SSE 7 19.8 26.5 14:10 12.8 4:50 1.4 2.9 0.0 4.3 27.4 13:15 ESE 8 15.7 22.2 14:15 11.0 00:00 3.0 0.3 12.0 4.0 37.0 7:00 W 9 15.1 19.9 17:45 8.6 4:25 3.4 0.2 0.0 4.8 32.2 14:25 W 10 17.8 25.4 12:35 9.2 4:30 2.5 2.0 0.0 4.3 25.7 13:35 ESE 11 20.6 29.7 15:40 11.8 4:40 1.6 3.8 0.0 3.7 25.7 11:45 ESE 12 22.3 29.2 13:50 14.7 4:40 0.6 4.6 0.0 4.5 32.2 15:35 SE 13 23.6 31.6 12:35 15.6 4:40 0.4 5.6 0.0 4.8 33.8 13:20 ESE 14 22.9 29.9 14:15 15.6 4:45 0.3 4.9 0.4 4.8 29.0 14:40 ESE 15 23.4 30.6 13:35 15.9 4:55 0.2 5.4 0.0 5.0 32.2 17:00 ESE 16 23.4 30.8 13:45 14.1 4:40 0.6 5.8 0.0 4.5 30.6 14:20 E 17 23.3 30.8 14:00 16.0 4:10 0.3 5.3 0.0 5.1 35.4 12:40 E 18 22.1 26.4 12:45 19.1 00:00 0.0 3.7 0.2 4.8 30.6 14:20 E 19 19.4 25.3 10:50 14.2 4:25 0.9 1.9 0.0 5.5 29.0 1:45 W 20 19.2 25.0 16:20 13.6 5:50 1.3 2.2 0.0 3.5 27.4 11:05 W 21 18.8 25.5 15:10 11.8 4:05 1.6 2.1 0.8 4.0 24.1 15:15 ESE 22 20.4 28.3 15:45 13.2 2:45 1.2 3.3 0.0 3.4 25.7 18:15 ESE 23 19.6 26.5 11:35 13.3 4:35 1.1 2.4 0.0 4.8 27.4 15:15 SSE 24 18.3 25.9 14:50 12.0 5:10 1.9 1.9 0.0 5.3 29.0 15:15 W 25 19.4 26.4 13:30 13.3 5:25 1.3 2.4 0.0 4.8 32.2 16:20 ESE 26 20.0 27.0 13:40 13.9 2:10 1.0 2.7 0.0 5.0 33.8 14:50 ESE 27 19.6 28.3 13:10 12.7 4:45 1.4 2.7 0.0 4.5 32.2 16:30 ESE 28 20.6 28.1 13:25 15.4 1:30 0.7 3.0 0.0 3.5 25.7 15:25 ESE 29 21.8 30.0 14:45 13.5 4:45 0.9 4.4 0.0 4.3 29.0 15:20 SSE 30 21.9 28.2 13:15 14.9 4:40 0.5 4.1 0.0 5.0 29.0 14:45 SSE ------------------------------------------------------------------------------------- 19.9 31.6 13 8.6 9 42.3 89.9 14.4 4.5 37.0 8 ESE Max >= 32.0: 0 Max <= 0.0: 0 Min <= 0.0: 0 Min <= -18.0: 0 Max Rain: 11.99 ON 08/06/13 Days of Rain: 5 (> .2 mm) 1 (> 2 mm) 0 (> 20 mm) Heat Base: 18.3 Cool Base: 18.3 Method: Integration