Resums mensuals i anuals

2019: Gen | Feb | Mar | Abr | Mai | Jun | Jul | Ago | Sep | Oct | Nov | Des 
2018: Gen | Feb | Mar | Abr | Mai | Jun | Jul | Ago | Sep | Oct | Nov | Des 
2017: Gen | Feb | Mar | Abr | Mai | Jun | Jul | Ago | Sep | Oct | Nov | Des 
2016: Gen | Feb | Mar | Abr | Mai | Jun | Jul | Ago | Sep | Oct | Nov | Des 
2015: Gen | Feb | Mar | Abr | Mai | Jun | Jul | Ago | Sep | Oct | Nov | Des 
2014: Gen | Feb | Mar | Abr | Mai | Jun | Jul | Ago | Sep | Oct | Nov | Des 
2013: Gen | Feb | Mar | Abr | Mai | Jun | Jul | Ago | Sep | Oct | Nov | Des 
2012: Gen | Feb | Mar | Abr | Mai | Jun | Jul | Ago | Sep | Oct | Nov | Des 
2011: Gen | Feb | Mar | Abr | Mai | Jun | Jul | Ago | Sep | Oct | Nov | Des 
2010: Gen | Feb | Mar | Abr | Mai | Jun | Jul | Ago | Sep | Oct | Nov | Des 

Resum pel 05 2013
MONTHLY CLIMATOLOGICAL SUMMARY for MAY. 2013 NAME: Vantage VUE CITY: Santpedor STATE: Bages ELEV: 325 m LAT: 41 47' 08" N LONG: 1 50' 24" E TEMPERATURE (C), RAIN (mm), WIND SPEED (km/hr) HEAT COOL AVG MEAN DEG DEG WIND DOM DAY TEMP HIGH TIME LOW TIME DAYS DAYS RAIN SPEED HIGH TIME DIR ------------------------------------------------------------------------------------ 1 13.4 20.4 15:30 6.4 5:30 5.1 0.2 0.0 2.7 20.9 16:55 SE 2 13.4 20.6 12:05 5.9 4:45 5.2 0.3 0.0 3.9 27.4 12:40 W 3 13.9 21.3 15:05 6.0 4:40 4.8 0.5 0.0 3.1 20.9 17:15 SE 4 14.6 22.6 14:50 9.4 23:50 4.4 0.7 7.6 3.4 27.4 11:25 W 5 14.4 24.4 15:10 6.4 5:20 5.0 1.1 1.0 2.7 22.5 16:00 ESE 6 17.0 25.2 14:40 8.2 5:10 3.3 2.0 0.0 3.1 24.1 12:00 W 7 19.8 25.8 14:45 13.2 5:20 1.4 2.9 0.0 4.0 24.1 10:25 W 8 19.4 26.6 12:05 12.9 5:10 1.3 2.4 0.0 2.9 22.5 14:35 W 9 19.1 23.4 15:35 15.2 4:50 0.6 1.4 0.2 2.3 16.1 12:45 SE 10 17.2 22.4 16:05 13.7 6:40 2.0 0.9 0.0 5.3 29.0 15:05 W 11 16.3 23.2 15:40 10.3 5:50 3.0 1.0 0.0 4.7 32.2 14:55 W 12 15.4 22.0 15:00 9.7 4:45 3.5 0.6 0.0 3.9 24.1 15:00 W 13 16.6 24.9 15:35 9.6 4:45 3.1 1.4 0.0 3.7 22.5 14:30 SE 14 13.8 18.7 9:45 9.5 4:50 4.5 0.0 3.2 2.3 17.7 9:35 SE 15 12.7 16.6 11:25 9.4 23:05 5.6 0.0 35.6 2.3 19.3 12:35 ENE 16 11.2 17.6 15:35 7.5 4:30 7.1 0.0 0.2 3.1 25.7 16:00 W 17 12.1 17.5 14:55 4.9 4:55 6.3 0.0 2.0 4.5 27.4 13:50 SE 18 12.1 17.2 14:05 8.6 3:25 6.2 0.0 15.0 5.6 33.8 15:15 W 19 11.6 17.9 13:20 7.2 3:40 6.7 0.0 0.0 3.5 30.6 13:40 NNW 20 11.3 15.3 9:40 8.6 00:00 7.0 0.0 8.8 2.4 24.1 13:15 NNW 21 13.1 19.9 14:25 7.0 1:50 5.3 0.1 0.0 2.6 20.9 14:50 W 22 16.3 24.3 17:05 8.1 5:00 3.5 1.5 0.0 4.0 32.2 15:40 W 23 15.6 23.3 14:40 8.6 4:40 3.8 1.0 0.0 5.1 33.8 16:55 W 24 13.1 20.1 13:50 7.3 4:30 5.4 0.2 0.0 5.1 37.0 15:40 SE 25 12.9 20.9 14:55 5.3 4:45 5.6 0.2 0.0 5.5 35.4 13:25 W 26 14.5 20.1 13:10 9.6 5:20 4.0 0.2 0.0 4.5 27.4 13:40 SE 27 14.1 19.8 12:30 9.2 2:30 4.4 0.1 0.8 3.4 33.8 13:20 NNW 28 13.9 20.1 16:05 9.2 4:55 4.6 0.2 0.0 5.5 38.6 16:40 W 29 12.2 18.2 12:45 5.9 4:45 6.1 0.0 0.4 4.8 40.2 12:30 W 30 12.8 19.5 14:05 4.7 3:45 5.6 0.1 0.0 4.5 30.6 16:20 W 31 15.3 23.6 16:00 8.6 4:20 3.9 0.9 0.0 3.9 30.6 15:40 ESE ------------------------------------------------------------------------------------- 14.5 26.6 8 4.7 30 138.2 19.9 74.8 3.8 40.2 29 W Max >= 32.0: 0 Max <= 0.0: 0 Min <= 0.0: 0 Min <= -18.0: 0 Max Rain: 35.61 ON 15/05/13 Days of Rain: 11 (> .2 mm) 6 (> 2 mm) 1 (> 20 mm) Heat Base: 18.3 Cool Base: 18.3 Method: Integration