Resums mensuals i anuals

2019: Gen | Feb | Mar | Abr | Mai | Jun | Jul | Ago | Sep | Oct | Nov | Des 
2018: Gen | Feb | Mar | Abr | Mai | Jun | Jul | Ago | Sep | Oct | Nov | Des 
2017: Gen | Feb | Mar | Abr | Mai | Jun | Jul | Ago | Sep | Oct | Nov | Des 
2016: Gen | Feb | Mar | Abr | Mai | Jun | Jul | Ago | Sep | Oct | Nov | Des 
2015: Gen | Feb | Mar | Abr | Mai | Jun | Jul | Ago | Sep | Oct | Nov | Des 
2014: Gen | Feb | Mar | Abr | Mai | Jun | Jul | Ago | Sep | Oct | Nov | Des 
2013: Gen | Feb | Mar | Abr | Mai | Jun | Jul | Ago | Sep | Oct | Nov | Des 
2012: Gen | Feb | Mar | Abr | Mai | Jun | Jul | Ago | Sep | Oct | Nov | Des 
2011: Gen | Feb | Mar | Abr | Mai | Jun | Jul | Ago | Sep | Oct | Nov | Des 
2010: Gen | Feb | Mar | Abr | Mai | Jun | Jul | Ago | Sep | Oct | Nov | Des 

Resum pel 04 2013
MONTHLY CLIMATOLOGICAL SUMMARY for APR. 2013 NAME: Vantage VUE CITY: Santpedor STATE: Bages ELEV: 325 m LAT: 41 47' 08" N LONG: 1 50' 24" E TEMPERATURE (C), RAIN (mm), WIND SPEED (km/hr) HEAT COOL AVG MEAN DEG DEG WIND DOM DAY TEMP HIGH TIME LOW TIME DAYS DAYS RAIN SPEED HIGH TIME DIR ------------------------------------------------------------------------------------ 1 10.1 16.2 14:30 7.7 00:00 8.3 0.0 4.4 2.6 29.0 14:40 W 2 11.0 18.1 13:55 4.4 4:15 7.3 0.0 0.2 4.3 38.6 16:30 W 3 10.4 17.6 13:00 2.4 5:40 7.9 0.0 0.0 3.7 30.6 14:55 SE 4 11.1 16.9 14:10 7.6 3:50 7.2 0.0 6.0 2.6 24.1 16:50 W 5 7.1 8.4 0:40 5.7 6:05 11.3 0.0 1.6 2.6 17.7 11:00 W 6 7.1 12.3 12:45 3.0 6:30 11.2 0.0 0.0 2.7 19.3 8:05 W 7 9.1 16.3 14:05 1.2 5:50 9.2 0.0 0.0 3.2 27.4 15:45 W 8 11.3 17.4 13:45 6.0 2:00 7.0 0.0 0.0 4.5 37.0 15:50 W 9 13.4 20.2 15:50 5.3 5:15 5.1 0.2 0.0 5.0 37.0 15:50 W 10 14.9 20.7 16:35 8.9 5:30 3.9 0.5 0.0 4.0 33.8 14:25 W 11 16.8 22.8 16:20 10.3 5:20 2.7 1.3 0.0 4.3 33.8 12:00 W 12 15.2 20.3 14:35 10.2 23:55 3.4 0.4 0.0 5.5 37.0 10:50 W 13 14.9 23.3 14:05 6.1 5:10 4.6 1.1 0.0 3.7 27.4 14:15 SE 14 15.1 24.3 13:25 6.3 5:20 4.6 1.4 0.0 3.5 27.4 13:50 ESE 15 16.2 25.4 13:10 7.2 4:40 3.9 1.7 0.0 3.4 24.1 12:50 SE 16 17.7 26.4 13:20 9.3 5:50 2.9 2.2 0.0 2.9 25.7 15:10 S 17 18.7 27.1 12:40 10.8 5:25 2.4 2.8 0.0 3.7 25.7 13:55 SSE 18 16.8 25.3 13:35 8.7 5:15 3.4 1.9 0.0 3.9 25.7 15:40 SSE 19 12.1 17.7 11:15 6.1 00:00 6.3 0.0 1.6 2.3 24.1 12:20 WNW 20 11.6 19.4 14:25 3.1 4:15 6.8 0.1 0.0 4.3 38.6 12:25 NNW 21 11.4 19.7 14:25 2.6 5:15 6.9 0.1 0.0 3.5 29.0 15:25 SE 22 13.6 20.9 15:00 7.1 5:05 5.0 0.2 0.0 3.2 25.7 16:00 ESE 23 13.3 21.4 14:05 5.1 5:25 5.4 0.4 0.0 4.0 27.4 16:00 SSE 24 14.9 21.7 13:20 7.0 3:45 4.0 0.6 0.0 5.8 27.4 10:10 ENE 25 14.9 17.3 11:10 12.6 22:50 3.4 0.0 7.0 8.4 38.6 13:10 NE 26 15.9 20.4 15:25 12.7 00:00 2.5 0.2 14.2 5.8 27.4 7:50 NE 27 10.2 13.9 16:00 7.6 10:50 8.1 0.0 28.2 3.5 22.5 10:40 W 28 7.8 10.3 21:35 5.7 5:10 10.5 0.0 16.2 4.7 25.7 9:10 NNW 29 11.3 14.3 15:50 9.1 1:55 7.0 0.0 31.0 3.2 30.6 12:45 NE 30 12.8 19.4 14:50 8.3 6:50 5.5 0.1 4.8 2.7 27.4 2:05 W ------------------------------------------------------------------------------------- 12.9 27.1 17 1.2 7 177.7 15.1 115.2 3.9 38.6 2 W Max >= 32.0: 0 Max <= 0.0: 0 Min <= 0.0: 0 Min <= -18.0: 0 Max Rain: 30.99 ON 29/04/13 Days of Rain: 11 (> .2 mm) 8 (> 2 mm) 2 (> 20 mm) Heat Base: 18.3 Cool Base: 18.3 Method: Integration