Resums mensuals i anuals

2019: Gen | Feb | Mar | Abr | Mai | Jun | Jul | Ago | Sep | Oct | Nov | Des 
2018: Gen | Feb | Mar | Abr | Mai | Jun | Jul | Ago | Sep | Oct | Nov | Des 
2017: Gen | Feb | Mar | Abr | Mai | Jun | Jul | Ago | Sep | Oct | Nov | Des 
2016: Gen | Feb | Mar | Abr | Mai | Jun | Jul | Ago | Sep | Oct | Nov | Des 
2015: Gen | Feb | Mar | Abr | Mai | Jun | Jul | Ago | Sep | Oct | Nov | Des 
2014: Gen | Feb | Mar | Abr | Mai | Jun | Jul | Ago | Sep | Oct | Nov | Des 
2013: Gen | Feb | Mar | Abr | Mai | Jun | Jul | Ago | Sep | Oct | Nov | Des 
2012: Gen | Feb | Mar | Abr | Mai | Jun | Jul | Ago | Sep | Oct | Nov | Des 
2011: Gen | Feb | Mar | Abr | Mai | Jun | Jul | Ago | Sep | Oct | Nov | Des 
2010: Gen | Feb | Mar | Abr | Mai | Jun | Jul | Ago | Sep | Oct | Nov | Des 

Resum pel 03 2013
MONTHLY CLIMATOLOGICAL SUMMARY for MAR. 2013 NAME: Vantage VUE CITY: Santpedor STATE: Bages ELEV: 325 m LAT: 41 47' 08" N LONG: 1 50' 24" E TEMPERATURE (C), RAIN (mm), WIND SPEED (km/hr) HEAT COOL AVG MEAN DEG DEG WIND DOM DAY TEMP HIGH TIME LOW TIME DAYS DAYS RAIN SPEED HIGH TIME DIR ------------------------------------------------------------------------------------ 1 8.5 11.3 12:30 3.9 00:00 9.8 0.0 0.0 7.9 40.2 12:50 NE 2 7.7 16.2 15:45 1.3 6:40 10.7 0.0 0.0 1.8 16.1 16:00 ESE 3 7.6 17.2 14:40 -0.4 6:20 10.7 0.0 0.0 2.4 22.5 15:40 SSE 4 8.3 12.5 16:00 1.1 6:25 10.0 0.0 1.0 4.8 27.4 21:45 ENE 5 11.2 13.4 15:05 9.7 1:25 7.1 0.0 20.4 5.6 24.1 16:40 NE 6 11.2 13.6 15:15 8.1 23:05 7.1 0.0 7.8 3.4 24.1 1:35 NNW 7 13.4 19.7 14:25 7.3 6:30 5.1 0.2 0.2 2.3 25.7 12:20 SE 8 14.3 19.0 15:15 9.8 5:55 4.0 0.0 0.4 5.6 35.4 13:35 W 9 12.8 17.5 13:30 7.9 00:00 5.5 0.0 0.0 5.3 33.8 13:10 W 10 11.5 16.8 14:45 5.9 6:40 6.8 0.0 0.0 5.5 45.1 15:30 W 11 10.1 15.8 14:55 4.7 6:20 8.2 0.0 0.0 4.8 38.6 13:50 W 12 10.3 15.8 15:30 5.4 00:00 8.0 0.0 0.0 2.9 27.4 14:35 W 13 2.9 5.8 8:05 -0.3 23:50 15.4 0.0 12.2 1.8 19.3 9:50 ENE 14 4.8 10.6 11:40 -2.5 6:05 13.5 0.0 0.0 7.2 51.5 14:25 WNW 15 6.8 13.7 14:50 -1.2 5:50 11.4 0.0 0.0 4.2 35.4 0:45 W 16 6.4 12.9 12:35 -0.2 4:55 11.9 0.0 0.4 2.4 24.1 12:40 SE 17 9.7 13.1 13:45 7.1 4:50 8.7 0.0 2.8 1.0 14.5 15:00 SE 18 9.9 13.9 13:20 4.8 00:00 8.4 0.0 0.4 6.6 49.9 14:50 W 19 8.7 15.9 15:20 1.7 6:05 9.6 0.0 0.0 2.9 22.5 14:35 SSE 20 10.9 16.7 15:30 5.9 23:55 7.4 0.0 0.8 4.2 30.6 16:05 W 21 10.0 18.7 14:45 1.2 5:55 8.3 0.0 0.0 2.6 22.5 12:00 W 22 11.0 20.1 14:20 2.9 5:50 7.4 0.1 0.0 3.5 27.4 16:30 SSE 23 11.6 17.8 13:30 6.7 6:00 6.7 0.0 0.0 2.4 20.9 17:40 ESE 24 11.1 17.3 15:00 7.8 5:05 7.3 0.0 0.0 2.7 22.5 16:50 ESE 25 11.7 18.3 13:50 5.3 6:15 6.7 0.0 0.6 5.1 46.7 15:50 W 26 11.8 18.7 15:25 6.6 6:25 6.6 0.0 0.0 2.9 24.1 16:35 NNW 27 11.8 15.4 14:30 10.3 5:55 6.5 0.0 2.8 2.4 16.1 15:30 SSE 28 14.0 19.3 16:25 9.4 3:45 4.4 0.1 0.0 2.9 25.7 13:50 W 29 14.1 19.4 11:50 9.6 3:20 4.2 0.0 1.4 4.7 32.2 9:05 W 30 14.4 19.1 14:50 9.2 00:00 4.0 0.0 0.0 6.8 43.5 13:55 W 31 11.4 19.0 14:50 3.7 5:40 6.9 0.0 0.0 4.0 24.1 15:45 W ------------------------------------------------------------------------------------- 10.3 20.1 22 -2.5 14 248.2 0.6 51.2 4.0 51.5 14 W Max >= 32.0: 0 Max <= 0.0: 0 Min <= 0.0: 5 Min <= -18.0: 0 Max Rain: 20.40 ON 05/03/13 Days of Rain: 13 (> .2 mm) 5 (> 2 mm) 1 (> 20 mm) Heat Base: 18.3 Cool Base: 18.3 Method: Integration