Resums mensuals i anuals

2019: Gen | Feb | Mar | Abr | Mai | Jun | Jul | Ago | Sep | Oct | Nov | Des 
2018: Gen | Feb | Mar | Abr | Mai | Jun | Jul | Ago | Sep | Oct | Nov | Des 
2017: Gen | Feb | Mar | Abr | Mai | Jun | Jul | Ago | Sep | Oct | Nov | Des 
2016: Gen | Feb | Mar | Abr | Mai | Jun | Jul | Ago | Sep | Oct | Nov | Des 
2015: Gen | Feb | Mar | Abr | Mai | Jun | Jul | Ago | Sep | Oct | Nov | Des 
2014: Gen | Feb | Mar | Abr | Mai | Jun | Jul | Ago | Sep | Oct | Nov | Des 
2013: Gen | Feb | Mar | Abr | Mai | Jun | Jul | Ago | Sep | Oct | Nov | Des 
2012: Gen | Feb | Mar | Abr | Mai | Jun | Jul | Ago | Sep | Oct | Nov | Des 
2011: Gen | Feb | Mar | Abr | Mai | Jun | Jul | Ago | Sep | Oct | Nov | Des 
2010: Gen | Feb | Mar | Abr | Mai | Jun | Jul | Ago | Sep | Oct | Nov | Des 

Resum pel 02 2013
MONTHLY CLIMATOLOGICAL SUMMARY for FEB. 2013 NAME: Vantage VUE CITY: Santpedor STATE: Bages ELEV: 325 m LAT: 41 47' 08" N LONG: 1 50' 24" E TEMPERATURE (C), RAIN (mm), WIND SPEED (km/hr) HEAT COOL AVG MEAN DEG DEG WIND DOM DAY TEMP HIGH TIME LOW TIME DAYS DAYS RAIN SPEED HIGH TIME DIR ------------------------------------------------------------------------------------ 1 10.3 15.8 12:25 4.2 6:40 8.0 0.0 0.0 3.5 27.4 12:55 WNW 2 9.6 12.7 13:00 5.3 23:55 8.7 0.0 0.0 9.8 45.1 15:10 WNW 3 7.1 12.9 12:35 1.3 23:50 11.2 0.0 0.0 7.2 41.8 8:15 W 4 5.1 13.6 13:50 -1.1 4:50 13.2 0.0 0.0 2.3 25.7 14:05 ESE 5 8.9 15.6 14:30 3.7 5:20 9.4 0.0 0.0 3.5 35.4 23:45 W 6 6.8 11.0 14:55 1.7 7:10 11.5 0.0 0.0 5.8 43.5 15:20 WNW 7 4.2 9.4 13:50 -1.9 6:20 14.1 0.0 0.0 6.9 46.7 12:10 NNW 8 2.6 7.2 15:25 -1.4 4:00 15.7 0.0 0.0 1.8 9.7 0:25 NNW 9 3.2 10.5 14:10 -3.2 6:20 15.1 0.0 0.0 2.9 29.0 15:00 W 10 5.5 11.6 13:30 0.0 3:05 12.8 0.0 0.2 3.4 32.2 14:40 W 11 6.1 10.1 15:40 3.0 5:15 12.2 0.0 0.0 5.6 35.4 19:40 WNW 12 6.9 13.2 15:15 1.7 7:05 11.4 0.0 0.0 5.5 40.2 0:20 W 13 5.7 14.7 14:55 -1.7 6:05 12.6 0.0 0.0 2.7 27.4 14:05 WNW 14 7.4 15.2 15:30 0.4 3:40 10.8 0.0 0.0 2.6 19.3 13:50 SE 15 7.6 13.8 16:15 2.2 6:30 10.7 0.0 0.0 1.4 12.9 12:50 SE 16 9.3 14.8 15:05 5.4 6:35 9.1 0.0 0.0 1.4 12.9 15:15 SE 17 9.6 13.9 15:30 6.6 5:05 8.7 0.0 0.0 2.3 14.5 14:10 SE 18 9.9 14.1 13:45 7.4 6:15 8.3 0.0 0.0 2.6 16.1 14:55 ENE 19 8.7 12.2 11:50 3.4 00:00 9.6 0.0 0.0 1.9 16.1 15:20 N 20 7.7 16.3 15:25 2.0 3:05 10.6 0.0 0.0 1.4 16.1 16:00 W 21 7.1 12.9 16:10 1.4 7:10 11.2 0.0 0.0 1.1 17.7 18:25 ESE 22 6.4 8.2 7:45 3.2 00:00 11.9 0.0 2.8 3.9 25.7 12:10 SE 23 3.5 8.3 15:25 0.8 23:45 14.8 0.0 4.6 6.8 35.4 18:05 WNW 24 3.2 10.8 15:05 -3.1 6:50 15.1 0.0 0.0 4.7 30.6 13:40 W 25 1.9 7.7 14:20 -1.4 1:50 16.4 0.0 0.0 1.8 17.7 15:05 SE 26 2.4 10.4 14:45 -4.1 6:30 15.9 0.0 0.0 2.1 12.9 12:50 SE 27 3.7 11.8 14:15 -3.3 5:25 14.6 0.0 0.0 3.2 22.5 16:25 ESE 28 6.5 9.1 12:10 4.2 4:05 11.8 0.0 0.4 9.3 35.4 10:55 NE ------------------------------------------------------------------------------------- 6.3 16.3 20 -4.1 26 335.3 0.0 8.0 3.8 46.7 7 W Max >= 32.0: 0 Max <= 0.0: 0 Min <= 0.0: 10 Min <= -18.0: 0 Max Rain: 4.60 ON 23/02/13 Days of Rain: 4 (> .2 mm) 2 (> 2 mm) 0 (> 20 mm) Heat Base: 18.3 Cool Base: 18.3 Method: Integration