Resums mensuals i anuals

2019: Gen | Feb | Mar | Abr | Mai | Jun | Jul | Ago | Sep | Oct | Nov | Des 
2018: Gen | Feb | Mar | Abr | Mai | Jun | Jul | Ago | Sep | Oct | Nov | Des 
2017: Gen | Feb | Mar | Abr | Mai | Jun | Jul | Ago | Sep | Oct | Nov | Des 
2016: Gen | Feb | Mar | Abr | Mai | Jun | Jul | Ago | Sep | Oct | Nov | Des 
2015: Gen | Feb | Mar | Abr | Mai | Jun | Jul | Ago | Sep | Oct | Nov | Des 
2014: Gen | Feb | Mar | Abr | Mai | Jun | Jul | Ago | Sep | Oct | Nov | Des 
2013: Gen | Feb | Mar | Abr | Mai | Jun | Jul | Ago | Sep | Oct | Nov | Des 
2012: Gen | Feb | Mar | Abr | Mai | Jun | Jul | Ago | Sep | Oct | Nov | Des 
2011: Gen | Feb | Mar | Abr | Mai | Jun | Jul | Ago | Sep | Oct | Nov | Des 
2010: Gen | Feb | Mar | Abr | Mai | Jun | Jul | Ago | Sep | Oct | Nov | Des 

Resum pel 01 2013
MONTHLY CLIMATOLOGICAL SUMMARY for JAN. 2013 NAME: Vantage VUE CITY: Santpedor STATE: Bages ELEV: 325 m LAT: 41 47' 08" N LONG: 1 50' 24" E TEMPERATURE (C), RAIN (mm), WIND SPEED (km/hr) HEAT COOL AVG MEAN DEG DEG WIND DOM DAY TEMP HIGH TIME LOW TIME DAYS DAYS RAIN SPEED HIGH TIME DIR ------------------------------------------------------------------------------------ 1 3.7 6.6 15:15 1.7 1:50 14.6 0.0 2.2 1.1 9.7 6:10 NNW 2 3.1 7.9 15:00 0.3 23:55 15.2 0.0 0.0 1.6 12.9 20:35 ENE 3 2.9 12.4 15:05 -2.3 7:20 15.4 0.0 0.0 1.3 14.5 16:15 NNW 4 3.9 12.4 15:35 -0.9 6:45 14.4 0.0 0.0 1.1 11.3 12:20 NNW 5 5.1 14.2 15:00 -0.7 6:45 13.2 0.0 0.0 1.4 9.7 18:00 ESE 6 6.1 16.7 15:40 0.2 6:30 12.2 0.0 0.0 1.0 11.3 0:05 ESE 7 6.1 16.5 14:30 0.2 4:50 12.2 0.0 0.0 0.5 6.4 9:55 ESE 8 5.9 15.7 15:20 0.3 7:10 12.3 0.0 0.0 1.0 9.7 14:15 NNW 9 2.6 9.3 12:55 -0.5 7:20 15.7 0.0 0.0 1.9 22.5 13:55 N 10 5.2 12.8 16:00 0.4 0:05 13.1 0.0 0.0 3.1 19.3 6:15 NE 11 4.6 12.5 14:55 -0.2 23:50 13.7 0.0 0.0 1.6 19.3 16:45 WNW 12 3.2 10.8 15:20 -2.7 7:30 15.1 0.0 5.2 1.1 16.1 22:25 ESE 13 4.7 7.7 15:55 1.8 23:55 13.6 0.0 0.8 1.8 24.1 11:05 WNW 14 3.4 8.6 15:10 -0.6 7:30 14.9 0.0 0.0 1.9 27.4 13:20 ENE 15 4.9 11.0 14:20 1.1 0:50 13.4 0.0 0.0 3.9 37.0 14:20 WNW 16 4.7 10.4 15:55 -0.4 3:55 13.6 0.0 0.0 3.9 25.7 15:30 WNW 17 7.0 13.7 13:55 1.1 00:00 11.3 0.0 0.0 2.4 30.6 14:50 W 18 4.9 10.6 15:20 -0.6 3:40 13.4 0.0 0.4 1.3 9.7 19:20 ESE 19 7.2 10.9 15:00 4.1 5:50 11.1 0.0 25.6 1.6 24.1 17:55 N 20 7.0 12.6 14:00 3.1 22:20 11.3 0.0 0.0 3.9 33.8 12:25 WNW 21 4.9 11.9 15:10 0.9 23:55 13.3 0.0 0.0 2.6 35.4 16:15 W 22 3.6 8.3 12:10 -1.1 8:05 14.7 0.0 0.4 3.1 27.4 12:00 W 23 4.8 10.0 13:35 1.4 8:30 13.5 0.0 2.0 4.7 40.2 13:50 WNW 24 5.5 10.2 14:50 2.4 00:00 12.8 0.0 0.0 3.2 24.1 20:10 WNW 25 4.0 11.9 14:40 -0.9 6:30 14.3 0.0 0.0 1.6 17.7 14:00 ESE 26 5.8 14.1 15:00 0.5 2:15 12.5 0.0 0.0 2.3 19.3 15:50 ESE 27 5.7 10.8 15:10 0.2 6:30 12.6 0.0 0.0 0.8 9.7 12:40 NNW 28 8.7 15.6 15:40 3.5 6:50 9.6 0.0 0.0 3.5 32.2 11:45 W 29 6.8 13.4 15:20 2.6 4:45 11.5 0.0 0.0 1.6 14.5 13:55 NNW 30 7.4 15.1 15:25 0.4 4:35 10.9 0.0 0.0 1.6 14.5 18:00 NNW 31 9.3 17.6 15:00 3.1 5:50 8.9 0.0 0.0 1.3 12.9 14:45 NNW ------------------------------------------------------------------------------------- 5.2 17.6 31 -2.7 12 404.5 0.0 36.6 2.1 40.2 23 NNW Max >= 32.0: 0 Max <= 0.0: 0 Min <= 0.0: 11 Min <= -18.0: 0 Max Rain: 25.60 ON 19/01/13 Days of Rain: 7 (> .2 mm) 4 (> 2 mm) 1 (> 20 mm) Heat Base: 18.3 Cool Base: 18.3 Method: Integration