Resums mensuals i anuals

2020: Gen | Feb | Mar | Abr | Mai | Jun | Jul | Ago | Sep | Oct | Nov | Des 
2019: Gen | Feb | Mar | Abr | Mai | Jun | Jul | Ago | Sep | Oct | Nov | Des 
2018: Gen | Feb | Mar | Abr | Mai | Jun | Jul | Ago | Sep | Oct | Nov | Des 
2017: Gen | Feb | Mar | Abr | Mai | Jun | Jul | Ago | Sep | Oct | Nov | Des 
2016: Gen | Feb | Mar | Abr | Mai | Jun | Jul | Ago | Sep | Oct | Nov | Des 
2015: Gen | Feb | Mar | Abr | Mai | Jun | Jul | Ago | Sep | Oct | Nov | Des 
2014: Gen | Feb | Mar | Abr | Mai | Jun | Jul | Ago | Sep | Oct | Nov | Des 
2013: Gen | Feb | Mar | Abr | Mai | Jun | Jul | Ago | Sep | Oct | Nov | Des 
2012: Gen | Feb | Mar | Abr | Mai | Jun | Jul | Ago | Sep | Oct | Nov | Des 
2011: Gen | Feb | Mar | Abr | Mai | Jun | Jul | Ago | Sep | Oct | Nov | Des 
2010: Gen | Feb | Mar | Abr | Mai | Jun | Jul | Ago | Sep | Oct | Nov | Des 

Resum pel 2013
ANNUAL CLIMATOLOGICAL SUMMARY NAME: Vantage VUE CITY: Santpedor STATE: Bages ELEV: 325 m LAT: 41° 47' 08" N LONG: 1° 50' 24" E TEMPERATURE (°C), HEAT BASE 18.3, COOL BASE 18.3 DEP. HEAT COOL MEAN MEAN FROM DEG DEG MAX MAX MIN MIN YR MO MAX MIN MEAN NORM DAYS DAYS HI DATE LOW DATE >=32 <=0 <=0 <=-18 ------------------------------------------------------------------------------------ 13 1 12.0 0.6 5.2 -1.1 405 0 17.6 31 -2.7 12 0 0 11 0 13 2 12.1 1.3 6.3 -1.3 335 0 16.3 20 -4.1 26 0 0 10 0 13 3 15.9 4.9 10.3 -0.2 248 1 20.1 22 -2.5 14 0 0 5 0 13 4 19.2 6.9 12.9 -0.8 178 15 27.1 17 1.2 7 0 0 0 0 13 5 21.1 8.6 14.5 -3.2 138 20 26.6 8 4.7 30 0 0 0 0 13 6 27.1 12.9 19.9 -2.1 42 90 31.6 13 8.6 9 0 0 0 0 13 7 32.1 17.5 24.4 -0.5 3 191 34.8 26 15.4 15 21 0 0 0 13 8 30.5 17.1 23.3 -1.0 6 160 33.5 4 12.9 9 12 0 0 0 13 9 27.4 13.9 20.0 -2.5 32 84 31.2 3 11.6 13 0 0 0 0 13 10 23.7 12.5 17.6 0.3 70 48 30.1 2 6.2 13 0 0 0 0 13 11 15.4 4.7 9.5 -0.5 269 6 24.8 6 -3.2 27 0 0 8 0 13 12 10.9 0.4 4.7 -1.4 420 0 17.3 3 -2.1 30 0 0 19 0 ------------------------------------------------------------------------------------ 20.7 8.5 14.1 -1.2 2147 615 34.8 JUL -4.1 FEB 33 0 53 0 PRECIPITATION (mm) DEP. MAX DAYS OF RAIN FROM OBS. OVER YR MO TOTAL NORM DAY DATE .2 2 20 --------------------------------------------- 13 1 36.6 8.8 25.6 19 7 4 1 13 2 8.0 -9.0 4.6 23 4 2 0 13 3 51.2 26.2 20.4 5 13 5 1 13 4 115.2 65.0 31.0 29 11 8 2 13 5 74.8 12.4 35.6 15 11 6 1 13 6 14.4 -26.8 12.0 8 5 1 0 13 7 32.0 1.5 12.8 18 7 3 0 13 8 24.6 -26.5 7.8 13 9 4 0 13 9 66.8 9.7 26.8 6 6 4 2 13 10 17.8 -51.7 15.4 4 6 1 0 13 11 77.8 38.0 41.8 17 4 3 2 13 12 13.4 -22.2 8.0 19 9 1 0 --------------------------------------------- 532.6 25.4 41.8 NOV 92 42 9 WIND SPEED (km/hr) DOM YR MO AVG. HI DATE DIR --------------------------------- 13 1 2.1 40.2 23 NNW 13 2 3.8 46.7 7 W 13 3 4.0 51.5 14 W 13 4 3.9 38.6 2 W 13 5 3.8 40.2 29 W 13 6 4.5 37.0 8 ESE 13 7 4.6 40.2 14 ESE 13 8 4.0 38.6 24 ESE 13 9 3.0 43.5 6 ESE 13 10 2.5 46.7 4 ESE 13 11 2.9 53.1 16 W 13 12 1.2 38.6 26 ESE --------------------------------- 3.3 53.1 NOV ESE