Resums mensuals i anuals

2019: Gen | Feb | Mar | Abr | Mai | Jun | Jul | Ago | Sep | Oct | Nov | Des 
2018: Gen | Feb | Mar | Abr | Mai | Jun | Jul | Ago | Sep | Oct | Nov | Des 
2017: Gen | Feb | Mar | Abr | Mai | Jun | Jul | Ago | Sep | Oct | Nov | Des 
2016: Gen | Feb | Mar | Abr | Mai | Jun | Jul | Ago | Sep | Oct | Nov | Des 
2015: Gen | Feb | Mar | Abr | Mai | Jun | Jul | Ago | Sep | Oct | Nov | Des 
2014: Gen | Feb | Mar | Abr | Mai | Jun | Jul | Ago | Sep | Oct | Nov | Des 
2013: Gen | Feb | Mar | Abr | Mai | Jun | Jul | Ago | Sep | Oct | Nov | Des 
2012: Gen | Feb | Mar | Abr | Mai | Jun | Jul | Ago | Sep | Oct | Nov | Des 
2011: Gen | Feb | Mar | Abr | Mai | Jun | Jul | Ago | Sep | Oct | Nov | Des 
2010: Gen | Feb | Mar | Abr | Mai | Jun | Jul | Ago | Sep | Oct | Nov | Des 

Resum pel 10 2012
MONTHLY CLIMATOLOGICAL SUMMARY for OCT. 2012 NAME: Vantage VUE CITY: Santpedor STATE: Bages ELEV: 325 m LAT: 41 47' 08" N LONG: 1 50' 24" E TEMPERATURE (C), RAIN (mm), WIND SPEED (km/hr) HEAT COOL AVG MEAN DEG DEG WIND DOM DAY TEMP HIGH TIME LOW TIME DAYS DAYS RAIN SPEED HIGH TIME DIR ------------------------------------------------------------------------------------ 1 16.3 22.4 13:30 10.8 23:55 2.9 0.9 0.0 2.9 22.5 15:25 W 2 15.6 23.6 14:20 8.7 5:35 3.7 1.1 0.0 2.1 19.3 12:05 ESE 3 17.1 24.6 14:30 10.2 6:25 2.8 1.6 0.0 2.3 22.5 14:40 SSW 4 19.0 27.1 14:40 13.3 4:30 1.4 2.1 0.0 1.9 19.3 16:30 SE 5 19.9 26.9 14:30 15.2 23:55 0.9 2.5 0.0 2.7 19.3 14:50 SE 6 18.2 26.2 14:40 12.6 7:10 2.0 1.8 0.0 2.6 20.9 14:50 S 7 20.2 27.3 14:20 16.1 7:25 0.8 2.7 0.0 2.6 22.5 13:25 SSE 8 20.2 28.2 15:30 14.0 6:25 1.1 3.0 0.0 1.1 11.3 12:30 ESE 9 20.8 27.6 13:35 14.6 5:55 0.8 3.3 0.0 2.3 22.5 13:50 W 10 20.3 26.7 13:50 15.9 6:55 0.5 2.6 1.0 2.9 27.4 13:15 SE 11 18.8 23.8 15:30 15.5 23:45 0.6 1.2 4.4 2.4 24.1 2:25 W 12 16.9 21.8 14:55 13.8 3:40 1.9 0.6 0.2 2.7 19.3 15:55 SSW 13 15.3 20.4 14:20 10.0 23:55 3.4 0.4 0.0 2.4 24.1 13:30 W 14 14.0 21.8 13:25 7.4 5:40 4.7 0.4 1.4 2.9 33.8 13:35 W 15 13.3 18.9 14:10 9.2 23:40 5.0 0.0 0.0 3.4 25.7 14:45 W 16 12.6 20.5 14:15 5.6 5:40 6.0 0.3 0.0 1.8 22.5 13:50 W 17 14.8 22.3 14:20 8.1 5:25 4.2 0.7 0.0 3.7 22.5 13:10 SE 18 19.4 24.1 13:00 13.8 6:15 1.0 2.1 0.0 6.8 30.6 12:35 ENE 19 20.3 23.9 13:25 18.4 22:50 0.0 2.0 2.8 5.6 29.0 0:10 ENE 20 20.1 23.9 12:15 17.9 2:50 0.0 1.8 1.4 5.1 27.4 10:40 ENE 21 16.8 20.8 11:40 12.9 23:50 1.7 0.3 14.4 4.3 22.5 14:05 NE 22 15.2 19.6 12:10 12.2 6:50 3.2 0.1 0.6 1.6 16.1 12:55 SE 23 15.7 21.3 14:35 10.1 6:30 3.0 0.5 0.0 1.6 14.5 15:50 SE 24 15.8 22.6 14:40 10.5 6:55 3.2 0.7 0.2 1.6 17.7 16:20 SE 25 14.6 16.1 14:45 13.1 2:30 3.8 0.0 17.2 1.0 9.7 20:05 NNW 26 15.1 18.4 13:25 13.4 21:45 3.2 0.0 26.6 2.7 22.5 14:55 W 27 13.8 19.3 14:30 7.1 23:10 4.5 0.1 0.0 4.5 35.4 20:15 W 28 9.1 12.8 12:55 3.6 23:55 9.3 0.0 0.0 9.2 49.9 10:35 WNW 29 6.4 14.7 15:50 -0.4 4:25 11.9 0.0 0.0 1.8 12.9 0:55 ESE 30 6.6 12.1 14:50 0.5 2:55 11.7 0.0 3.8 1.1 12.9 23:15 SE 31 11.2 16.9 14:30 6.4 23:55 7.2 0.0 11.2 4.7 29.0 3:10 NNW ------------------------------------------------------------------------------------- 15.9 28.2 8 -0.4 29 106.5 32.6 85.2 3.0 49.9 28 W Max >= 32.0: 0 Max <= 0.0: 0 Min <= 0.0: 1 Min <= -18.0: 0 Max Rain: 26.59 ON 26/10/12 Days of Rain: 13 (> .2 mm) 7 (> 2 mm) 1 (> 20 mm) Heat Base: 18.3 Cool Base: 18.3 Method: Integration