Resums mensuals i anuals

2019: Gen | Feb | Mar | Abr | Mai | Jun | Jul | Ago | Sep | Oct | Nov | Des 
2018: Gen | Feb | Mar | Abr | Mai | Jun | Jul | Ago | Sep | Oct | Nov | Des 
2017: Gen | Feb | Mar | Abr | Mai | Jun | Jul | Ago | Sep | Oct | Nov | Des 
2016: Gen | Feb | Mar | Abr | Mai | Jun | Jul | Ago | Sep | Oct | Nov | Des 
2015: Gen | Feb | Mar | Abr | Mai | Jun | Jul | Ago | Sep | Oct | Nov | Des 
2014: Gen | Feb | Mar | Abr | Mai | Jun | Jul | Ago | Sep | Oct | Nov | Des 
2013: Gen | Feb | Mar | Abr | Mai | Jun | Jul | Ago | Sep | Oct | Nov | Des 
2012: Gen | Feb | Mar | Abr | Mai | Jun | Jul | Ago | Sep | Oct | Nov | Des 
2011: Gen | Feb | Mar | Abr | Mai | Jun | Jul | Ago | Sep | Oct | Nov | Des 
2010: Gen | Feb | Mar | Abr | Mai | Jun | Jul | Ago | Sep | Oct | Nov | Des 

Resum pel 09 2012
MONTHLY CLIMATOLOGICAL SUMMARY for SEP. 2012 NAME: Vantage VUE CITY: Santpedor STATE: Bages ELEV: 325 m LAT: 41 47' 08" N LONG: 1 50' 24" E TEMPERATURE (C), RAIN (mm), WIND SPEED (km/hr) HEAT COOL AVG MEAN DEG DEG WIND DOM DAY TEMP HIGH TIME LOW TIME DAYS DAYS RAIN SPEED HIGH TIME DIR ------------------------------------------------------------------------------------ 1 17.1 25.2 14:45 10.3 5:05 2.7 1.5 0.0 3.5 24.1 15:00 ESE 2 16.9 24.5 13:50 9.1 5:30 3.0 1.6 0.0 2.9 30.6 12:05 ESE 3 18.8 28.2 15:30 9.1 4:55 2.5 3.0 0.0 2.9 24.1 15:35 ESE 4 20.9 29.5 15:10 13.6 5:10 1.1 3.6 0.0 3.1 32.2 15:50 W 5 22.2 29.8 13:25 14.8 5:40 0.5 4.4 0.0 3.2 27.4 16:00 SE 6 23.0 31.3 13:45 15.3 5:50 0.5 5.1 0.0 2.7 27.4 14:25 SE 7 23.2 31.3 13:55 16.3 5:45 0.2 5.1 0.0 3.5 27.4 15:20 SSE 8 21.6 29.3 14:55 16.1 5:55 0.3 3.6 3.8 4.0 27.4 18:00 SSE 9 21.4 30.1 12:55 15.8 6:00 0.4 3.6 0.0 3.7 30.6 17:35 SE 10 21.9 29.4 14:15 15.7 5:45 0.4 4.0 0.0 3.4 29.0 14:20 SE 11 22.3 31.1 14:55 15.9 4:00 0.4 4.4 0.0 2.7 25.7 15:25 SE 12 22.8 29.4 12:05 17.2 5:45 0.1 4.6 0.0 6.0 35.4 16:35 W 13 20.1 28.3 15:30 14.1 5:40 0.9 2.7 0.0 3.9 32.2 11:30 W 14 19.7 28.6 15:40 10.4 5:00 2.0 3.4 0.0 3.1 24.1 13:40 W 15 20.1 29.9 13:10 11.7 5:45 1.6 3.4 0.0 3.7 27.4 15:25 SSE 16 20.7 28.8 14:30 13.4 5:55 1.2 3.6 0.0 3.5 25.7 15:55 SE 17 21.7 26.6 12:20 17.6 2:55 0.1 3.5 0.0 2.4 17.7 15:20 SSE 18 21.8 26.4 13:00 18.2 3:30 0.0 3.6 0.0 2.7 19.3 16:15 SSE 19 21.3 26.0 12:40 18.4 6:20 0.0 3.0 0.0 4.8 25.7 12:25 SE 20 20.1 24.8 13:40 15.8 6:00 0.3 2.1 0.0 3.9 29.0 11:50 S 21 20.2 26.4 14:25 15.4 4:55 0.7 2.6 0.0 2.3 19.3 15:15 SSE 22 21.6 27.8 14:45 16.6 0:50 0.2 3.5 0.0 3.7 25.7 16:00 SSE 23 22.4 27.3 12:25 19.4 3:35 0.0 4.1 0.0 3.4 25.7 15:25 SSE 24 22.0 26.6 13:50 15.6 23:50 0.2 3.9 0.0 6.9 38.6 8:35 W 25 18.4 24.4 14:30 11.8 5:25 1.8 2.0 0.0 4.2 33.8 14:15 W 26 14.5 21.7 10:30 9.7 23:50 4.0 0.2 0.0 2.9 33.8 14:30 WNW 27 14.4 21.6 13:45 6.8 3:40 4.4 0.5 0.0 2.6 17.7 16:25 SE 28 17.9 20.5 10:35 15.4 4:55 0.9 0.6 1.8 3.7 29.0 21:45 NE 29 16.2 19.8 0:30 13.8 23:25 2.4 0.3 46.0 2.7 24.1 2:00 NE 30 16.4 21.7 15:00 12.1 6:05 2.3 0.4 0.0 1.8 16.1 16:35 W ------------------------------------------------------------------------------------- 20.1 31.3 6 6.8 27 34.9 87.7 51.6 3.5 38.6 24 SE Max >= 32.0: 0 Max <= 0.0: 0 Min <= 0.0: 0 Min <= -18.0: 0 Max Rain: 46.00 ON 29/09/12 Days of Rain: 3 (> .2 mm) 2 (> 2 mm) 1 (> 20 mm) Heat Base: 18.3 Cool Base: 18.3 Method: Integration