Resums mensuals i anuals

2019: Gen | Feb | Mar | Abr | Mai | Jun | Jul | Ago | Sep | Oct | Nov | Des 
2018: Gen | Feb | Mar | Abr | Mai | Jun | Jul | Ago | Sep | Oct | Nov | Des 
2017: Gen | Feb | Mar | Abr | Mai | Jun | Jul | Ago | Sep | Oct | Nov | Des 
2016: Gen | Feb | Mar | Abr | Mai | Jun | Jul | Ago | Sep | Oct | Nov | Des 
2015: Gen | Feb | Mar | Abr | Mai | Jun | Jul | Ago | Sep | Oct | Nov | Des 
2014: Gen | Feb | Mar | Abr | Mai | Jun | Jul | Ago | Sep | Oct | Nov | Des 
2013: Gen | Feb | Mar | Abr | Mai | Jun | Jul | Ago | Sep | Oct | Nov | Des 
2012: Gen | Feb | Mar | Abr | Mai | Jun | Jul | Ago | Sep | Oct | Nov | Des 
2011: Gen | Feb | Mar | Abr | Mai | Jun | Jul | Ago | Sep | Oct | Nov | Des 
2010: Gen | Feb | Mar | Abr | Mai | Jun | Jul | Ago | Sep | Oct | Nov | Des 

Resum pel 08 2012
MONTHLY CLIMATOLOGICAL SUMMARY for AUG. 2012 NAME: Vantage VUE CITY: Santpedor STATE: Bages ELEV: 325 m LAT: 41 47' 08" N LONG: 1 50' 24" E TEMPERATURE (C), RAIN (mm), WIND SPEED (km/hr) HEAT COOL AVG MEAN DEG DEG WIND DOM DAY TEMP HIGH TIME LOW TIME DAYS DAYS RAIN SPEED HIGH TIME DIR ------------------------------------------------------------------------------------ 1 27.1 37.3 15:30 17.9 4:40 0.0 8.8 0.0 4.3 30.6 15:10 W 2 26.3 33.3 13:30 21.0 00:00 0.0 8.0 0.0 4.3 29.0 14:10 SE 3 25.4 33.3 13:35 18.2 5:05 0.0 7.2 0.0 4.3 38.6 11:45 SE 4 24.8 31.3 13:00 17.4 5:05 0.0 6.6 0.0 4.7 27.4 14:35 SE 5 24.6 30.7 15:05 18.3 5:00 0.0 6.2 0.0 4.5 24.1 16:20 S 6 22.9 30.1 16:15 17.2 6:35 0.1 4.6 3.0 4.8 27.4 17:10 W 7 23.1 30.9 13:50 15.6 4:50 0.3 5.1 0.0 4.7 30.6 15:10 SE 8 24.8 32.7 14:15 16.2 5:25 0.2 6.7 0.0 4.3 27.4 12:35 SSE 9 25.9 34.7 13:10 16.9 4:20 0.1 7.7 0.0 4.0 30.6 15:40 SE 10 26.4 34.3 12:25 18.3 4:55 0.0 8.2 0.0 4.7 30.6 13:45 SSE 11 26.7 34.8 12:25 19.1 4:25 0.0 8.4 0.0 4.2 29.0 13:55 SE 12 24.7 31.7 14:35 19.2 5:15 0.0 6.4 0.0 4.5 29.0 15:25 SE 13 24.5 31.2 13:50 18.2 5:15 0.0 6.2 0.0 4.8 29.0 13:10 SE 14 25.1 32.1 14:00 18.3 5:00 0.0 6.8 0.0 5.1 30.6 15:50 SE 15 26.9 34.5 14:50 19.6 5:25 0.0 8.6 0.0 4.0 30.6 15:15 W 16 26.2 34.2 13:15 19.8 4:35 0.0 7.9 0.0 4.7 33.8 12:45 SE 17 26.4 34.8 13:35 18.4 5:10 0.0 8.1 0.0 4.0 27.4 14:00 S 18 26.6 35.6 13:20 17.8 5:45 0.0 8.3 0.0 3.9 27.4 14:35 SE 19 27.5 35.8 15:20 19.6 3:25 0.0 9.2 0.0 3.4 24.1 15:50 ESE 20 29.6 38.4 14:20 21.5 5:20 0.0 11.3 0.0 4.2 32.2 14:20 SE 21 28.1 37.2 13:55 19.5 5:10 0.0 9.7 0.0 3.9 27.4 15:25 SE 22 28.3 36.1 13:55 20.1 4:45 0.0 10.0 0.0 3.7 30.6 13:10 SE 23 28.4 35.9 12:35 21.2 5:00 0.0 10.1 0.0 4.2 32.2 16:35 S 24 26.6 34.2 14:15 19.8 5:25 0.0 8.3 0.0 4.8 30.6 16:20 SE 25 26.7 33.8 13:20 20.7 4:30 0.0 8.4 0.0 5.1 41.8 17:35 W 26 23.3 30.6 15:45 17.0 5:20 0.0 5.0 0.0 5.5 29.0 17:20 W 27 24.8 31.4 13:25 18.7 5:30 0.0 6.5 0.0 4.7 32.2 13:05 SSE 28 25.5 32.2 12:10 21.7 00:00 0.0 7.2 0.0 4.3 33.8 15:15 SE 29 25.0 31.7 13:55 19.3 5:20 0.0 6.7 0.0 3.7 25.7 14:00 SE 30 19.8 22.9 0:05 16.7 00:00 0.2 1.8 7.6 2.1 17.7 17:10 ESE 31 19.6 27.0 15:25 12.6 5:30 1.4 2.7 0.0 3.9 29.0 15:00 ENE ------------------------------------------------------------------------------------- 25.5 38.4 20 12.6 31 2.4 226.8 10.6 4.3 41.8 25 SE Max >= 32.0: 20 Max <= 0.0: 0 Min <= 0.0: 0 Min <= -18.0: 0 Max Rain: 7.59 ON 30/08/12 Days of Rain: 2 (> .2 mm) 2 (> 2 mm) 0 (> 20 mm) Heat Base: 18.3 Cool Base: 18.3 Method: Integration