Resums mensuals i anuals

2019: Gen | Feb | Mar | Abr | Mai | Jun | Jul | Ago | Sep | Oct | Nov | Des 
2018: Gen | Feb | Mar | Abr | Mai | Jun | Jul | Ago | Sep | Oct | Nov | Des 
2017: Gen | Feb | Mar | Abr | Mai | Jun | Jul | Ago | Sep | Oct | Nov | Des 
2016: Gen | Feb | Mar | Abr | Mai | Jun | Jul | Ago | Sep | Oct | Nov | Des 
2015: Gen | Feb | Mar | Abr | Mai | Jun | Jul | Ago | Sep | Oct | Nov | Des 
2014: Gen | Feb | Mar | Abr | Mai | Jun | Jul | Ago | Sep | Oct | Nov | Des 
2013: Gen | Feb | Mar | Abr | Mai | Jun | Jul | Ago | Sep | Oct | Nov | Des 
2012: Gen | Feb | Mar | Abr | Mai | Jun | Jul | Ago | Sep | Oct | Nov | Des 
2011: Gen | Feb | Mar | Abr | Mai | Jun | Jul | Ago | Sep | Oct | Nov | Des 
2010: Gen | Feb | Mar | Abr | Mai | Jun | Jul | Ago | Sep | Oct | Nov | Des 

Resum pel 07 2012
MONTHLY CLIMATOLOGICAL SUMMARY for JUL. 2012 NAME: Vantage VUE CITY: Santpedor STATE: Bages ELEV: 325 m LAT: 41 47' 08" N LONG: 1 50' 24" E TEMPERATURE (C), RAIN (mm), WIND SPEED (km/hr) HEAT COOL AVG MEAN DEG DEG WIND DOM DAY TEMP HIGH TIME LOW TIME DAYS DAYS RAIN SPEED HIGH TIME DIR ------------------------------------------------------------------------------------ 1 18.2 22.2 1:10 15.0 22:45 0.8 0.8 3.6 4.0 30.6 8:20 WNW 2 19.9 28.1 15:35 12.1 4:25 1.4 3.1 0.0 3.2 24.1 13:15 W 3 22.4 30.1 13:40 14.0 4:25 0.7 4.8 0.0 4.3 27.4 11:45 SE 4 23.0 29.7 12:50 16.2 4:15 0.3 4.9 0.0 4.3 29.0 13:35 SE 5 19.9 27.1 12:05 15.7 23:25 0.4 2.0 34.6 3.1 46.7 13:30 ESE 6 20.7 27.2 14:20 14.9 5:10 0.8 3.2 0.0 4.5 25.7 12:45 SSE 7 21.8 28.2 15:05 15.2 4:40 0.6 4.0 0.0 3.5 24.1 13:05 SSW 8 23.3 29.5 12:40 18.2 23:55 0.0 5.0 0.0 5.1 30.6 14:10 SSE 9 23.0 30.3 14:05 15.6 4:30 0.4 5.1 0.0 4.2 25.7 14:50 SE 10 24.9 32.2 14:55 17.6 4:10 0.0 6.7 0.0 4.3 27.4 15:00 SSE 11 24.7 30.2 13:55 20.1 00:00 0.0 6.4 0.4 5.6 29.0 16:15 SSE 12 22.7 30.2 13:35 17.2 5:30 0.1 4.5 0.2 5.8 35.4 16:25 SE 13 25.1 33.8 14:05 18.9 4:40 0.0 6.8 0.0 5.0 30.6 15:15 SE 14 22.8 28.7 12:40 19.0 4:20 0.0 4.5 0.0 5.8 33.8 15:20 SSE 15 21.9 28.9 16:15 15.9 4:05 0.3 3.9 0.0 6.0 30.6 13:35 W 16 22.9 29.4 13:05 17.9 5:00 0.0 4.6 0.0 5.0 38.6 10:45 W 17 24.9 34.8 14:40 16.4 4:45 0.3 6.9 0.0 3.5 33.8 15:35 SE 18 26.7 36.1 14:25 17.2 4:35 0.1 8.4 0.0 3.5 27.4 16:35 SE 19 25.9 34.5 13:30 16.8 4:55 0.1 7.8 0.0 5.6 33.8 12:45 SE 20 24.8 32.4 13:55 17.3 4:05 0.1 6.6 0.0 5.3 27.4 13:05 SE 21 23.4 28.7 14:05 19.1 4:05 0.0 5.1 0.0 6.3 33.8 15:40 SE 22 23.2 29.7 14:40 18.3 00:00 0.0 4.9 0.0 5.1 35.4 16:05 SSE 23 21.5 28.4 12:35 15.6 4:50 0.5 3.7 0.0 4.7 35.4 14:00 SE 24 22.1 29.8 14:25 12.6 4:55 1.1 4.8 0.0 3.7 27.4 13:10 SSW 25 23.6 32.2 14:15 14.7 4:25 0.6 5.8 0.0 4.7 32.2 16:55 SE 26 25.4 34.2 13:10 16.6 4:40 0.1 7.3 0.0 4.5 29.0 13:35 SE 27 25.8 35.2 15:25 18.7 5:05 0.0 7.5 0.2 3.1 25.7 16:05 SSW 28 25.6 33.4 13:35 19.2 4:35 0.0 7.2 0.0 4.7 32.2 15:30 W 29 24.4 31.4 14:45 17.8 5:05 0.0 6.1 0.0 4.7 29.0 13:15 SE 30 24.8 30.8 13:00 19.2 2:45 0.0 6.5 0.0 4.8 30.6 14:20 SE 31 25.6 31.8 15:45 18.9 5:05 0.0 7.2 0.0 4.5 27.4 14:25 S ------------------------------------------------------------------------------------- 23.4 36.1 18 12.1 2 8.7 166.4 39.0 4.6 46.7 5 SE Max >= 32.0: 10 Max <= 0.0: 0 Min <= 0.0: 0 Min <= -18.0: 0 Max Rain: 34.59 ON 05/07/12 Days of Rain: 5 (> .2 mm) 2 (> 2 mm) 1 (> 20 mm) Heat Base: 18.3 Cool Base: 18.3 Method: Integration