Resums mensuals i anuals

2019: Gen | Feb | Mar | Abr | Mai | Jun | Jul | Ago | Sep | Oct | Nov | Des 
2018: Gen | Feb | Mar | Abr | Mai | Jun | Jul | Ago | Sep | Oct | Nov | Des 
2017: Gen | Feb | Mar | Abr | Mai | Jun | Jul | Ago | Sep | Oct | Nov | Des 
2016: Gen | Feb | Mar | Abr | Mai | Jun | Jul | Ago | Sep | Oct | Nov | Des 
2015: Gen | Feb | Mar | Abr | Mai | Jun | Jul | Ago | Sep | Oct | Nov | Des 
2014: Gen | Feb | Mar | Abr | Mai | Jun | Jul | Ago | Sep | Oct | Nov | Des 
2013: Gen | Feb | Mar | Abr | Mai | Jun | Jul | Ago | Sep | Oct | Nov | Des 
2012: Gen | Feb | Mar | Abr | Mai | Jun | Jul | Ago | Sep | Oct | Nov | Des 
2011: Gen | Feb | Mar | Abr | Mai | Jun | Jul | Ago | Sep | Oct | Nov | Des 
2010: Gen | Feb | Mar | Abr | Mai | Jun | Jul | Ago | Sep | Oct | Nov | Des 

Resum pel 05 2012
MONTHLY CLIMATOLOGICAL SUMMARY for MAY. 2012 NAME: Vantage VUE CITY: Santpedor STATE: Bages ELEV: 325 m LAT: 41 47' 08" N LONG: 1 50' 24" E TEMPERATURE (C), RAIN (mm), WIND SPEED (km/hr) HEAT COOL AVG MEAN DEG DEG WIND DOM DAY TEMP HIGH TIME LOW TIME DAYS DAYS RAIN SPEED HIGH TIME DIR ------------------------------------------------------------------------------------ 1 11.9 19.7 14:10 4.2 5:15 6.5 0.1 0.0 3.2 24.1 14:40 ESE 2 12.8 20.9 14:25 4.9 5:10 5.9 0.4 0.0 3.4 27.4 15:55 SE 3 14.6 24.2 14:30 5.8 3:50 4.9 1.2 0.0 3.4 25.7 15:20 ESE 4 12.9 21.0 11:45 8.1 4:25 5.6 0.1 6.4 1.6 20.9 16:00 NNW 5 14.5 21.2 15:25 6.9 4:50 4.4 0.6 0.0 4.3 30.6 15:10 W 6 13.7 19.9 11:30 9.1 5:05 4.8 0.1 5.2 4.5 30.6 16:25 SE 7 15.1 23.5 13:25 6.5 5:25 4.3 1.1 0.0 3.2 24.1 14:15 SSW 8 18.0 25.4 16:10 9.7 4:45 2.6 2.3 0.0 3.1 27.4 14:10 W 9 19.7 26.7 12:40 12.6 4:45 1.4 2.8 0.0 4.7 25.7 14:20 SE 10 19.7 27.9 13:10 11.6 4:45 1.9 3.3 0.0 4.0 24.1 12:05 SE 11 20.8 30.4 14:10 10.9 4:50 1.7 4.2 0.0 3.4 25.7 15:35 SE 12 21.2 32.5 13:05 14.1 4:15 0.9 3.9 9.4 2.9 37.0 16:45 SE 13 18.9 24.6 13:05 15.1 4:45 0.9 1.5 0.0 4.3 30.6 14:55 ESE 14 19.2 24.9 12:05 15.1 4:15 0.9 1.8 0.0 4.7 24.1 13:50 SE 15 17.8 24.6 15:50 12.7 23:00 2.0 1.5 0.0 4.5 32.2 17:50 W 16 14.9 20.7 13:40 10.6 5:05 3.7 0.3 0.0 5.0 25.7 13:40 SE 17 14.8 19.6 15:25 10.4 3:30 3.6 0.0 0.0 2.9 20.9 14:35 SSW 18 16.6 21.8 15:45 13.1 3:10 2.4 0.7 1.2 3.9 22.5 23:45 ENE 19 16.8 22.8 13:30 10.8 5:00 2.4 1.0 0.0 4.2 24.1 16:50 SE 20 13.2 19.3 9:50 9.7 23:45 5.1 0.0 27.2 2.9 19.3 10:40 W 21 13.2 18.9 13:25 8.4 5:15 5.1 0.0 0.0 6.8 45.1 13:20 W 22 14.8 20.1 14:05 9.8 5:20 3.8 0.2 0.0 2.4 17.7 11:20 ENE 23 19.0 28.2 16:10 10.8 3:45 2.3 3.0 0.0 3.1 20.9 13:10 SE 24 20.1 28.8 14:15 11.4 4:30 1.6 3.4 0.0 3.1 24.1 14:25 SSE 25 21.4 28.9 11:55 13.1 4:20 1.0 4.1 0.0 3.4 24.1 14:40 SE 26 20.1 27.4 13:55 13.0 4:00 1.3 3.0 0.0 3.5 22.5 15:20 ESE 27 20.3 28.1 14:25 13.7 5:40 1.2 3.2 0.0 3.9 30.6 16:00 SE 28 18.4 27.3 13:25 13.9 4:45 1.8 1.9 3.2 4.0 41.8 15:05 SE 29 19.3 27.9 14:30 12.4 4:40 1.8 2.8 0.0 4.2 29.0 14:35 SE 30 21.4 29.9 13:15 13.2 4:20 1.1 4.3 0.0 4.7 32.2 15:10 SE 31 22.1 30.6 14:05 14.6 4:50 0.7 4.5 0.0 4.2 30.6 15:00 SE ------------------------------------------------------------------------------------- 17.3 32.5 12 4.2 1 87.5 57.4 52.6 3.8 45.1 21 SE Max >= 32.0: 1 Max <= 0.0: 0 Min <= 0.0: 0 Min <= -18.0: 0 Max Rain: 27.20 ON 20/05/12 Days of Rain: 6 (> .2 mm) 5 (> 2 mm) 1 (> 20 mm) Heat Base: 18.3 Cool Base: 18.3 Method: Integration