Resums mensuals i anuals

2019: Gen | Feb | Mar | Abr | Mai | Jun | Jul | Ago | Sep | Oct | Nov | Des 
2018: Gen | Feb | Mar | Abr | Mai | Jun | Jul | Ago | Sep | Oct | Nov | Des 
2017: Gen | Feb | Mar | Abr | Mai | Jun | Jul | Ago | Sep | Oct | Nov | Des 
2016: Gen | Feb | Mar | Abr | Mai | Jun | Jul | Ago | Sep | Oct | Nov | Des 
2015: Gen | Feb | Mar | Abr | Mai | Jun | Jul | Ago | Sep | Oct | Nov | Des 
2014: Gen | Feb | Mar | Abr | Mai | Jun | Jul | Ago | Sep | Oct | Nov | Des 
2013: Gen | Feb | Mar | Abr | Mai | Jun | Jul | Ago | Sep | Oct | Nov | Des 
2012: Gen | Feb | Mar | Abr | Mai | Jun | Jul | Ago | Sep | Oct | Nov | Des 
2011: Gen | Feb | Mar | Abr | Mai | Jun | Jul | Ago | Sep | Oct | Nov | Des 
2010: Gen | Feb | Mar | Abr | Mai | Jun | Jul | Ago | Sep | Oct | Nov | Des 

Resum pel 04 2012
MONTHLY CLIMATOLOGICAL SUMMARY for APR. 2012 NAME: Vantage VUE CITY: Santpedor STATE: Bages ELEV: 325 m LAT: 41 47' 08" N LONG: 1 50' 24" E TEMPERATURE (C), RAIN (mm), WIND SPEED (km/hr) HEAT COOL AVG MEAN DEG DEG WIND DOM DAY TEMP HIGH TIME LOW TIME DAYS DAYS RAIN SPEED HIGH TIME DIR ------------------------------------------------------------------------------------ 1 14.6 23.1 13:15 6.5 5:50 4.7 1.0 0.0 3.2 25.7 15:45 SE 2 13.3 21.4 13:30 6.4 5:15 5.5 0.5 0.0 3.1 25.7 13:50 SE 3 11.0 15.8 16:45 7.5 3:55 7.3 0.0 11.8 1.8 14.5 13:55 SE 4 10.8 11.3 12:10 10.1 5:15 7.5 0.0 18.8 1.3 12.9 14:00 ENE 5 11.1 12.8 17:20 9.9 2:00 7.2 0.0 2.0 1.1 9.7 6:55 NNW 6 10.0 15.8 10:50 4.1 23:50 8.3 0.0 3.6 2.1 24.1 14:30 N 7 9.8 15.3 15:20 3.1 5:25 8.5 0.0 0.2 5.3 32.2 14:20 W 8 12.8 20.6 15:10 5.5 5:00 5.7 0.2 0.0 4.2 27.4 15:55 W 9 11.9 19.2 15:40 6.9 2:40 6.4 0.0 0.0 3.1 24.1 16:35 SE 10 11.1 17.6 17:30 5.8 4:40 7.2 0.0 0.4 3.2 41.8 19:25 W 11 11.9 17.8 15:00 4.1 5:05 6.4 0.0 0.0 4.7 32.2 15:00 W 12 11.2 15.9 15:55 6.6 5:40 7.1 0.0 13.2 2.6 32.2 21:05 SE 13 10.7 17.1 16:05 5.9 23:50 7.6 0.0 0.2 3.1 30.6 16:35 W 14 8.8 15.7 15:05 3.2 5:25 9.5 0.0 5.4 3.5 24.1 11:30 W 15 9.3 16.9 12:10 4.2 3:25 9.0 0.0 0.6 3.1 37.0 12:50 ESE 16 11.4 17.7 15:45 4.4 23:55 6.8 0.0 0.0 4.7 32.2 17:25 NNW 17 9.8 17.5 15:15 1.3 4:35 8.5 0.0 0.0 3.2 24.1 13:15 SE 18 11.6 16.5 15:05 7.1 5:20 6.7 0.0 1.8 5.3 41.8 15:40 W 19 12.3 17.1 15:50 6.9 23:35 5.9 0.0 0.0 6.1 38.6 13:10 WNW 20 12.4 19.4 16:15 3.8 4:30 5.9 0.1 0.0 5.3 37.0 13:05 W 21 13.6 21.1 15:00 6.8 5:20 5.1 0.4 3.0 4.2 33.8 13:30 W 22 13.2 18.1 14:00 10.2 6:30 5.1 0.0 0.0 6.1 41.8 12:05 W 23 14.0 19.0 13:10 9.9 4:35 4.3 0.0 0.0 4.7 30.6 13:55 W 24 13.1 18.8 14:35 7.6 00:00 5.2 0.0 0.0 6.6 33.8 17:05 W 25 12.5 20.2 13:45 4.0 4:55 6.0 0.2 0.0 4.7 33.8 14:30 SE 26 17.9 25.2 14:15 12.7 5:25 2.1 1.7 0.0 3.7 32.2 15:35 SE 27 16.9 22.3 15:20 12.3 5:00 2.3 0.9 0.0 2.1 17.7 13:35 W 28 16.6 22.8 13:25 11.2 00:00 2.2 0.5 17.2 3.9 25.7 15:50 SE 29 13.7 19.3 14:00 8.7 5:05 4.7 0.0 0.0 4.8 27.4 12:10 W 30 10.7 14.7 14:30 6.2 23:45 7.6 0.0 24.4 4.0 25.7 6:45 W ------------------------------------------------------------------------------------- 12.3 25.2 26 1.3 17 186.4 5.7 102.7 3.8 41.8 10 W Max >= 32.0: 0 Max <= 0.0: 0 Min <= 0.0: 0 Min <= -18.0: 0 Max Rain: 24.41 ON 30/04/12 Days of Rain: 14 (> .2 mm) 9 (> 2 mm) 1 (> 20 mm) Heat Base: 18.3 Cool Base: 18.3 Method: Integration