Resums mensuals i anuals

2019: Gen | Feb | Mar | Abr | Mai | Jun | Jul | Ago | Sep | Oct | Nov | Des 
2018: Gen | Feb | Mar | Abr | Mai | Jun | Jul | Ago | Sep | Oct | Nov | Des 
2017: Gen | Feb | Mar | Abr | Mai | Jun | Jul | Ago | Sep | Oct | Nov | Des 
2016: Gen | Feb | Mar | Abr | Mai | Jun | Jul | Ago | Sep | Oct | Nov | Des 
2015: Gen | Feb | Mar | Abr | Mai | Jun | Jul | Ago | Sep | Oct | Nov | Des 
2014: Gen | Feb | Mar | Abr | Mai | Jun | Jul | Ago | Sep | Oct | Nov | Des 
2013: Gen | Feb | Mar | Abr | Mai | Jun | Jul | Ago | Sep | Oct | Nov | Des 
2012: Gen | Feb | Mar | Abr | Mai | Jun | Jul | Ago | Sep | Oct | Nov | Des 
2011: Gen | Feb | Mar | Abr | Mai | Jun | Jul | Ago | Sep | Oct | Nov | Des 
2010: Gen | Feb | Mar | Abr | Mai | Jun | Jul | Ago | Sep | Oct | Nov | Des 

Resum pel 03 2012
MONTHLY CLIMATOLOGICAL SUMMARY for MAR. 2012 NAME: Vantage VUE CITY: Santpedor STATE: Bages ELEV: 325 m LAT: 41 47' 08" N LONG: 1 50' 24" E TEMPERATURE (C), RAIN (mm), WIND SPEED (km/hr) HEAT COOL AVG MEAN DEG DEG WIND DOM DAY TEMP HIGH TIME LOW TIME DAYS DAYS RAIN SPEED HIGH TIME DIR ------------------------------------------------------------------------------------ 1 10.5 20.8 14:25 2.2 6:40 8.1 0.3 0.0 2.3 22.5 15:40 SE 2 9.6 18.7 14:55 1.6 6:30 8.7 0.0 0.0 2.7 20.9 17:10 SE 3 9.5 16.8 14:40 3.8 5:15 8.8 0.0 0.0 1.4 20.9 14:50 W 4 9.4 16.7 13:10 2.4 6:30 8.8 0.0 0.0 1.9 22.5 13:20 W 5 8.9 15.7 13:15 2.6 6:10 9.4 0.0 0.0 4.2 33.8 13:25 WNW 6 6.2 15.1 15:30 -1.5 5:50 12.2 0.0 0.0 3.4 25.7 13:55 W 7 7.1 15.4 14:45 -1.8 6:35 11.2 0.0 0.0 2.1 20.9 14:45 W 8 8.3 18.4 13:40 0.4 5:50 10.0 0.0 0.0 3.2 35.4 15:10 SE 9 7.1 15.7 15:20 0.2 6:30 11.2 0.0 0.0 2.7 25.7 16:20 SE 10 7.6 17.7 15:55 -1.1 6:15 10.7 0.0 0.0 1.9 20.9 13:35 W 11 9.3 18.7 15:45 0.2 6:25 9.0 0.0 0.0 1.9 19.3 14:25 W 12 11.3 22.1 16:20 2.6 6:00 7.5 0.5 0.0 1.4 12.9 16:55 W 13 12.2 23.4 15:05 2.8 6:30 6.8 0.8 0.0 1.9 20.9 16:30 SE 14 12.4 23.5 13:50 3.6 5:55 6.6 0.8 0.0 2.6 24.1 14:55 SSE 15 12.1 22.5 13:40 4.1 6:05 6.8 0.6 0.0 2.9 27.4 14:50 SE 16 10.9 20.4 14:10 2.2 6:05 7.7 0.3 0.0 2.9 24.1 14:20 SE 17 11.1 21.2 14:05 2.4 6:15 7.5 0.3 0.0 2.9 29.0 16:15 SE 18 10.9 17.2 12:55 3.7 6:10 7.3 0.0 0.0 4.8 38.6 14:05 W 19 9.1 15.9 14:15 3.4 5:40 9.2 0.0 3.0 4.0 27.4 15:25 W 20 8.3 15.7 13:05 1.2 5:55 10.0 0.0 1.4 6.6 35.4 20:55 ENE 21 10.9 13.2 9:20 7.3 0:05 7.4 0.0 21.4 6.4 29.0 0:35 NE 22 9.4 15.0 15:25 6.3 00:00 8.9 0.0 24.2 4.0 25.7 3:35 N 23 10.2 18.3 16:05 3.0 5:55 8.1 0.0 0.0 1.9 19.3 16:45 SE 24 11.5 20.5 13:30 3.3 6:25 7.1 0.2 0.0 2.4 24.1 15:50 SSW 25 13.2 23.1 14:15 4.8 5:50 5.9 0.8 0.0 1.9 19.3 16:10 SE 26 11.3 20.9 13:10 6.2 4:45 7.2 0.2 13.4 1.9 30.6 14:25 WNW 27 12.1 21.2 13:05 4.0 5:30 6.7 0.5 0.2 1.8 20.9 15:50 NNW 28 12.9 22.7 14:25 3.8 6:00 6.2 0.8 0.0 2.3 20.9 14:55 SSW 29 13.6 22.8 14:20 4.6 5:45 5.7 0.9 0.0 2.3 17.7 16:35 SE 30 15.3 25.2 14:35 5.4 5:45 4.8 1.8 0.0 2.3 19.3 14:00 W 31 15.1 23.8 13:00 6.3 5:55 4.5 1.2 0.0 2.7 22.5 13:35 SE ------------------------------------------------------------------------------------- 10.6 25.2 30 -1.8 7 250.1 10.0 63.6 2.8 38.6 18 SE Max >= 32.0: 0 Max <= 0.0: 0 Min <= 0.0: 3 Min <= -18.0: 0 Max Rain: 24.21 ON 22/03/12 Days of Rain: 6 (> .2 mm) 4 (> 2 mm) 2 (> 20 mm) Heat Base: 18.3 Cool Base: 18.3 Method: Integration