Resums mensuals i anuals

2019: Gen | Feb | Mar | Abr | Mai | Jun | Jul | Ago | Sep | Oct | Nov | Des 
2018: Gen | Feb | Mar | Abr | Mai | Jun | Jul | Ago | Sep | Oct | Nov | Des 
2017: Gen | Feb | Mar | Abr | Mai | Jun | Jul | Ago | Sep | Oct | Nov | Des 
2016: Gen | Feb | Mar | Abr | Mai | Jun | Jul | Ago | Sep | Oct | Nov | Des 
2015: Gen | Feb | Mar | Abr | Mai | Jun | Jul | Ago | Sep | Oct | Nov | Des 
2014: Gen | Feb | Mar | Abr | Mai | Jun | Jul | Ago | Sep | Oct | Nov | Des 
2013: Gen | Feb | Mar | Abr | Mai | Jun | Jul | Ago | Sep | Oct | Nov | Des 
2012: Gen | Feb | Mar | Abr | Mai | Jun | Jul | Ago | Sep | Oct | Nov | Des 
2011: Gen | Feb | Mar | Abr | Mai | Jun | Jul | Ago | Sep | Oct | Nov | Des 
2010: Gen | Feb | Mar | Abr | Mai | Jun | Jul | Ago | Sep | Oct | Nov | Des 

Resum pel 02 2012
MONTHLY CLIMATOLOGICAL SUMMARY for FEB. 2012 NAME: Vantage VUE CITY: Santpedor STATE: Bages ELEV: 325 m LAT: 41 47' 08" N LONG: 1 50' 24" E TEMPERATURE (C), RAIN (mm), WIND SPEED (km/hr) HEAT COOL AVG MEAN DEG DEG WIND DOM DAY TEMP HIGH TIME LOW TIME DAYS DAYS RAIN SPEED HIGH TIME DIR ------------------------------------------------------------------------------------ 1 2.2 4.3 16:35 -0.6 0:15 16.1 0.0 2.2 0.6 8.0 21:55 SE 2 0.4 1.2 0:20 -0.6 23:55 17.9 0.0 2.2 1.1 12.9 15:15 WNW 3 -1.6 3.2 15:35 -5.0 23:05 19.9 0.0 0.8 3.5 30.6 18:35 NW 4 -0.3 4.6 14:25 -5.9 0:40 18.6 0.0 0.0 7.6 43.5 15:10 WNW 5 -2.6 1.7 12:20 -7.1 5:35 20.9 0.0 0.0 1.3 12.9 11:45 ENE 6 0.8 11.7 15:10 -6.5 6:50 17.5 0.0 0.0 2.1 19.3 16:15 SE 7 4.3 9.8 11:45 -1.8 00:00 14 0 0.0 0.0 7.6 57.9 13:15 NNW 8 0.5 5.2 13:25 -4.7 7:20 17.8 0.0 0.0 1.6 14.5 23:55 WNW 9 1.1 6.9 14:55 -3.1 6:55 17.2 0.0 0.0 3.2 17.7 0.40 WNW 10 1.9 10.2 13:40 -3.4 6:20 16.4 0.0 0.0 2.3 27.4 15:35 W 11 0,6 8,3 15:40 -6.o 5:55 17.7 0.0 0.0 3.2 24.1 13:10 SE 12 -0.2 7.3 15:25 -6.3 7:05 18.5 0.0 0.0 1.9 16.1 16:50 SE 13 0.5 9.6 15:15 -7.1 6:10 17.8 0.0 0.0 2.1 22.5 14:45 SE 14 2.9 10.5 16:10 -3.2 7:05 15.4 0.0 0.0 1.8 12.9 17:45 SE 15 4.3 13.0 16:00 -3.1 5:25 14.0 0.0 0.0 2.6 25.7 13:35 W 16 6.4 15.6 16:00 -2.0 6:20 11.9 0.0 0.0 2.9 22.5 14:20 N 17 6.1 13.7 15:10 1.3 2:35 12.2 0.0 0.0 1.9 20.9 16:05 SE 18 6.2 13.7 14:55 1.6 00:00 12.1 0.0 0.0 1.6 17.7 15:05 W 19 5.3 12.9 15:20 -1.5 7:25 13.0 0.0 0.0 1.1 12.9 16:40 SE 20 5.7 12.9 16:00 -1.1 6:55 12.6 0.0 0.0 2.6 22.5 13:30 W 21 4.5 13.6 15:30 -2.6 6:20 13.8 0.0 0.0 1.6 14.5 17:10 NNW 22 5.4 15.6 14:35 -3.0 6:40 12.9 0.0 0.0 1.9 19.3 16:40 W 23 6.8 18.3 14:55 -2.8 6:50 11.4 0.0 0.0 1.8 14.5 15:05 NW 24 9.3 21.0 15:00 1.1 5:15 9.2 0.2 0.0 1.3 19.3 16:25 SE 25 9.6 20,2 15:10 1.0 6:35 8.8 0.1 0.0 1.3 14.5 15:25 W 26 11.7 21.0 14:30 3.8 6:45 7.1 0.4 0.0 1.9 22.5 14:50 NNW 27 9.8 18.2 15:50 3.2 6:40 8.5 0.0 0.0 2.1 22.5 16:10 SE 28 9.0 18.1 15:00 3.6 7:25 9.3 0.0 0.0 2.4 22.5 15:35 SE 29 10.2 20.1 15:35 5.1 8:00 8.2 0.1 0.0 1.9 16.1 15:55 SE ------------------------------------------------------------------------------------ 4.2 21.0 24 -7.1 13 410.6 0.9 5.2 2.4 57.9 7 SE Max >= 32.0: 0 Max <= 0.0: 0 Min <= 0.0: 21 Min <- -18.0: 0 Max Rain: 2.21 ON 01/02/12 Days of Rain: 3 (> .2 mm) 2 (> 2 mm) 0 (> 20 mm) Heat Base: 18.3 Cool Base: 18.3 Method: Integration