Resums mensuals i anuals

2019: Gen | Feb | Mar | Abr | Mai | Jun | Jul | Ago | Sep | Oct | Nov | Des 
2018: Gen | Feb | Mar | Abr | Mai | Jun | Jul | Ago | Sep | Oct | Nov | Des 
2017: Gen | Feb | Mar | Abr | Mai | Jun | Jul | Ago | Sep | Oct | Nov | Des 
2016: Gen | Feb | Mar | Abr | Mai | Jun | Jul | Ago | Sep | Oct | Nov | Des 
2015: Gen | Feb | Mar | Abr | Mai | Jun | Jul | Ago | Sep | Oct | Nov | Des 
2014: Gen | Feb | Mar | Abr | Mai | Jun | Jul | Ago | Sep | Oct | Nov | Des 
2013: Gen | Feb | Mar | Abr | Mai | Jun | Jul | Ago | Sep | Oct | Nov | Des 
2012: Gen | Feb | Mar | Abr | Mai | Jun | Jul | Ago | Sep | Oct | Nov | Des 
2011: Gen | Feb | Mar | Abr | Mai | Jun | Jul | Ago | Sep | Oct | Nov | Des 
2010: Gen | Feb | Mar | Abr | Mai | Jun | Jul | Ago | Sep | Oct | Nov | Des 

Resum pel 01 2012
MONTHLY CLIMATOLOGICAL SUMMARY for JAN. 2012 NAME: Vantage VUE CITY: Santpedor STATE: Bages ELEV: 325 m LAT: 41 47' 08" N LONG: 1 50' 24" E TEMPERATURE (C), RAIN (mm), WIND SPEED (km/hr) HEAT COOL AVG MEAN DEG DEG WIND DOM DAY TEMP HIGH TIME LOW TIME DAYS DAYS RAIN SPEED HIGH TIME DIR ------------------------------------------------------------------------------------ 1 7.1 12.6 15:05 3.7 2:40 11.2 0.0 0.0 1.1 12.9 13:25 SE 2 8.4 14.6 15:05 2.9 2:50 9.9 0.0 0.0 2.9 35.4 11:00 WNW 3 5.3 12.8 15:00 -0.2 7:10 12.9 0.0 0.0 2.1 16.1 12:15 NNW 4 5.5 14.3 15:50 0.5 5:40 12.8 0.0 0.0 1.6 14.5 10:55 ENE 5 5.9 12.8 14:25 1.8 4:55 12.3 0.0 0.0 2.3 16.1 23:30 ENE 6 7.7 14.4 14:50 2.5 23:55 10.6 0.0 0.0 2.3 16.1 2:45 N 7 4.8 13.1 14:35 -1.0 7:20 13.5 0.0 0.0 1.4 12.9 15:35 SE 8 3.9 9.9 14:50 -0.1 3:55 14.4 0.0 0.0 2.1 22.5 13:15 NW 9 3.9 10.9 14:10 -0.4 2:40 14.4 0.0 0.0 1.9 16.1 15:40 NNW 10 2.9 12.8 15:30 -2.4 7:15 15.4 0.0 0.0 0.5 6.4 17:40 SE 11 3.6 12.6 15:35 -1.8 6:50 14.7 0.0 0.0 0.5 6.4 11:10 SE 12 3.0 9.9 15:20 -0.1 2:05 15.3 0.0 0.0 0.8 6.4 4:45 N 13 1.1 8.5 14:50 -3.3 6:55 17.2 0.0 0.0 1.8 20.9 17:30 SE 14 0.0 7.5 14:45 -4.8 7:05 18.3 0.0 0.0 1.0 8.0 11:25 NNW 15 3.7 10.2 14:55 -0.6 0:05 14.6 0.0 0.0 0.8 9.7 2:15 NNW 16 6.3 10.7 14:10 2.0 3:05 12.0 0.0 0.0 3.7 25.7 13:20 NE 17 8.8 14.2 14:25 2.3 00:00 9.5 0.0 0.0 3.5 17.7 3:25 N 18 3.2 9.5 15:30 0.0 00:00 15.1 0.0 0.0 1.1 14.5 13:20 NNW 19 4.1 13.1 14:35 -2.2 6:55 14.2 0.0 0.0 1.1 14.5 15:40 SE 20 5.4 12.9 13:45 0.6 5:35 12.9 0.0 0.0 1.3 17.7 13:55 W 21 6.4 14.5 14:55 1.7 2:20 11.8 0.0 0.0 1.6 16.1 2:00 N 22 6.3 12.6 14:25 2.0 3:45 12.0 0.0 0.0 1.1 11.3 15:15 NNW 23 6.0 13.2 15:00 1.3 6:25 12.3 0.0 0.0 1.3 14.5 17:35 NNW 24 5.3 12.5 15:55 1.4 23:35 13.0 0.0 0.0 1.1 12.9 16:25 NNW 25 4.7 15.3 15:45 -1.2 8:00 13.6 0.0 0.0 0.6 6.4 12:00 SE 26 5.2 13.6 14:10 -1.4 7:05 13.1 0.0 0.0 0.6 8.0 14:00 SSW 27 6.1 10.3 15:20 1.9 6:20 12.2 0.0 0.4 0.5 11.3 22:35 SE 28 6.3 8.1 13:35 1.3 00:00 12.0 0.0 0.4 1.6 16.1 10:35 W 29 2.8 8.0 14:00 -1.3 7:00 15.5 0.0 0.0 1.8 11.3 11:45 ENE 30 2.7 10.7 14:55 -3.1 7:10 15.6 0.0 0.0 1.3 12.9 14:15 W 31 2.4 9.9 14:55 -1.9 4:55 15.8 0.0 0.0 1.3 11.3 18:00 N ------------------------------------------------------------------------------------- 4.8 15.3 25 -4.8 14 418.5 0.0 0.8 1.5 35.4 2 SE Max >= 32.0: 0 Max <= 0.0: 0 Min <= 0.0: 17 Min <= -18.0: 0 Max Rain: 0.41 ON 27/01/12 Days of Rain: 2 (> .2 mm) 0 (> 2 mm) 0 (> 20 mm) Heat Base: 18.3 Cool Base: 18.3 Method: Integration