Resums mensuals i anuals

2019: Gen | Feb | Mar | Abr | Mai | Jun | Jul | Ago | Sep | Oct | Nov | Des 
2018: Gen | Feb | Mar | Abr | Mai | Jun | Jul | Ago | Sep | Oct | Nov | Des 
2017: Gen | Feb | Mar | Abr | Mai | Jun | Jul | Ago | Sep | Oct | Nov | Des 
2016: Gen | Feb | Mar | Abr | Mai | Jun | Jul | Ago | Sep | Oct | Nov | Des 
2015: Gen | Feb | Mar | Abr | Mai | Jun | Jul | Ago | Sep | Oct | Nov | Des 
2014: Gen | Feb | Mar | Abr | Mai | Jun | Jul | Ago | Sep | Oct | Nov | Des 
2013: Gen | Feb | Mar | Abr | Mai | Jun | Jul | Ago | Sep | Oct | Nov | Des 
2012: Gen | Feb | Mar | Abr | Mai | Jun | Jul | Ago | Sep | Oct | Nov | Des 
2011: Gen | Feb | Mar | Abr | Mai | Jun | Jul | Ago | Sep | Oct | Nov | Des 
2010: Gen | Feb | Mar | Abr | Mai | Jun | Jul | Ago | Sep | Oct | Nov | Des 

Resum pel 12 2011
MONTHLY CLIMATOLOGICAL SUMMARY for DEC. 2011 NAME: Vantage VUE CITY: Santpedor STATE: Bages ELEV: 325 m LAT: 41 47' 08" N LONG: 1 50' 24" E TEMPERATURE (C), RAIN (mm), WIND SPEED (km/hr) HEAT COOL AVG MEAN DEG DEG WIND DOM DAY TEMP HIGH TIME LOW TIME DAYS DAYS RAIN SPEED HIGH TIME DIR ------------------------------------------------------------------------------------ 1 6.7 15.4 15:25 1.3 6:35 11.6 0.0 0.0 0.5 6.4 11:40 SE 2 7.5 13.2 14:05 4.5 2:00 10.8 0.0 0.0 1.4 16.1 15:30 NW 3 7.7 10.5 12:40 4.8 5:40 10.6 0.0 0.0 1.4 11.3 12:35 NNW 4 8.7 13.2 13:05 5.6 23:10 9.6 0.0 0.0 2.6 20.9 15:45 NNW 5 8.7 11.9 13:30 5.4 6:35 9.6 0.0 0.0 2.4 20.9 2:30 ENE 6 8.4 14.8 14:25 4.2 7:15 9.8 0.0 0.0 1.4 12.9 0:30 N 7 6.9 13.5 13:55 2.1 5:30 11.4 0.0 0.0 1.4 16.1 11:35 NNW 8 6.2 14.8 15:10 1.4 7:35 12.1 0.0 0.0 0.5 6.4 12:10 SE 9 4.4 6.6 15:25 2.2 4:00 13.9 0.0 0.2 0.3 8.0 14:25 SE 10 5.4 10.2 15:40 2.8 22:10 12.9 0.0 0.2 1.1 14.5 9:25 SE 11 4.4 11.9 14:50 1.1 7:50 13.8 0.0 0.0 1.0 14.5 17:05 SE 12 5.9 10.2 14:10 1.8 00:00 12.3 0.0 0.0 1.9 14.5 13:30 ENE 13 6.1 12.5 13:15 0.7 4:20 12.2 0.0 0.0 1.9 30.6 15:05 N 14 10.8 16.1 14:25 5.6 1:15 7.5 0.0 0.0 2.7 29.0 14:40 W 15 8.3 14.1 14:15 4.7 7:55 10.0 0.0 0.0 2.3 22.5 14:50 WNW 16 9.8 12.9 15:40 5.9 1:50 8.5 0.0 0.0 4.5 35.4 12:10 W 17 6.3 11.7 15:25 1.9 7:25 12.0 0.0 0.0 3.9 32.2 12:50 W 18 3.9 10.7 14:10 -0.7 23:20 14.4 0.0 0.0 2.9 25.7 14:00 NNW 19 2.6 8.1 14:00 -2.7 5:10 15.7 0.0 0.0 1.6 14.5 21:10 SE 20 5.5 10.7 14:10 2.6 3:55 12.8 0.0 0.0 1.8 14.5 19:50 ENE 21 6.2 12.6 14:20 1.4 6:05 12.1 0.0 0.0 1.4 11.3 17:05 ESE 22 8.4 14.0 14:25 4.2 00:00 9.8 0.0 0.0 1.8 19.3 11:35 SE 23 6.2 11.6 14:20 2.8 1:15 12.1 0.0 0.0 2.1 20.9 17:20 ENE 24 5.7 10.8 14:15 1.4 23:00 12.6 0.0 0.0 2.1 12.9 14:30 NNW 25 3.3 11.4 15:05 -1.0 5:50 15.0 0.0 0.0 1.3 11.3 12:50 SE 26 3.2 12.6 15:15 -1.9 7:15 15.1 0.0 0.2 0.8 11.3 12:25 SE 27 3.7 13.9 14:55 -1.7 6:00 14.6 0.0 0.0 1.0 19.3 14:35 SE 28 3.5 12.7 15:00 -1.8 7:10 14.8 0.0 0.0 1.0 12.9 17:15 SE 29 3.6 11.1 15:10 -1.1 3:35 14.7 0.0 0.0 1.3 16.1 13:05 SE 30 5.7 12.9 14:45 -0.3 3:00 12.6 0.0 0.0 1.8 14.5 20:05 SE 31 8.1 14.4 15:05 3.9 7:20 10.2 0.0 0.0 1.6 16.1 14:15 SE ------------------------------------------------------------------------------------- 6.2 16.1 14 -2.7 19 375.2 0.0 0.6 1.7 35.4 16 NNW Max >= 32.0: 0 Max <= 0.0: 0 Min <= 0.0: 8 Min <= -18.0: 0 Max Rain: 0.20 ON 09/12/11 Days of Rain: 3 (> .2 mm) 0 (> 2 mm) 0 (> 20 mm) Heat Base: 18.3 Cool Base: 18.3 Method: Integration