Resums mensuals i anuals

2019: Gen | Feb | Mar | Abr | Mai | Jun | Jul | Ago | Sep | Oct | Nov | Des 
2018: Gen | Feb | Mar | Abr | Mai | Jun | Jul | Ago | Sep | Oct | Nov | Des 
2017: Gen | Feb | Mar | Abr | Mai | Jun | Jul | Ago | Sep | Oct | Nov | Des 
2016: Gen | Feb | Mar | Abr | Mai | Jun | Jul | Ago | Sep | Oct | Nov | Des 
2015: Gen | Feb | Mar | Abr | Mai | Jun | Jul | Ago | Sep | Oct | Nov | Des 
2014: Gen | Feb | Mar | Abr | Mai | Jun | Jul | Ago | Sep | Oct | Nov | Des 
2013: Gen | Feb | Mar | Abr | Mai | Jun | Jul | Ago | Sep | Oct | Nov | Des 
2012: Gen | Feb | Mar | Abr | Mai | Jun | Jul | Ago | Sep | Oct | Nov | Des 
2011: Gen | Feb | Mar | Abr | Mai | Jun | Jul | Ago | Sep | Oct | Nov | Des 
2010: Gen | Feb | Mar | Abr | Mai | Jun | Jul | Ago | Sep | Oct | Nov | Des 

Resum pel 10 2011
MONTHLY CLIMATOLOGICAL SUMMARY for OCT. 2011 NAME: Vantage VUE CITY: Santpedor STATE: Bages ELEV: 325 m LAT: 41 47' 08" N LONG: 1 50' 24" E TEMPERATURE (C), RAIN (mm), WIND SPEED (km/hr) HEAT COOL AVG MEAN DEG DEG WIND DOM DAY TEMP HIGH TIME LOW TIME DAYS DAYS RAIN SPEED HIGH TIME DIR ------------------------------------------------------------------------------------ 1 18.2 27.1 14:30 10.9 5:35 2.3 2.3 0.0 2.3 24.1 14:35 SSE 2 18.9 29.8 15:40 10.8 5:50 2.3 3.0 0.0 1.3 14.5 16:10 SE 3 19.9 30.8 14:55 10.9 5:05 2.1 3.8 0.0 1.8 25.7 16:00 SSE 4 20.0 30.7 15:20 11.5 5:40 2.0 3.7 0.0 1.6 17.7 13:30 SE 5 19.6 30.7 14:55 10.2 6:05 2.3 3.5 0.0 1.9 20.9 16:30 SE 6 19.7 28.6 14:35 12.4 5:50 1.5 2.9 0.0 2.4 20.9 15:25 SE 7 18.2 24.4 15:40 12.4 00:00 1.6 1.5 0.0 3.1 24.1 14:00 W 8 15.3 23.1 15:05 7.9 5:30 4.0 1.0 0.0 2.9 22.5 13:05 W 9 16.5 24.3 14:30 8.4 6:15 3.3 1.5 0.0 2.6 20.9 14:00 ESE 10 19.3 29.1 13:35 10.8 5:25 2.2 3.2 0.0 2.1 17.7 14:25 WNW 11 20.3 32.3 15:30 11.3 6:10 2.0 4.0 0.0 1.3 20.9 16:20 SSE 12 20.4 32.4 14:55 10.9 5:25 2.0 4.1 0.0 1.3 11.3 14:10 SE 13 19.3 29.3 14:10 10.3 5:45 1.9 2.9 0.0 2.3 22.5 16:00 SE 14 18.8 25.7 14:55 13.6 5:45 1.2 1.8 0.0 2.7 25.7 15:25 SE 15 16.1 22.1 14:40 11.3 6:20 2.9 0.7 0.0 2.4 22.5 15:50 SE 16 17.1 23.5 15:05 12.6 00:00 2.2 0.9 0.0 1.4 12.9 16:40 SE 17 16.1 23.4 14:35 10.8 3:00 3.2 1.0 0.0 1.9 20.9 15:10 SSE 18 15.8 24.0 14:20 10.8 5:30 3.5 1.0 0.0 1.6 20.9 14:00 SE 19 15.5 23.3 13:40 8.2 6:10 3.7 0.9 0.0 1.9 19.3 15:00 SE 20 14.2 20.2 15:25 8.1 00:00 4.2 0.2 0.0 2.9 30.6 12:05 W 21 11.4 18.4 13:30 4.4 5:35 6.9 0.0 0.0 2.3 20.9 14:10 SE 22 14.6 20.4 14:50 10.7 6:35 3.9 0.2 0.0 2.3 16.1 13:55 SE 23 14.1 20.1 13:05 8.8 6:15 4.3 0.2 0.0 2.6 27.4 15:00 SE 24 15.3 19.2 12:55 12.4 5:55 3.1 0.1 3.4 2.3 22.5 14:30 SE 25 13.9 18.2 12:50 7.1 00:00 4.4 0.0 0.2 4.3 40.2 15:40 W 26 11.8 19.7 13:35 3.7 6:20 6.6 0.1 0.0 2.4 24.1 13:15 SSW 27 12.6 14.4 15:45 10.6 5:50 5.7 0.0 24.6 1.4 22.5 13:40 SE 28 14.4 16.5 14:50 12.9 1:25 3.9 0.0 11.6 1.8 14.5 3:45 N 29 15.9 21.7 13:55 12.1 5:30 2.8 0.4 0.0 0.6 12.9 13:55 SE 30 15.0 20.0 15:20 11.9 00:00 3.4 0.1 0.0 0.8 9.7 15:50 SE 31 14.2 19.2 14:20 10.9 7:30 4.1 0.1 0.2 1.1 14.5 15:35 SE ------------------------------------------------------------------------------------- 16.5 32.4 12 3.7 26 99.7 44.9 40.0 2.1 40.2 25 SE Max >= 32.0: 2 Max <= 0.0: 0 Min <= 0.0: 0 Min <= -18.0: 0 Max Rain: 24.61 ON 27/10/11 Days of Rain: 5 (> .2 mm) 3 (> 2 mm) 1 (> 20 mm) Heat Base: 18.3 Cool Base: 18.3 Method: Integration