Resums mensuals i anuals

2019: Gen | Feb | Mar | Abr | Mai | Jun | Jul | Ago | Sep | Oct | Nov | Des 
2018: Gen | Feb | Mar | Abr | Mai | Jun | Jul | Ago | Sep | Oct | Nov | Des 
2017: Gen | Feb | Mar | Abr | Mai | Jun | Jul | Ago | Sep | Oct | Nov | Des 
2016: Gen | Feb | Mar | Abr | Mai | Jun | Jul | Ago | Sep | Oct | Nov | Des 
2015: Gen | Feb | Mar | Abr | Mai | Jun | Jul | Ago | Sep | Oct | Nov | Des 
2014: Gen | Feb | Mar | Abr | Mai | Jun | Jul | Ago | Sep | Oct | Nov | Des 
2013: Gen | Feb | Mar | Abr | Mai | Jun | Jul | Ago | Sep | Oct | Nov | Des 
2012: Gen | Feb | Mar | Abr | Mai | Jun | Jul | Ago | Sep | Oct | Nov | Des 
2011: Gen | Feb | Mar | Abr | Mai | Jun | Jul | Ago | Sep | Oct | Nov | Des 
2010: Gen | Feb | Mar | Abr | Mai | Jun | Jul | Ago | Sep | Oct | Nov | Des 

Resum pel 09 2011
MONTHLY CLIMATOLOGICAL SUMMARY for SEP. 2011 NAME: Vantage VUE CITY: Santpedor STATE: Bages ELEV: 325 m LAT: 41 47' 08" N LONG: 1 50' 24" E TEMPERATURE (C), RAIN (mm), WIND SPEED (km/hr) HEAT COOL AVG MEAN DEG DEG WIND DOM DAY TEMP HIGH TIME LOW TIME DAYS DAYS RAIN SPEED HIGH TIME DIR ------------------------------------------------------------------------------------ 1 23.6 31.2 13:40 16.2 4:30 0.3 5.6 0.0 3.5 25.7 14:40 SE 2 23.7 30.3 12:25 16.8 4:50 0.1 5.6 0.0 4.5 27.4 15:25 SSE 3 21.9 27.2 11:00 17.9 6:00 0.0 3.6 0.2 2.4 19.3 14:20 N 4 22.8 29.7 14:15 18.3 5:35 0.0 4.5 0.0 3.7 32.2 16:00 SE 5 22.5 27.4 12:45 19.8 6:05 0.0 4.2 0.0 5.0 32.2 14:40 SSE 6 22.7 29.4 14:55 16.8 5:30 0.1 4.5 0.0 4.0 27.4 10:50 W 7 22.8 32.0 15:30 13.8 5:45 0.8 5.3 0.0 3.5 25.7 12:10 SE 8 24.1 32.5 14:35 17.8 5:10 0.0 5.8 0.0 3.2 25.7 15:50 SE 9 24.0 32.5 14:30 17.4 5:40 0.1 5.8 0.0 4.2 27.4 15:25 SSE 10 23.9 31.9 13:30 17.9 5:25 0.0 5.6 0.0 3.7 25.7 13:35 SE 11 23.6 31.7 13:05 15.0 5:55 0.4 5.7 0.0 2.7 25.7 15:00 W 12 23.1 30.0 13:40 16.7 5:15 0.1 5.0 0.0 3.1 22.5 14:45 SE 13 23.9 31.3 13:15 17.2 4:45 0.1 5.7 0.0 4.0 29.0 14:50 SE 14 23.9 31.7 14:40 18.3 6:10 0.0 5.6 0.0 3.9 30.6 15:40 SE 15 23.2 31.3 12:35 16.7 6:00 0.2 5.1 0.0 4.2 32.2 13:15 SE 16 23.1 31.5 13:30 16.2 5:25 0.3 5.1 0.0 3.9 29.0 13:35 SSE 17 22.5 29.2 12:40 15.8 5:50 0.3 4.5 0.0 3.9 27.4 14:05 SE 18 19.0 21.1 0:10 11.1 23:20 0.8 1.5 0.0 4.5 30.6 8:15 W 19 16.3 25.6 15:15 7.8 4:45 3.7 1.7 0.0 3.4 25.7 12:55 N 20 18.2 27.1 14:55 10.4 5:25 2.3 2.1 0.0 3.5 25.7 16:20 SE 21 19.9 29.2 15:15 12.1 5:25 1.6 3.2 0.0 2.6 25.7 16:30 SE 22 21.2 28.8 15:10 14.8 5:05 0.9 3.8 0.0 2.7 20.9 13:40 SE 23 20.7 28.5 13:20 13.9 5:20 0.9 3.2 0.0 3.5 25.7 14:35 SE 24 18.7 22.7 13:35 15.6 23:25 0.7 1.1 7.6 2.3 20.9 14:20 SE 25 18.9 27.2 14:15 12.3 5:40 1.7 2.4 0.0 2.6 24.1 15:25 SSE 26 20.3 29.6 15:10 13.0 5:45 1.2 3.3 0.0 1.9 24.1 15:40 SSE 27 20.9 29.7 14:20 13.6 6:00 1.1 3.7 0.0 1.9 24.1 15:50 SSE 28 20.2 28.3 14:05 12.9 5:40 1.4 3.3 0.0 2.4 24.1 15:40 SE 29 19.4 28.2 12:35 11.4 5:50 2.0 3.0 0.0 2.3 20.9 13:15 SE 30 18.3 26.6 14:30 10.3 6:20 2.3 2.3 0.0 2.3 20.9 15:50 SE ------------------------------------------------------------------------------------- 21.6 32.5 8 7.8 19 23.2 121.6 7.8 3.3 32.2 4 SE Max >= 32.0: 3 Max <= 0.0: 0 Min <= 0.0: 0 Min <= -18.0: 0 Max Rain: 7.59 ON 24/09/11 Days of Rain: 2 (> .2 mm) 1 (> 2 mm) 0 (> 20 mm) Heat Base: 18.3 Cool Base: 18.3 Method: Integration