Resums mensuals i anuals

2019: Gen | Feb | Mar | Abr | Mai | Jun | Jul | Ago | Sep | Oct | Nov | Des 
2018: Gen | Feb | Mar | Abr | Mai | Jun | Jul | Ago | Sep | Oct | Nov | Des 
2017: Gen | Feb | Mar | Abr | Mai | Jun | Jul | Ago | Sep | Oct | Nov | Des 
2016: Gen | Feb | Mar | Abr | Mai | Jun | Jul | Ago | Sep | Oct | Nov | Des 
2015: Gen | Feb | Mar | Abr | Mai | Jun | Jul | Ago | Sep | Oct | Nov | Des 
2014: Gen | Feb | Mar | Abr | Mai | Jun | Jul | Ago | Sep | Oct | Nov | Des 
2013: Gen | Feb | Mar | Abr | Mai | Jun | Jul | Ago | Sep | Oct | Nov | Des 
2012: Gen | Feb | Mar | Abr | Mai | Jun | Jul | Ago | Sep | Oct | Nov | Des 
2011: Gen | Feb | Mar | Abr | Mai | Jun | Jul | Ago | Sep | Oct | Nov | Des 
2010: Gen | Feb | Mar | Abr | Mai | Jun | Jul | Ago | Sep | Oct | Nov | Des 

Resum pel 08 2011
MONTHLY CLIMATOLOGICAL SUMMARY for AUG. 2011 NAME: Vantage VUE CITY: Santpedor STATE: Bages ELEV: 325 m LAT: 41 47' 08" N LONG: 1 50' 24" E TEMPERATURE (C), RAIN (mm), WIND SPEED (km/hr) HEAT COOL AVG MEAN DEG DEG WIND DOM DAY TEMP HIGH TIME LOW TIME DAYS DAYS RAIN SPEED HIGH TIME DIR ------------------------------------------------------------------------------------ 1 22.8 28.6 14:45 17.8 4:35 0.0 4.6 0.0 3.7 25.7 14:50 SE 2 23.7 30.7 13:05 17.5 4:50 0.0 5.5 0.0 3.5 27.4 13:25 SE 3 23.0 31.1 13:40 15.9 4:10 0.2 4.9 0.0 4.3 30.6 14:25 SE 4 24.6 32.8 12:35 17.3 5:25 0.1 6.3 0.0 4.2 30.6 16:35 SE 5 24.5 31.0 12:55 18.6 5:15 0.0 6.2 0.0 3.9 25.7 13:40 SE 6 24.7 30.9 13:55 19.7 3:40 0.0 6.4 0.0 4.0 27.4 15:25 SE 7 23.5 28.6 14:00 19.7 00:00 0.0 5.2 0.0 4.8 32.2 15:30 SSW 8 22.3 30.1 14:35 18.0 2:30 0.0 4.0 0.0 5.5 33.8 15:35 SE 9 20.9 27.9 15:05 14.9 5:20 0.6 3.1 0.0 3.9 24.1 15:30 SSE 10 21.1 29.6 13:50 13.7 5:15 0.9 3.7 0.0 4.0 30.6 16:10 SE 11 22.9 30.5 13:10 16.2 5:10 0.3 4.9 0.0 4.2 29.0 15:50 SE 12 23.8 31.7 14:10 16.8 5:35 0.1 5.7 0.0 4.2 29.0 15:10 SSE 13 24.9 32.1 13:40 17.8 4:00 0.0 6.6 0.0 3.5 27.4 14:30 SE 14 25.3 32.0 12:15 19.4 5:00 0.0 7.0 0.0 4.5 27.4 14:10 SE 15 25.3 32.0 12:40 19.3 5:25 0.0 7.0 0.0 4.5 27.4 13:45 SE 16 25.0 32.7 13:05 17.7 5:10 0.0 6.7 0.0 3.9 27.4 15:15 SE 17 25.2 33.1 14:10 17.5 5:05 0.0 7.0 0.0 4.0 29.0 15:15 SE 18 25.2 33.4 13:30 17.9 4:45 0.0 6.9 0.0 3.7 24.1 14:25 SE 19 26.6 35.6 13:30 18.1 5:25 0.0 8.2 0.0 3.7 25.7 16:30 SE 20 27.0 36.9 13:25 18.4 5:15 0.0 8.7 0.0 4.0 29.0 15:05 SE 21 26.7 36.6 13:10 17.3 5:50 0.1 8.4 0.0 3.7 29.0 14:30 SE 22 25.8 36.2 13:00 16.7 5:25 0.1 7.6 0.0 2.9 22.5 13:25 SE 23 25.1 34.3 12:50 16.4 5:25 0.1 7.0 0.0 3.5 27.4 16:00 SSE 24 25.8 31.8 14:50 20.3 5:10 0.0 7.5 0.0 4.2 25.7 16:55 SE 25 25.8 32.7 14:20 21.0 4:40 0.0 7.5 0.0 4.2 29.0 14:20 SE 26 24.3 32.0 13:00 18.4 23:00 0.0 6.0 0.0 4.8 40.2 17:00 W 27 21.2 27.7 16:45 13.8 5:35 0.5 3.3 0.0 4.5 25.7 11:45 W 28 22.1 29.2 13:10 15.9 3:20 0.4 4.2 0.0 3.7 29.0 15:45 SE 29 23.2 30.3 14:35 16.7 5:25 0.2 5.1 0.0 4.5 33.8 15:35 SE 30 23.8 30.2 14:05 17.7 5:20 0.0 5.5 0.0 4.3 25.7 13:00 SSE 31 22.5 28.9 13:00 18.2 4:50 0.0 4.2 0.0 3.4 25.7 16:40 SE ------------------------------------------------------------------------------------- 24.1 36.9 20 13.7 10 3.7 184.9 0.0 4.1 40.2 26 SE Max >= 32.0: 14 Max <= 0.0: 0 Min <= 0.0: 0 Min <= -18.0: 0 Max Rain: 0.00 ON 01/08/11 Days of Rain: 0 (> .2 mm) 0 (> 2 mm) 0 (> 20 mm) Heat Base: 18.3 Cool Base: 18.3 Method: Integration