Resums mensuals i anuals

2019: Gen | Feb | Mar | Abr | Mai | Jun | Jul | Ago | Sep | Oct | Nov | Des 
2018: Gen | Feb | Mar | Abr | Mai | Jun | Jul | Ago | Sep | Oct | Nov | Des 
2017: Gen | Feb | Mar | Abr | Mai | Jun | Jul | Ago | Sep | Oct | Nov | Des 
2016: Gen | Feb | Mar | Abr | Mai | Jun | Jul | Ago | Sep | Oct | Nov | Des 
2015: Gen | Feb | Mar | Abr | Mai | Jun | Jul | Ago | Sep | Oct | Nov | Des 
2014: Gen | Feb | Mar | Abr | Mai | Jun | Jul | Ago | Sep | Oct | Nov | Des 
2013: Gen | Feb | Mar | Abr | Mai | Jun | Jul | Ago | Sep | Oct | Nov | Des 
2012: Gen | Feb | Mar | Abr | Mai | Jun | Jul | Ago | Sep | Oct | Nov | Des 
2011: Gen | Feb | Mar | Abr | Mai | Jun | Jul | Ago | Sep | Oct | Nov | Des 
2010: Gen | Feb | Mar | Abr | Mai | Jun | Jul | Ago | Sep | Oct | Nov | Des 

Resum pel 07 2011
MONTHLY CLIMATOLOGICAL SUMMARY for JUL. 2011 NAME: Vantage VUE CITY: Santpedor STATE: Bages ELEV: 325 m LAT: 41 47' 08" N LONG: 1 50' 24" E TEMPERATURE (C), RAIN (mm), WIND SPEED (km/hr) HEAT COOL AVG MEAN DEG DEG WIND DOM DAY TEMP HIGH TIME LOW TIME DAYS DAYS RAIN SPEED HIGH TIME DIR ------------------------------------------------------------------------------------ 1 23.3 30.8 13:45 15.8 4:40 0.3 5.3 0.0 4.5 29.0 15:40 SE 2 24.0 30.8 14:30 18.7 5:00 0.0 5.7 0.0 5.0 29.0 14:30 SE 3 23.1 29.6 13:40 19.3 3:35 0.0 4.8 1.2 4.0 22.5 6:45 SE 4 21.1 25.1 11:10 17.6 00:00 0.0 2.8 2.0 2.7 40.2 14:55 NNW 5 23.9 33.4 15:45 15.6 4:35 0.5 6.1 0.0 3.2 24.1 17:15 SE 6 24.1 30.8 13:30 17.6 4:35 0.0 5.8 0.0 5.1 30.6 15:25 SE 7 24.5 32.9 15:20 17.4 4:35 0.0 6.3 0.0 3.9 25.7 15:10 SE 8 24.6 30.9 15:40 19.5 23:45 0.0 6.3 0.0 4.2 25.7 11:00 W 9 24.2 31.2 13:45 15.9 4:25 0.3 6.1 0.0 4.7 32.2 15:40 SE 10 24.6 30.8 15:00 16.7 4:45 0.1 6.3 0.0 4.3 27.4 12:25 SSW 11 25.2 32.9 15:40 17.1 3:35 0.1 7.0 0.0 3.9 27.4 17:10 SSW 12 22.9 27.9 16:00 17.6 4:35 0.0 4.7 1.6 3.4 30.6 23:05 SE 13 21.2 28.4 15:35 16.5 6:05 0.2 3.2 3.4 4.3 27.4 1:00 W 14 20.6 26.4 12:45 16.2 4:35 0.3 2.5 0.0 5.1 32.2 15:50 SE 15 23.2 30.0 14:05 17.6 3:25 0.1 4.9 0.0 4.5 33.8 13:30 SE 16 23.2 29.3 12:15 17.6 4:15 0.1 4.9 0.0 5.6 33.8 13:30 SE 17 22.5 30.0 12:55 18.1 23:15 0.0 4.2 0.0 6.1 43.5 13:10 SSE 18 20.8 27.1 14:55 16.1 4:05 0.3 2.8 0.0 6.6 32.2 16:20 W 19 21.4 27.8 15:20 17.0 00:00 0.1 3.3 0.8 7.6 43.5 16:25 W 20 19.6 27.2 13:45 11.9 4:55 1.2 2.6 0.0 5.1 27.4 15:00 SE 21 21.7 29.3 12:50 16.7 1:15 0.3 3.8 0.0 5.8 32.2 15:35 SE 22 19.4 25.3 18:05 15.2 6:45 0.5 1.6 0.8 3.4 22.5 18:45 SE 23 20.9 27.1 15:50 14.2 4:50 0.6 3.2 0.0 4.7 27.4 11:20 W 24 19.7 26.0 13:35 14.4 4:35 0.7 2.1 0.0 5.1 30.6 14:40 SE 25 22.3 28.9 13:30 14.8 5:15 0.5 4.5 0.0 3.4 25.7 11:50 SE 26 21.9 29.8 15:25 16.4 5:05 0.2 3.8 14.4 3.5 30.6 18:20 SE 27 21.3 26.8 12:55 17.6 5:10 0.1 3.1 0.2 4.0 25.7 16:20 SE 28 22.9 29.6 14:10 17.9 5:55 0.0 4.6 0.0 4.7 29.0 14:20 SE 29 22.4 27.4 13:05 18.4 0:35 0.0 4.2 0.0 5.0 29.0 13:45 SE 30 21.3 28.6 12:15 17.9 23:55 0.0 3.1 20.6 2.9 25.7 13:00 SE 31 22.2 27.8 15:20 17.5 3:25 0.2 4.0 0.2 4.2 30.6 15:40 SE ------------------------------------------------------------------------------------- 22.4 33.4 5 11.9 20 6.6 133.5 45.2 4.5 43.5 17 SE Max >= 32.0: 3 Max <= 0.0: 0 Min <= 0.0: 0 Min <= -18.0: 0 Max Rain: 20.60 ON 30/07/11 Days of Rain: 10 (> .2 mm) 4 (> 2 mm) 1 (> 20 mm) Heat Base: 18.3 Cool Base: 18.3 Method: Integration